CRAN Package Check Results for Package covid19india

Last updated on 2021-12-07 05:55:01 CET.

Flavor Version Tinstall Tcheck Ttotal Status Flags
r-devel-linux-x86_64-debian-clang 0.1.4 16.51 137.53 154.04 OK
r-devel-linux-x86_64-debian-gcc 0.1.4 12.07 104.96 117.03 OK
r-devel-linux-x86_64-fedora-clang 0.1.4 192.03 NOTE
r-devel-linux-x86_64-fedora-gcc 0.1.4 172.48 NOTE
r-devel-windows-x86_64-new-UL 0.1.4 18.00 173.00 191.00 OK
r-devel-windows-x86_64-new-TK 0.1.4 NOTE
r-devel-windows-x86_64-old 0.1.4 27.00 159.00 186.00 OK
r-patched-linux-x86_64 0.1.4 14.79 130.13 144.92 OK
r-release-linux-x86_64 0.1.4 13.34 128.96 142.30 OK
r-release-macos-arm64 0.1.4 NOTE
r-release-macos-x86_64 0.1.4 NOTE
r-release-windows-ix86+x86_64 0.1.4 41.00 137.00 178.00 OK
r-oldrel-macos-x86_64 0.1.4 NOTE
r-oldrel-windows-ix86+x86_64 0.1.4 40.00 157.00 197.00 OK

Check Details

Version: 0.1.4
Check: dependencies in R code
Result: NOTE
    Namespaces in Imports field not imported from:
     ‘httr’ ‘stringr’
     All declared Imports should be used.
Flavors: r-devel-linux-x86_64-fedora-clang, r-devel-linux-x86_64-fedora-gcc, r-devel-windows-x86_64-new-TK, r-release-macos-arm64, r-release-macos-x86_64, r-oldrel-macos-x86_64