CRAN Package Check Results for Package cranly

Last updated on 2019-05-25 05:46:38 CEST.

Flavor Version Tinstall Tcheck Ttotal Status Flags
r-devel-linux-x86_64-debian-clang 0.3 5.26 414.30 419.56 OK
r-devel-linux-x86_64-debian-gcc 0.3 4.28 320.33 324.61 OK
r-devel-linux-x86_64-fedora-clang 0.3 200.70 NOTE
r-devel-linux-x86_64-fedora-gcc 0.3 193.01 OK
r-devel-windows-ix86+x86_64 0.3 13.00 432.00 445.00 NOTE
r-patched-linux-x86_64 0.3 OK
r-patched-solaris-x86 0.3 521.30 WARN
r-release-linux-x86_64 0.3 4.86 406.82 411.68 OK
r-release-windows-ix86+x86_64 0.3 21.00 561.00 582.00 NOTE
r-release-osx-x86_64 0.3 WARN
r-oldrel-windows-ix86+x86_64 0.3 16.00 425.00 441.00 NOTE
r-oldrel-osx-x86_64 0.3 WARN

Check Details

Version: 0.3
Check: installed package size
Result: NOTE
     installed size is 6.6Mb
     sub-directories of 1Mb or more:
     doc 6.4Mb
Flavors: r-devel-linux-x86_64-fedora-clang, r-devel-windows-ix86+x86_64, r-patched-solaris-x86, r-release-windows-ix86+x86_64, r-release-osx-x86_64, r-oldrel-windows-ix86+x86_64, r-oldrel-osx-x86_64

Version: 0.3
Check: re-building of vignette outputs
Result: WARN
    Error(s) in re-building vignettes:
     ...
    --- re-building ‘cranly.Rmd’ using rmarkdown
    Warning in engine$weave(file, quiet = quiet, encoding = enc) :
     Pandoc (>= 1.12.3) and/or pandoc-citeproc not available. Falling back to R Markdown v1.
    Quitting from lines 77-78 (cranly.Rmd)
    Error: processing vignette 'cranly.Rmd' failed with diagnostics:
    there is no package called 'webshot'
    --- failed re-building ‘cranly.Rmd’
    
    --- re-building ‘dependence_trees.Rmd’ using rmarkdown
    Warning in engine$weave(file, quiet = quiet, encoding = enc) :
     Pandoc (>= 1.12.3) and/or pandoc-citeproc not available. Falling back to R Markdown v1.
    Quitting from lines 35-38 (dependence_trees.Rmd)
    Error: processing vignette 'dependence_trees.Rmd' failed with diagnostics:
    cannot read from connection
    --- failed re-building ‘dependence_trees.Rmd’
    
    --- re-building ‘glms.Rmd’ using rmarkdown
    Warning in engine$weave(file, quiet = quiet, encoding = enc) :
     Pandoc (>= 1.12.3) and/or pandoc-citeproc not available. Falling back to R Markdown v1.
    Quitting from lines 48-49 (glms.Rmd)
    Error: processing vignette 'glms.Rmd' failed with diagnostics:
    there is no package called 'webshot'
    --- failed re-building ‘glms.Rmd’
    
    SUMMARY: processing the following files failed:
     ‘cranly.Rmd’ ‘dependence_trees.Rmd’ ‘glms.Rmd’
    
    Error: Vignette re-building failed.
    Execution halted
Flavor: r-patched-solaris-x86

Version: 0.3
Check: re-building of vignette outputs
Result: WARN
    Error(s) in re-building vignettes:
    --- re-building ‘cranly.Rmd’ using rmarkdown
    Warning in engine$weave(file, quiet = quiet, encoding = enc) :
     Pandoc (>= 1.12.3) and/or pandoc-citeproc not available. Falling back to R Markdown v1.
    Quitting from lines 77-78 (cranly.Rmd)
    Error: processing vignette 'cranly.Rmd' failed with diagnostics:
    cannot open the connection
    --- failed re-building ‘cranly.Rmd’
    
    --- re-building ‘dependence_trees.Rmd’ using rmarkdown
    Warning in engine$weave(file, quiet = quiet, encoding = enc) :
     Pandoc (>= 1.12.3) and/or pandoc-citeproc not available. Falling back to R Markdown v1.
    Quitting from lines 52-54 (dependence_trees.Rmd)
    Error: processing vignette 'dependence_trees.Rmd' failed with diagnostics:
    cannot open the connection
    --- failed re-building ‘dependence_trees.Rmd’
    
    --- re-building ‘glms.Rmd’ using rmarkdown
    Warning in engine$weave(file, quiet = quiet, encoding = enc) :
     Pandoc (>= 1.12.3) and/or pandoc-citeproc not available. Falling back to R Markdown v1.
    Quitting from lines 48-49 (glms.Rmd)
    Error: processing vignette 'glms.Rmd' failed with diagnostics:
    cannot open the connection
    --- failed re-building ‘glms.Rmd’
    
    SUMMARY: processing the following files failed:
     ‘cranly.Rmd’ ‘dependence_trees.Rmd’ ‘glms.Rmd’
    
    Error: Vignette re-building failed.
    Execution halted
Flavor: r-release-osx-x86_64

Version: 0.3
Check: re-building of vignette outputs
Result: WARN
    Error in re-building vignettes:
     ...
    Warning in engine$weave(file, quiet = quiet, encoding = enc) :
     Pandoc (>= 1.12.3) and/or pandoc-citeproc not available. Falling back to R Markdown v1.
    Quitting from lines 77-78 (cranly.Rmd)
    Error: processing vignette 'cranly.Rmd' failed with diagnostics:
    cannot open the connection
    Execution halted
Flavor: r-oldrel-osx-x86_64