CRAN Package Check Results for Package cranly

Last updated on 2019-08-25 05:46:45 CEST.

Flavor Version Tinstall Tcheck Ttotal Status Flags
r-devel-linux-x86_64-debian-clang 0.5.3 6.53 628.03 634.56 OK
r-devel-linux-x86_64-debian-gcc 0.5.3 5.66 488.95 494.61 OK
r-devel-linux-x86_64-fedora-clang 0.5.3 283.22 NOTE
r-devel-linux-x86_64-fedora-gcc 0.5.3 670.55 OK
r-devel-windows-ix86+x86_64 0.5.3 17.00 655.00 672.00 NOTE
r-patched-linux-x86_64 0.5.3 5.76 603.01 608.77 OK
r-patched-solaris-x86 0.5.3 1053.30 WARN
r-release-linux-x86_64 0.5.3 6.01 617.39 623.40 OK
r-release-windows-ix86+x86_64 0.5.3 28.00 864.00 892.00 NOTE
r-release-osx-x86_64 0.5.3 WARN
r-oldrel-windows-ix86+x86_64 0.5.3 14.00 815.00 829.00 NOTE
r-oldrel-osx-x86_64 0.5.3 WARN

Check Details

Version: 0.5.3
Check: installed package size
Result: NOTE
     installed size is 8.2Mb
     sub-directories of 1Mb or more:
     doc 7.9Mb
Flavors: r-devel-linux-x86_64-fedora-clang, r-devel-windows-ix86+x86_64, r-patched-solaris-x86, r-release-windows-ix86+x86_64, r-release-osx-x86_64, r-oldrel-windows-ix86+x86_64, r-oldrel-osx-x86_64

Version: 0.5.3
Check: re-building of vignette outputs
Result: WARN
    Error(s) in re-building vignettes:
     ...
    --- re-building ‘cranly.Rmd’ using rmarkdown
    Warning in engine$weave(file, quiet = quiet, encoding = enc) :
     Pandoc (>= 1.12.3) and/or pandoc-citeproc not available. Falling back to R Markdown v1.
    Quitting from lines 77-78 (cranly.Rmd)
    Error: processing vignette 'cranly.Rmd' failed with diagnostics:
    there is no package called 'webshot'
    --- failed re-building ‘cranly.Rmd’
    
    --- re-building ‘dependence_trees.Rmd’ using rmarkdown
    Warning in engine$weave(file, quiet = quiet, encoding = enc) :
     Pandoc (>= 1.12.3) and/or pandoc-citeproc not available. Falling back to R Markdown v1.
    Quitting from lines 52-54 (dependence_trees.Rmd)
    Error: processing vignette 'dependence_trees.Rmd' failed with diagnostics:
    there is no package called 'webshot'
    --- failed re-building ‘dependence_trees.Rmd’
    
    --- re-building ‘extractors.Rmd’ using rmarkdown
    Warning in engine$weave(file, quiet = quiet, encoding = enc) :
     Pandoc (>= 1.12.3) and/or pandoc-citeproc not available. Falling back to R Markdown v1.
    Warning in wordcloud(words = names(x), freq = x, random.order = random_order, :
     structured could not be fit on page. It will not be plotted.
    Warning in wordcloud(words = names(x), freq = x, random.order = random_order, :
     evaluate could not be fit on page. It will not be plotted.
    Warning in wordcloud(words = names(x), freq = x, random.order = random_order, :
     implemented could not be fit on page. It will not be plotted.
    Warning in wordcloud(words = names(x), freq = x, random.order = random_order, :
     predictors could not be fit on page. It will not be plotted.
    Warning in wordcloud(words = names(x), freq = x, random.order = random_order, :
     wwwr-projectorg could not be fit on page. It will not be plotted.
    Warning in wordcloud(words = names(x), freq = x, random.order = random_order, :
     according could not be fit on page. It will not be plotted.
    Warning in wordcloud(words = names(x), freq = x, random.order = random_order, :
     attributes could not be fit on page. It will not be plotted.
    Warning in wordcloud(words = names(x), freq = x, random.order = random_order, :
     constructing could not be fit on page. It will not be plotted.
    Warning in wordcloud(words = names(x), freq = x, random.order = random_order, :
     grouping could not be fit on page. It will not be plotted.
    Warning in wordcloud(words = names(x), freq = x, random.order = random_order, :
     institution could not be fit on page. It will not be plotted.
    Warning in wordcloud(words = names(x), freq = x, random.order = random_order, :
     leaflet could not be fit on page. It will not be plotted.
    Warning in wordcloud(words = names(x), freq = x, random.order = random_order, :
     maintaining could not be fit on page. It will not be plotted.
    Warning in wordcloud(words = names(x), freq = x, random.order = random_order, :
     ones could not be fit on page. It will not be plotted.
    Warning in wordcloud(words = names(x), freq = x, random.order = random_order, :
     particular could not be fit on page. It will not be plotted.
    Warning in wordcloud(words = names(x), freq = x, random.order = random_order, :
     popups could not be fit on page. It will not be plotted.
    Warning in wordcloud(words = names(x), freq = x, random.order = random_order, :
     providing could not be fit on page. It will not be plotted.
    Warning in wordcloud(words = names(x), freq = x, random.order = random_order, :
     analysed could not be fit on page. It will not be plotted.
    Warning in wordcloud(words = names(x), freq = x, random.order = random_order, :
     competition could not be fit on page. It will not be plotted.
    Warning in wordcloud(words = names(x), freq = x, random.order = random_order, :
     demonstrations could not be fit on page. It will not be plotted.
    Warning in wordcloud(words = names(x), freq = x, random.order = random_order, :
     descriptions could not be fit on page. It will not be plotted.
    Warning in wordcloud(words = names(x), freq = x, random.order = random_order, :
     detailed could not be fit on page. It will not be plotted.
    Warning in wordcloud(words = names(x), freq = x, random.order = random_order, :
     extensible could not be fit on page. It will not be plotted.
    Warning in wordcloud(words = names(x), freq = x, random.order = random_order, :
     functionality could not be fit on page. It will not be plotted.
    Warning in wordcloud(words = names(x), freq = x, random.order = random_order, :
     handling could not be fit on page. It will not be plotted.
    Warning in wordcloud(words = names(x), freq = x, random.order = random_order, :
     infrastructure could not be fit on page. It will not be plotted.
    Warning in wordcloud(words = names(x), freq = x, random.order = random_order, :
     maintained could not be fit on page. It will not be plotted.
    Warning in wordcloud(words = names(x), freq = x, random.order = random_order, :
     organise could not be fit on page. It will not be plotted.
    Warning in wordcloud(words = names(x), freq = x, random.order = random_order, :
     real-data could not be fit on page. It will not be plotted.
    Warning in wordcloud(words = names(x), freq = x, random.order = random_order, :
     session-based could not be fit on page. It will not be plotted.
    Warning in wordcloud(words = names(x), freq = x, random.order = random_order, :
     summarised could not be fit on page. It will not be plotted.
    Warning in wordcloud(words = names(x), freq = x, random.order = random_order, :
     trackerdata could not be fit on page. It will not be plotted.
    Warning in wordcloud(words = names(x), freq = x, random.order = random_order, :
     unit-aware could not be fit on page. It will not be plotted.
    Warning in wordcloud(words = names(x), freq = x, random.order = random_order, :
     vignettes could not be fit on page. It will not be plotted.
    Warning in wordcloud(words = names(x), freq = x, random.order = random_order, :
     visualised could not be fit on page. It will not be plotted.
    Warning in wordcloud(words = names(x), freq = x, random.order = random_order, :
     within could not be fit on page. It will not be plotted.
    Warning in wordcloud(words = names(x), freq = x, random.order = random_order, :
     workout could not be fit on page. It will not be plotted.
    Warning in wordcloud(words = names(x), freq = x, random.order = random_order, :
     analysis could not be fit on page. It will not be plotted.
    Warning in wordcloud(words = names(x), freq = x, random.order = random_order, :
     integrated could not be fit on page. It will not be plotted.
    Warning in wordcloud(words = names(x), freq = x, random.order = random_order, :
     packagetracker could not be fit on page. It will not be plotted.
    Warning in wordcloud(words = names(x), freq = x, random.order = random_order, :
     tracker could not be fit on page. It will not be plotted.
    Warning in wordcloud(words = names(x), freq = x, random.order = random_order, :
     workflow could not be fit on page. It will not be plotted.
    Warning in wordcloud(words = names(x), freq = x, random.order = random_order, :
     client-side could not be fit on page. It will not be plotted.
    Warning in wordcloud(words = names(x), freq = x, random.order = random_order, :
     packages could not be fit on page. It will not be plotted.
    Warning in wordcloud(words = names(x), freq = x, random.order = random_order, :
     repositories could not be fit on page. It will not be plotted.
    Warning in wordcloud(words = names(x), freq = x, random.order = random_order, :
     repository could not be fit on page. It will not be plotted.
    Warning in wordcloud(words = names(x), freq = x, random.order = random_order, :
     server-side could not be fit on page. It will not be plotted.
    Warning in wordcloud(words = names(x), freq = x, random.order = random_order, :
     blackboard could not be fit on page. It will not be plotted.
    Warning in wordcloud(words = names(x), freq = x, random.order = random_order, :
     customizable could not be fit on page. It will not be plotted.
    Warning in wordcloud(words = names(x), freq = x, random.order = random_order, :
     elements could not be fit on page. It will not be plotted.
    Warning in wordcloud(words = names(x), freq = x, random.order = random_order, :
     formats could not be fit on page. It will not be plotted.
    Warning in wordcloud(words = names(x), freq = x, random.order = random_order, :
     multiple-choice could not be fit on page. It will not be plotted.
    Warning in wordcloud(words = names(x), freq = x, random.order = random_order, :
     printed could not be fit on page. It will not be plotted.
    Warning in wordcloud(words = names(x), freq = x, random.order = random_order, :
     scanned could not be fit on page. It will not be plotted.
    Warning in wordcloud(words = names(x), freq = x, random.order = random_order, :
     single-choice could not be fit on page. It will not be plotted.
    Warning in wordcloud(words = names(x), freq = x, random.order = random_order, :
     standalone could not be fit on page. It will not be plotted.
    Warning in wordcloud(words = names(x), freq = x, random.order = random_order, :
     standardized could not be fit on page. It will not be plotted.
    Warning in wordcloud(words = names(x), freq = x, random.order = random_order, :
     community could not be fit on page. It will not be plotted.
    Warning in wordcloud(words = names(x), freq = x, random.order = random_order, :
     estimating could not be fit on page. It will not be plotted.
    Warning in wordcloud(words = names(x), freq = x, random.order = random_order, :
     regimes could not be fit on page. It will not be plotted.
    Warning in wordcloud(words = names(x), freq = x, random.order = random_order, :
     especially could not be fit on page. It will not be plotted.
    Warning in wordcloud(words = names(x), freq = x, random.order = random_order, :
     glms could not be fit on page. It will not be plotted.
    Warning in wordcloud(words = names(x), freq = x, random.order = random_order, :
     heteroskedastic could not be fit on page. It will not be plotted.
    Warning in wordcloud(words = names(x), freq = x, random.order = random_order, :
     techniques could not be fit on page. It will not be plotted.
    Warning in wordcloud(words = names(x), freq = x, random.order = random_order, :
     encompassing could not be fit on page. It will not be plotted.
    Warning in wordcloud(words = names(x), freq = x, random.order = random_order, :
     score could not be fit on page. It will not be plotted.
    Warning in wordcloud(words = names(x), freq = x, random.order = random_order, :
     skew-logistic could not be fit on page. It will not be plotted.
    Warning in wordcloud(words = names(x), freq = x, random.order = random_order, :
     type could not be fit on page. It will not be plotted.
    Warning in wordcloud(words = names(x), freq = x, random.order = random_order, :
     concentration could not be fit on page. It will not be plotted.
    Warning in wordcloud(words = names(x), freq = x, random.order = random_order, :
     curves could not be fit on page. It will not be plotted.
    Warning in wordcloud(words = names(x), freq = x, random.order = random_order, :
     empirical could not be fit on page. It will not be plotted.
    Warning in wordcloud(words = names(x), freq = x, random.order = random_order, :
     inequality could not be fit on page. It will not be plotted.
    Warning in wordcloud(words = names(x), freq = x, random.order = random_order, :
     measures could not be fit on page. It will not be plotted.
    Warning in wordcloud(words = names(x), freq = x, random.order = random_order, :
     poverty could not be fit on page. It will not be plotted.
    Warning in wordcloud(words = names(x), freq = x, random.order = random_order, :
     theoretical could not be fit on page. It will not be plotted.
    Warning in wordcloud(words = names(x), freq = x, random.order = random_order, :
     adjusting could not be fit on page. It will not be plotted.
    Warning in wordcloud(words = names(x), freq = x, random.order = random_order, :
     autoregressive could not be fit on page. It will not be plotted.
    Warning in wordcloud(words = names(x), freq = x, random.order = random_order, :
     correlation could not be fit on page. It will not be plotted.
    Warning in wordcloud(words = names(x), freq = x, random.order = random_order, :
     model-based could not be fit on page. It will not be plotted.
    Warning in wordcloud(words = names(x), freq = x, random.order = random_order, :
     simultaneous could not be fit on page. It will not be plotted.
    Warning in wordcloud(words = names(x), freq = x, random.order = random_order, :
     wagner could not be fit on page. It will not be plotted.
    Warning in wordcloud(words = names(x), freq = x, random.order = random_order, :
     checking could not be fit on page. It will not be plotted.
    Warning in wordcloud(words = names(x), freq = x, random.order = random_order, :
     diagnostic could not be fit on page. It will not be plotted.
    Warning in wordcloud(words = names(x), freq = x, random.order = random_order, :
     furthermore could not be fit on page. It will not be plotted.
    Warning in wordcloud(words = names(x), freq = x, random.order = random_order, :
     generic could not be fit on page. It will not be plotted.
    Warning in wordcloud(words = names(x), freq = x, random.order = random_order, :
     asymptotes could not be fit on page. It will not be plotted.
    Warning in wordcloud(words = names(x), freq = x, random.order = random_order, :
     building could not be fit on page. It will not be plotted.
    Warning in wordcloud(words = names(x), freq = x, random.order = random_order, :
     classes could not be fit on page. It will not be plotted.
    Warning in wordcloud(words = names(x), freq = x, random.order = random_order, :
     comparisons could not be fit on page. It will not be plotted.
    Warning in wordcloud(words = names(x), freq = x, random.order = random_order, :
     datasets could not be fit on page. It will not be plotted.
    Warning in wordcloud(words = names(x), freq = x, random.order = random_order, :
     different could not be fit on page. It will not be plotted.
    Warning in wordcloud(words = names(x), freq = x, random.order = random_order, :
     discrimination could not be fit on page. It will not be plotted.
    Warning in wordcloud(words = names(x), freq = x, random.order = random_order, :
     efficient could not be fit on page. It will not be plotted.
    Warning in wordcloud(words = names(x), freq = x, random.order = random_order, :
     extractor could not be fit on page. It will not be plotted.
    Warning in wordcloud(words = names(x), freq = x, random.order = random_order, :
     guessing could not be fit on page. It will not be plotted.
    Warning in wordcloud(words = names(x), freq = x, random.order = random_order, :
     illustration could not be fit on page. It will not be plotted.
    Warning in wordcloud(words = names(x), freq = x, random.order = random_order, :
     intended could not be fit on page. It will not be plotted.
    Warning in wordcloud(words = names(x), freq = x, random.order = random_order, :
     lightweight could not be fit on page. It will not be plotted.
    Warning in wordcloud(words = names(x), freq = x, random.order = random_order, :
     multinomial could not be fit on page. It will not be plotted.
    Warning in wordcloud(words = names(x), freq = x, random.order = random_order, :
     paired could not be fit on page. It will not be plotted.
    Warning in wordcloud(words = names(x), freq = x, random.order = random_order, :
     parameters could not be fit on page. It will not be plotted.
    Warning in wordcloud(words = names(x), freq = x, random.order = random_order, :
     person could not be fit on page. It will not be plotted.
    Warning in wordcloud(words = names(x), freq = x, random.order = random_order, :
     processing could not be fit on page. It will not be plotted.
    Warning in wordcloud(words = names(x), freq = x, random.order = random_order, :
     psychomix could not be fit on page. It will not be plotted.
    Warning in wordcloud(words = names(x), freq = x, random.order = random_order, :
     psychotree could not be fit on page. It will not be plotted.
    Warning in wordcloud(words = names(x), freq = x, random.order = random_order, :
     threshold could not be fit on page. It will not be plotted.
    Warning in wordcloud(words = names(x), freq = x, random.order = random_order, :
     toolbox could not be fit on page. It will not be plotted.
    Warning in wordcloud(words = names(x), freq = x, random.order = random_order, :
     unified could not be fit on page. It will not be plotted.
    Warning in wordcloud(words = names(x), freq = x, random.order = random_order, :
     upper could not be fit on page. It will not be plotted.
    Warning in wordcloud(words = names(x), freq = x, random.order = random_order, :
     various could not be fit on page. It will not be plotted.
    Warning in wordcloud(words = names(x), freq = x, random.order = random_order, :
     algorithm could not be fit on page. It will not be plotted.
    Warning in wordcloud(words = names(x), freq = x, random.order = random_order, :
     employing could not be fit on page. It will not be plotted.
    Warning in wordcloud(words = names(x), freq = x, random.order = random_order, :
     general could not be fit on page. It will not be plotted.
    Warning in wordcloud(words = names(x), freq = x, random.order = random_order, :
     mob could not be fit on page. It will not be plotted.
    Warning in wordcloud(words = names(x), freq = x, random.order = random_order, :
     mpt could not be fit on page. It will not be plotted.
    Warning in wordcloud(words = names(x), freq = x, random.order = random_order, :
     obtain could not be fit on page. It will not be plotted.
    Warning in wordcloud(words = names(x), freq = x, random.order = random_order, :
     partykit could not be fit on page. It will not be plotted.
    Warning in wordcloud(words = names(x), freq = x, random.order = random_order, :
     accounts could not be fit on page. It will not be plotted.
    Warning in wordcloud(words = names(x), freq = x, random.order = random_order, :
     converted could not be fit on page. It will not be plotted.
    Warning in wordcloud(words = names(x), freq = x, random.order = random_order, :
     international could not be fit on page. It will not be plotted.
    Warning in wordcloud(words = names(x), freq = x, random.order = random_order, :
     national could not be fit on page. It will not be plotted.
    Warning in wordcloud(words = names(x), freq = x, random.order = random_order, :
     parity could not be fit on page. It will not be plotted.
    Warning in wordcloud(words = names(x), freq = x, random.order = random_order, :
     power could not be fit on page. It will not be plotted.
    Warning in wordcloud(words = names(x), freq = x, random.order = random_order, :
     prices could not be fit on page. It will not be plotted.
    Warning in wordcloud(words = names(x), freq = x, random.order = random_order, :
     purchasing could not be fit on page. It will not be plotted.
    Warning in wordcloud(words = names(x), freq = x, random.order = random_order, :
     years could not be fit on page. It will not be plotted.
    Warning in wordcloud(words = names(x), freq = x, random.order = random_order, :
     pwt could not be fit on page. It will not be plotted.
    Warning in wordcloud(words = names(x), freq = x, random.order = random_order, :
     wwwggdcnet could not be fit on page. It will not be plotted.
    Warning in wordcloud(words = names(x), freq = x, random.order = random_order, :
     clustered could not be fit on page. It will not be plotted.
    Warning in wordcloud(words = names(x), freq = x, random.order = random_order, :
     cross-sectional could not be fit on page. It will not be plotted.
    Warning in wordcloud(words = names(x), freq = x, random.order = random_order, :
     estimators could not be fit on page. It will not be plotted.
    Warning in wordcloud(words = names(x), freq = x, random.order = random_order, :
     longitudinal could not be fit on page. It will not be plotted.
    Warning in wordcloud(words = names(x), freq = x, random.order = random_order, :
     model-robust could not be fit on page. It will not be plotted.
    Warning in wordcloud(words = names(x), freq = x, random.order = random_order, :
     panel could not be fit on page. It will not be plotted.
    Warning in wordcloud(words = names(x), freq = x, random.order = random_order, :
     always could not be fit on page. It will not be plotted.
    Warning in wordcloud(words = names(x), freq = x, random.order = random_order, :
     breakpoints could not be fit on page. It will not be plotted.
    Warning in wordcloud(words = names(x), freq = x, random.order = random_order, :
     chow could not be fit on page. It will not be plotted.
    Warning in wordcloud(words = names(x), freq = x, random.order = random_order, :
     confidence could not be fit on page. It will not be plotted.
    Warning in wordcloud(words = names(x), freq = x, random.order = random_order, :
     cusum could not be fit on page. It will not be plotted.
    Warning in wordcloud(words = names(x), freq = x, random.order = random_order, :
     emphasis could not be fit on page. It will not be plotted.
    Warning in wordcloud(words = names(x), freq = x, random.order = random_order, :
     estimated could not be fit on page. It will not be plotted.
    Warning in wordcloud(words = names(x), freq = x, random.order = random_order, :
     estimates could not be fit on page. It will not be plotted.
    Warning in wordcloud(words = names(x), freq = x, random.order = random_order, :
     features could not be fit on page. It will not be plotted.
    Warning in wordcloud(words = names(x), freq = x, random.order = random_order, :
     finally could not be fit on page. It will not be plotted.
    Warning in wordcloud(words = names(x), freq = x, random.order = random_order, :
     given could not be fit on page. It will not be plotted.
    Warning in wordcloud(words = names(x), freq = x, random.order = random_order, :
     includes could not be fit on page. It will not be plotted.
    Warning in wordcloud(words = names(x), freq = x, random.order = random_order, :
     incoming could not be fit on page. It will not be plotted.
    Warning in wordcloud(words = names(x), freq = x, random.order = random_order, :
     intervals could not be fit on page. It will not be plotted.
    Warning in wordcloud(words = names(x), freq = x, random.order = random_order, :
     monitor could not be fit on page. It will not be plotted.
    Warning in wordcloud(words = names(x), freq = x, random.order = random_order, :
     mosum could not be fit on page. It will not be plotted.
    Warning in wordcloud(words = names(x), freq = x, random.order = random_order, :
     moving could not be fit on page. It will not be plotted.
    Warning in wordcloud(words = names(x), freq = x, random.order = random_order, :
     online could not be fit on page. It will not be plotted.
    Warning in wordcloud(words = names(x), freq = x, random.order = random_order, :
     possible could not be fit on page. It will not be plotted.
    Warning in wordcloud(words = names(x), freq = x, random.order = random_order, :
     respectively could not be fit on page. It will not be plotted.
    Warning in wordcloud(words = names(x), freq = x, random.order = random_order, :
     statistics could not be fit on page. It will not be plotted.
    Warning in wordcloud(words = names(x), freq = x, random.order = random_order, :
     strucchange could not be fit on page. It will not be plotted.
    Warning in wordcloud(words = names(x), freq = x, random.order = random_order, :
     together could not be fit on page. It will not be plotted.
    Warning in wordcloud(words = names(x), freq = x, random.order = random_order, :
     visualizing could not be fit on page. It will not be plotted.
    Warning in wordcloud(words = names(x), freq = x, random.order = random_order, :
     aimed could not be fit on page. It will not be plotted.
    Warning in wordcloud(words = names(x), freq = x, random.order = random_order, :
     base could not be fit on page. It will not be plotted.
    Warning in wordcloud(words = names(x), freq = x, random.order = random_order, :
     consistency could not be fit on page. It will not be plotted.
    Warning in wordcloud(words = names(x), freq = x, random.order = random_order, :
     date could not be fit on page. It will not be plotted.
    Warning in wordcloud(words = names(x), freq = x, random.order = random_order, :
     design could not be fit on page. It will not be plotted.
    Warning in wordcloud(words = names(x), freq = x, random.order = random_order, :
     extend could not be fit on page. It will not be plotted.
    Warning in wordcloud(words = names(x), freq = x, random.order = random_order, :
     factors could not be fit on page. It will not be plotted.
    Warning in wordcloud(words = names(x), freq = x, random.order = random_order, :
     generics could not be fit on page. It will not be plotted.
    Warning in wordcloud(words = names(x), freq = x, random.order = random_order, :
     goals could not be fit on page. It will not be plotted.
    Warning in wordcloud(words = names(x), freq = x, random.order = random_order, :
     independence could not be fit on page. It will not be plotted.
    Warning in wordcloud(words = names(x), freq = x, random.order = random_order, :
     index could not be fit on page. It will not be plotted.
    Warning in wordcloud(words = names(x), freq = x, random.order = random_order, :
     indexed could not be fit on page. It will not be plotted.
    Warning in wordcloud(words = names(x), freq = x, random.order = random_order, :
     irregular could not be fit on page. It will not be plotted.
    Warning in wordcloud(words = names(x), freq = x, random.order = random_order, :
     matrices could not be fit on page. It will not be plotted.
    Warning in wordcloud(words = names(x), freq = x, random.order = random_order, :
     numeric could not be fit on page. It will not be plotted.
    Warning in wordcloud(words = names(x), freq = x, random.order = random_order, :
     observations could not be fit on page. It will not be plotted.
    Warning in wordcloud(words = names(x), freq = x, random.order = random_order, :
     ordered could not be fit on page. It will not be plotted.
    Warning in wordcloud(words = names(x), freq = x, random.order = random_order, :
     particular could not be fit on page. It will not be plotted.
    Warning in wordcloud(words = names(x), freq = x, random.order = random_order, :
     particularly could not be fit on page. It will not be plotted.
    Warning in wordcloud(words = names(x), freq = x, random.order = random_order, :
     providing could not be fit on page. It will not be plotted.
    Warning in wordcloud(words = names(x), freq = x, random.order = random_order, :
     totally could not be fit on page. It will not be plotted.
    Warning in wordcloud(words = names(x), freq = x, random.order = random_order, :
     zoo's could not be fit on page. It will not be plotted.
    Warning in wordcloud(words = names(x), freq = x, random.order = random_order, :
     animal's could not be fit on page. It will not be plotted.
    Warning in wordcloud(words = names(x), freq = x, random.order = random_order, :
     calculation could not be fit on page. It will not be plotted.
    Warning in wordcloud(words = names(x), freq = x, random.order = random_order, :
     equivalently could not be fit on page. It will not be plotted.
    Warning in wordcloud(words = names(x), freq = x, random.order = random_order, :
     measurement could not be fit on page. It will not be plotted.
    Warning in wordcloud(words = names(x), freq = x, random.order = random_order, :
     melding could not be fit on page. It will not be plotted.
    Warning in wordcloud(words = names(x), freq = x, random.order = random_order, :
     statement could not be fit on page. It will not be plotted.
    Warning in wordcloud(words = names(x), freq = x, random.order = random_order, :
     uncertainty could not be fit on page. It will not be plotted.
    Warning in wordcloud(words = names(x), freq = x, random.order = random_order, :
     achieved could not be fit on page. It will not be plotted.
    Warning in wordcloud(words = names(x), freq = x, random.order = random_order, :
     analysing could not be fit on page. It will not be plotted.
    Warning in wordcloud(words = names(x), freq = x, random.order = random_order, :
     commonly could not be fit on page. It will not be plotted.
    Warning in wordcloud(words = names(x), freq = x, random.order = random_order, :
     comparison could not be fit on page. It will not be plotted.
    Warning in wordcloud(words = names(x), freq = x, random.order = random_order, :
     comparisons could not be fit on page. It will not be plotted.
    Warning in wordcloud(words = names(x), freq = x, random.order = random_order, :
     complements could not be fit on page. It will not be plotted.
    Warning in wordcloud(words = names(x), freq = x, random.order = random_order, :
     covariates could not be fit on page. It will not be plotted.
    Warning in wordcloud(words = names(x), freq = x, random.order = random_order, :
     existing could not be fit on page. It will not be plotted.
    Warning in wordcloud(words = names(x), freq = x, random.order = random_order, :
     extraction could not be fit on page. It will not be plotted.
    Warning in wordcloud(words = names(x), freq = x, random.order = random_order, :
     potentially could not be fit on page. It will not be plotted.
    Warning in wordcloud(words = names(x), freq = x, random.order = random_order, :
     relatively could not be fit on page. It will not be plotted.
    Warning in wordcloud(words = names(x), freq = x, random.order = random_order, :
     replaces could not be fit on page. It will not be plotted.
    Warning in wordcloud(words = names(x), freq = x, random.order = random_order, :
     reshaping could not be fit on page. It will not be plotted.
    Warning in wordcloud(words = names(x), freq = x, random.order = random_order, :
     scalability could not be fit on page. It will not be plotted.
    Warning in wordcloud(words = names(x), freq = x, random.order = random_order, :
     simulation could not be fit on page. It will not be plotted.
    Warning in wordcloud(words = names(x), freq = x, random.order = random_order, :
     specification could not be fit on page. It will not be plotted.
    Warning in wordcloud(words = names(x), freq = x, random.order = random_order, :
     squares could not be fit on page. It will not be plotted.
    Warning in wordcloud(words = names(x), freq = x, random.order = random_order, :
     strength could not be fit on page. It will not be plotted.
    Warning in wordcloud(words = names(x), freq = x, random.order = random_order, :
     summarisation could not be fit on page. It will not be plotted.
    Warning in wordcloud(words = names(x), freq = x, random.order = random_order, :
     undemanding could not be fit on page. It will not be plotted.
    Warning in wordcloud(words = names(x), freq = x, random.order = random_order, :
     unstructured could not be fit on page. It will not be plotted.
    Warning in wordcloud(words = names(x), freq = x, random.order = random_order, :
     usage could not be fit on page. It will not be plotted.
    Warning in wordcloud(words = names(x), freq = x, random.order = random_order, :
     weighted could not be fit on page. It will not be plotted.
    Warning in wordcloud(words = names(x), freq = x, random.order = random_order, :
     ccaexperiment could not be fit on page. It will not be plotted.
    Warning in wordcloud(words = names(x), freq = x, random.order = random_order, :
     correlation could not be fit on page. It will not be plotted.
    Warning in wordcloud(words = names(x), freq = x, random.order = random_order, :
     gfaexperiment could not be fit on page. It will not be plotted.
    Warning in wordcloud(words = names(x), freq = x, random.order = random_order, :
     ibfa could not be fit on page. It will not be plotted.
    Warning in wordcloud(words = names(x), freq = x, random.order = random_order, :
     initializations could not be fit on page. It will not be plotted.
    Warning in wordcloud(words = names(x), freq = x, random.order = random_order, :
     inter-battery could not be fit on page. It will not be plotted.
    Warning in wordcloud(words = names(x), freq = x, random.order = random_order, :
     learning could not be fit on page. It will not be plotted.
    Warning in wordcloud(words = names(x), freq = x, random.order = random_order, :
     asymmetry could not be fit on page. It will not be plotted.
    Warning in wordcloud(words = names(x), freq = x, random.order = random_order, :
     determine could not be fit on page. It will not be plotted.
    Warning in wordcloud(words = names(x), freq = x, random.order = random_order, :
     distributions could not be fit on page. It will not be plotted.
    Warning in wordcloud(words = names(x), freq = x, random.order = random_order, :
     indices could not be fit on page. It will not be plotted.
    Warning in wordcloud(words = names(x), freq = x, random.order = random_order, :
     mixture could not be fit on page. It will not be plotted.
    Warning in wordcloud(words = names(x), freq = x, random.order = random_order, :
     assign could not be fit on page. It will not be plotted.
    Warning in wordcloud(words = names(x), freq = x, random.order = random_order, :
     classification could not be fit on page. It will not be plotted.
    Warning in wordcloud(words = names(x), freq = x, random.order = random_order, :
     common could not be fit on page. It will not be plotted.
    Warning in wordcloud(words = names(x), freq = x, random.order = random_order, :
     corresponding could not be fit on page. It will not be plotted.
    Warning in wordcloud(words = names(x), freq = x, random.order = random_order, :
     international could not be fit on page. It will not be plotted.
    Warning in wordcloud(words = names(x), freq = x, random.order = random_order, :
     labour could not be fit on page. It will not be plotted.
    Warning in wordcloud(words = names(x), freq = x, random.order = random_order, :
     occupations could not be fit on page. It will not be plotted.
    Warning in wordcloud(words = names(x), freq = x, random.order = random_order, :
     official could not be fit on page. It will not be plotted.
    Warning in wordcloud(words = names(x), freq = x, random.order = random_order, :
     prestige could not be fit on page. It will not be plotted.
    Warning in wordcloud(words = names(x), freq = x, random.order = random_order, :
     allowances could not be fit on page. It will not be plotted.
    Warning in wordcloud(words = names(x), freq = x, random.order = random_order, :
     assessment could not be fit on page. It will not be plotted.
    Warning in wordcloud(words = names(x), freq = x, random.order = random_order, :
     bedca could not be fit on page. It will not be plotted.
    Warning in wordcloud(words = names(x), freq = x, random.order = random_order, :
     ciqual could not be fit on page. It will not be plotted.
    Warning in wordcloud(words = names(x), freq = x, random.order = random_order, :
     compares could not be fit on page. It will not be plotted.
    Warning in wordcloud(words = names(x), freq = x, random.order = random_order, :
     composition could not be fit on page. It will not be plotted.
    Warning in wordcloud(words = names(x), freq = x, random.order = random_order, :
     contributing could not be fit on page. It will not be plotted.
    Warning in wordcloud(words = names(x), freq = x, random.order = random_order, :
     databases could not be fit on page. It will not be plotted.
    Warning in wordcloud(words = names(x), freq = x, random.order = random_order, :
     france could not be fit on page. It will not be plotted.
    Warning in wordcloud(words = names(x), freq = x, random.order = random_order, :
     includes could not be fit on page. It will not be plotted.
    Warning in wordcloud(words = names(x), freq = x, random.order = random_order, :
     levels could not be fit on page. It will not be plotted.
    Warning in wordcloud(words = names(x), freq = x, random.order = random_order, :
     macronutrient could not be fit on page. It will not be plotted.
    Warning in wordcloud(words = names(x), freq = x, random.order = random_order, :
     micronutrients could not be fit on page. It will not be plotted.
    Warning in wordcloud(words = names(x), freq = x, random.order = random_order, :
     number could not be fit on page. It will not be plotted.
    Warning in wordcloud(words = names(x), freq = x, random.order = random_order, :
     nutrientracker could not be fit on page. It will not be plotted.
    Warning in wordcloud(words = names(x), freq = x, random.order = random_order, :
     pie-charts could not be fit on page. It will not be plotted.
    Warning in wordcloud(words = names(x), freq = x, random.order = random_order, :
     plots could not be fit on page. It will not be plotted.
    Warning in wordcloud(words = names(x), freq = x, random.order = random_order, :
     recommended could not be fit on page. It will not be plotted.
    Warning in wordcloud(words = names(x), freq = x, random.order = random_order, :
     showing could not be fit on page. It will not be plotted.
    Warning in wordcloud(words = names(x), freq = x, random.order = random_order, :
     spain could not be fit on page. It will not be plotted.
    Warning in wordcloud(words = names(x), freq = x, random.order = random_order, :
     states could not be fit on page. It will not be plotted.
    Warning in wordcloud(words = names(x), freq = x, random.order = random_order, :
     time could not be fit on page. It will not be plotted.
    Warning in wordcloud(words = names(x), freq = x, random.order = random_order, :
     united could not be fit on page. It will not be plotted.
    Warning in wordcloud(words = names(x), freq = x, random.order = random_order, :
     visualization could not be fit on page. It will not be plotted.
    Warning in wordcloud(words = names(x), freq = x, random.order = random_order, :
     actually could not be fit on page. It will not be plotted.
    Warning in wordcloud(words = names(x), freq = x, random.order = random_order, :
     alternative could not be fit on page. It will not be plotted.
    Warning in wordcloud(words = names(x), freq = x, random.order = random_order, :
     applies could not be fit on page. It will not be plotted.
    Warning in wordcloud(words = names(x), freq = x, random.order = random_order, :
     balasanov could not be fit on page. It will not be plotted.
    Warning in wordcloud(words = names(x), freq = x, random.order = random_order, :
     captures could not be fit on page. It will not be plotted.
    Warning in wordcloud(words = names(x), freq = x, random.order = random_order, :
     fewer could not be fit on page. It will not be plotted.
    Warning in wordcloud(words = names(x), freq = x, random.order = random_order, :
     ilykeicom could not be fit on page. It will not be plotted.
    Warning in wordcloud(words = names(x), freq = x, random.order = random_order, :
     independent could not be fit on page. It will not be plotted.
    Warning in wordcloud(words = names(x), freq = x, random.order = random_order, :
     individual could not be fit on page. It will not be plotted.
    Warning in wordcloud(words = names(x), freq = x, random.order = random_order, :
     just could not be fit on page. It will not be plotted.
    Warning in wordcloud(words = names(x), freq = x, random.order = random_order, :
     known could not be fit on page. It will not be plotted.
    Warning in wordcloud(words = names(x), freq = x, random.order = random_order, :
     majority could not be fit on page. It will not be plotted.
    Warning in wordcloud(words = names(x), freq = x, random.order = random_order, :
     may could not be fit on page. It will not be plotted.
    Warning in wordcloud(words = names(x), freq = x, random.order = random_order, :
     measure could not be fit on page. It will not be plotted.
    Warning in wordcloud(words = names(x), freq = x, random.order = random_order, :
     model's could not be fit on page. It will not be plotted.
    Warning in wordcloud(words = names(x), freq = x, random.order = random_order, :
     optimal could not be fit on page. It will not be plotted.
    Warning in wordcloud(words = names(x), freq = x, random.order = random_order, :
     ordered could not be fit on page. It will not be plotted.
    Warning in wordcloud(words = names(x), freq = x, random.order = random_order, :
     outputs could not be fit on page. It will not be plotted.
    Warning in wordcloud(words = names(x), freq = x, random.order = random_order, :
     performed could not be fit on page. It will not be plotted.
    Warning in wordcloud(words = names(x), freq = x, random.order = random_order, :
     performs could not be fit on page. It will not be plotted.
    Warning in wordcloud(words = names(x), freq = x, random.order = random_order, :
     principal could not be fit on page. It will not be plotted.
    Warning in wordcloud(words = names(x), freq = x, random.order = random_order, :
     r-squared could not be fit on page. It will not be plotted.
    Warning in wordcloud(words = names(x), freq = x, random.order = random_order, :
     references could not be fit on page. It will not be plotted.
    Warning in wordcloud(words = names(x), freq = x, random.order = random_order, :
     solution could not be fit on page. It will not be plotted.
    Warning in wordcloud(words = names(x), freq = x, random.order = random_order, :
     value could not be fit on page. It will not be plotted.
    Warning in wordcloud(words = names(x), freq = x, random.order = random_order, :
     variance could not be fit on page. It will not be plotted.
    Warning in wordcloud(words = names(x), freq = x, random.order = random_order, :
     yuri could not be fit on page. It will not be plotted.
    Warning in wordcloud(words = names(x), freq = x, random.order = random_order, :
     adverse could not be fit on page. It will not be plotted.
    Warning in wordcloud(words = names(x), freq = x, random.order = random_order, :
     associations could not be fit on page. It will not be plotted.
    Warning in wordcloud(words = names(x), freq = x, random.order = random_order, :
     boca could not be fit on page. It will not be plotted.
    Warning in wordcloud(words = names(x), freq = x, random.order = random_order, :
     chapman could not be fit on page. It will not be plotted.
    Warning in wordcloud(words = names(x), freq = x, random.order = random_order, :
     drug could not be fit on page. It will not be plotted.
    Warning in wordcloud(words = names(x), freq = x, random.order = random_order, :
     drugs could not be fit on page. It will not be plotted.
    Warning in wordcloud(words = names(x), freq = x, random.order = random_order, :
     examples could not be fit on page. It will not be plotted.
    Warning in wordcloud(words = names(x), freq = x, random.order = random_order, :
     extensions could not be fit on page. It will not be plotted.
    Warning in wordcloud(words = names(x), freq = x, random.order = random_order, :
     farrington could not be fit on page. It will not be plotted.
    Warning in wordcloud(words = names(x), freq = x, random.order = random_order, :
     ghebremichael could not be fit on page. It will not be plotted.
    Warning in wordcloud(words = names(x), freq = x, random.order = random_order, :
     guide could not be fit on page. It will not be plotted.
    Warning in wordcloud(words = names(x), freq = x, random.order = random_order, :
     investigate could not be fit on page. It will not be plotted.
    Warning in wordcloud(words = names(x), freq = x, random.order = random_order, :
     press could not be fit on page. It will not be plotted.
    Warning in wordcloud(words = names(x), freq = x, random.order = random_order, :
     sccs-studiesinfo could not be fit on page. It will not be plotted.
    Warning in wordcloud(words = names(x), freq = x, random.order = random_order, :
     studies could not be fit on page. It will not be plotted.
    Warning in wordcloud(words = names(x), freq = x, random.order = random_order, :
     time-varying could not be fit on page. It will not be plotted.
    Warning in wordcloud(words = names(x), freq = x, random.order = random_order, :
     vaccines could not be fit on page. It will not be plotted.
    Warning in wordcloud(words = names(x), freq = x, random.order = random_order, :
     weldeselassie could not be fit on page. It will not be plotted.
    Warning in wordcloud(words = names(x), freq = x, random.order = random_order, :
     whitaker could not be fit on page. It will not be plotted.
    Warning in wordcloud(words = names(x), freq = x, random.order = random_order, :
     adaptive could not be fit on page. It will not be plotted.
    Warning in wordcloud(words = names(x), freq = x, random.order = random_order, :
     outcomes could not be fit on page. It will not be plotted.
    Warning in wordcloud(words = names(x), freq = x, random.order = random_order, :
     runs could not be fit on page. It will not be plotted.
    Warning in wordcloud(words = names(x), freq = x, random.order = random_order, :
     seamless could not be fit on page. It will not be plotted.
    Warning in wordcloud(words = names(x), freq = x, random.order = random_order, :
     selection could not be fit on page. It will not be plotted.
    Warning in wordcloud(words = names(x), freq = x, random.order = random_order, :
     simulations could not be fit on page. It will not be plotted.
    Warning in wordcloud(words = names(x), freq = x, random.order = random_order, :
     subpopulation could not be fit on page. It will not be plotted.
    Warning in wordcloud(words = names(x), freq = x, random.order = random_order, :
     treatment could not be fit on page. It will not be plotted.
    Warning in wordcloud(words = names(x), freq = x, random.order = random_order, :
     accessed could not be fit on page. It will not be plotted.
    Warning in wordcloud(words = names(x), freq = x, random.order = random_order, :
     additionally could not be fit on page. It will not be plotted.
    Warning in wordcloud(words = names(x), freq = x, random.order = random_order, :
     contained could not be fit on page. It will not be plotted.
    Warning in wordcloud(words = names(x), freq = x, random.order = random_order, :
     created could not be fit on page. It will not be plotted.
    Warning in wordcloud(words = names(x), freq = x, random.order = random_order, :
     driver could not be fit on page. It will not be plotted.
    Warning in wordcloud(words = names(x), freq = x, random.order = random_order, :
     extracted could not be fit on page. It will not be plotted.
    Warning in wordcloud(words = names(x), freq = x, random.order = random_order, :
     fieldspec could not be fit on page. It will not be plotted.
    Warning in wordcloud(words = names(x), freq = x, random.order = random_order, :
     fieldspec-spectroradiometers could not be fit on page. It will not be plotted.
    Warning in wordcloud(words = names(x), freq = x, random.order = random_order, :
     files could not be fit on page. It will not be plotted.
    Warning in wordcloud(words = names(x), freq = x, random.order = random_order, :
     header could not be fit on page. It will not be plotted.
    Warning in wordcloud(words = names(x), freq = x, random.order = random_order, :
     instruments could not be fit on page. It will not be plotted.
    Warning in wordcloud(words = names(x), freq = x, random.order = random_order, :
     metadata could not be fit on page. It will not be plotted.
    Warning in wordcloud(words = names(x), freq = x, random.order = random_order, :
     portable could not be fit on page. It will not be plotted.
    Warning in wordcloud(words = names(x), freq = x, random.order = random_order, :
     products could not be fit on page. It will not be plotted.
    Warning in wordcloud(words = names(x), freq = x, random.order = random_order, :
     radiance could not be fit on page. It will not be plotted.
    Warning in wordcloud(words = names(x), freq = x, random.order = random_order, :
     raw could not be fit on page. It will not be plotted.
    Warning in wordcloud(words = names(x), freq = x, random.order = random_order, :
     reads could not be fit on page. It will not be plotted.
    Warning in wordcloud(words = names(x), freq = x, random.order = random_order, :
     reflectance could not be fit on page. It will not be plotted.
    Warning in wordcloud(words = names(x), freq = x, random.order = random_order, :
     spectral could not be fit on page. It will not be plotted.
    Warning in wordcloud(words = names(x), freq = x, random.order = random_order, :
     spectrometer could not be fit on page. It will not be plotted.
    Warning in wordcloud(words = names(x), freq = x, random.order = random_order, :
     white could not be fit on page. It will not be plotted.
    Warning in wordcloud(words = names(x), freq = x, random.order = random_order, :
     wwwasdicom could not be fit on page. It will not be plotted.
    Warning in wordcloud(words = names(x), freq = x, random.order = random_order, :
     access could not be fit on page. It will not be plotted.
    Warning in wordcloud(words = names(x), freq = x, random.order = random_order, :
     amazon's could not be fit on page. It will not be plotted.
    Warning in wordcloud(words = names(x), freq = x, random.order = random_order, :
     apis could not be fit on page. It will not be plotted.
    Warning in wordcloud(words = names(x), freq = x, random.order = random_order, :
     awsamazoncom could not be fit on page. It will not be plotted.
    Warning in wordcloud(words = names(x), freq = x, random.order = random_order, :
     boilerplate could not be fit on page. It will not be plotted.
    Warning in wordcloud(words = names(x), freq = x, random.order = random_order, :
     classes could not be fit on page. It will not be plotted.
    Warning in wordcloud(words = names(x), freq = x, random.order = random_order, :
     coding could not be fit on page. It will not be plotted.
    Warning in wordcloud(words = names(x), freq = x, random.order = random_order, :
     complexity could not be fit on page. It will not be plotted.
    Warning in wordcloud(words = names(x), freq = x, random.order = random_order, :
     development could not be fit on page. It will not be plotted.
    Warning in wordcloud(words = names(x), freq = x, random.order = random_order, :
     dynamodb could not be fit on page. It will not be plotted.
    Warning in wordcloud(words = names(x), freq = x, random.order = random_order, :
     helps could not be fit on page. It will not be plotted.
    Warning in wordcloud(words = names(x), freq = x, random.order = random_order, :
     many could not be fit on page. It will not be plotted.
    Warning in wordcloud(words = names(x), freq = x, random.order = random_order, :
     packagerjava could not be fit on page. It will not be plotted.
    Warning in wordcloud(words = names(x), freq = x, random.order = random_order, :
     read could not be fit on page. It will not be plotted.
    Warning in wordcloud(words = names(x), freq = x, random.order = random_order, :
     sdkjava could not be fit on page. It will not be plotted.
    Warning in wordcloud(words = names(x), freq = x, random.order = random_order, :
     software could not be fit on page. It will not be plotted.
    Warning in wordcloud(words = names(x), freq = x, random.order = random_order, :
     web could not be fit on page. It will not be plotted.
    Warning in wordcloud(words = names(x), freq = x, random.order = random_order, :
     website could not be fit on page. It will not be plotted.
    Warning in wordcloud(words = names(x), freq = x, random.order = random_order, :
     adjusted-score could not be fit on page. It will not be plotted.
    Warning in wordcloud(words = names(x), freq = x, random.order = random_order, :
     custom could not be fit on page. It will not be plotted.
    Warning in wordcloud(words = names(x), freq = x, random.order = random_order, :
     essentially could not be fit on page. It will not be plotted.
    Warning in wordcloud(words = names(x), freq = x, random.order = random_order, :
     flexibility could not be fit on page. It will not be plotted.
    Warning in wordcloud(words = names(x), freq = x, random.order = random_order, :
     invariant could not be fit on page. It will not be plotted.
    Warning in wordcloud(words = names(x), freq = x, random.order = random_order, :
     iteratively could not be fit on page. It will not be plotted.
    Warning in wordcloud(words = names(x), freq = x, random.order = random_order, :
     jeffreys could not be fit on page. It will not be plotted.
    Warning in wordcloud(words = names(x), freq = x, random.order = random_order, :
     penalization could not be fit on page. It will not be plotted.
    Warning in wordcloud(words = names(x), freq = x, random.order = random_order, :
     penalized could not be fit on page. It will not be plotted.
    Warning in wordcloud(words = names(x), freq = x, random.order = random_order, :
     procedures could not be fit on page. It will not be plotted.
    Warning in wordcloud(words = names(x), freq = x, random.order = random_order, :
     representations could not be fit on page. It will not be plotted.
    Warning in wordcloud(words = names(x), freq = x, random.order = random_order, :
     specified could not be fit on page. It will not be plotted.
    Warning in wordcloud(words = names(x), freq = x, random.order = random_order, :
     squared could not be fit on page. It will not be plotted.
    Warning in wordcloud(words = names(x), freq = x, random.order = random_order, :
     algorithm could not be fit on page. It will not be plotted.
    Warning in wordcloud(words = names(x), freq = x, random.order = random_order, :
     approaches could not be fit on page. It will not be plotted.
    Warning in wordcloud(words = names(x), freq = x, random.order = random_order, :
     bias-reducing could not be fit on page. It will not be plotted.
    Warning in wordcloud(words = names(x), freq = x, random.order = random_order, :
     bias-reduction could not be fit on page. It will not be plotted.
    Warning in wordcloud(words = names(x), freq = x, random.order = random_order, :
     brglm could not be fit on page. It will not be plotted.
    Warning in wordcloud(words = names(x), freq = x, random.order = random_order, :
     brglmfit could not be fit on page. It will not be plotted.
    Warning in wordcloud(words = names(x), freq = x, random.order = random_order, :
     cordeiro could not be fit on page. It will not be plotted.
    Warning in wordcloud(words = names(x), freq = x, random.order = random_order, :
     detecting could not be fit on page. It will not be plotted.
    Warning in wordcloud(words = names(x), freq = x, random.order = random_order, :
     direct could not be fit on page. It will not be plotted.
    Warning in wordcloud(words = names(x), freq = x, random.order = random_order, :
     estimate could not be fit on page. It will not be plotted.
    Warning in wordcloud(words = names(x), freq = x, random.order = random_order, :
     estimator could not be fit on page. It will not be plotted.
    Warning in wordcloud(words = names(x), freq = x, random.order = random_order, :
     mccullagh could not be fit on page. It will not be plotted.
    Warning in wordcloud(words = names(x), freq = x, random.order = random_order, :
     multinomial could not be fit on page. It will not be plotted.
    Warning in wordcloud(words = names(x), freq = x, random.order = random_order, :
     nominal could not be fit on page. It will not be plotted.
    Warning in wordcloud(words = names(x), freq = x, random.order = random_order, :
     post-fit could not be fit on page. It will not be plotted.
    Warning in wordcloud(words = names(x), freq = x, random.order = random_order, :
     pre-fit could not be fit on page. It will not be plotted.
    Warning in wordcloud(words = names(x), freq = x, random.order = random_order, :
     quasi-complete could not be fit on page. It will not be plotted.
    Warning in wordcloud(words = names(x), freq = x, random.order = random_order, :
     scoring could not be fit on page. It will not be plotted.
    Warning in wordcloud(words = names(x), freq = x, random.order = random_order, :
     solving could not be fit on page. It will not be plotted.
    Warning in wordcloud(words = names(x), freq = x, random.order = random_order, :
     special could not be fit on page. It will not be plotted.
    Warning in wordcloud(words = names(x), freq = x, random.order = random_order, :
     stable could not be fit on page. It will not be plotted.
    Warning in wordcloud(words = names(x), freq = x, random.order = random_order, :
     subtraction could not be fit on page. It will not be plotted.
    Warning in wordcloud(words = names(x), freq = x, random.order = random_order, :
     aston could not be fit on page. It will not be plotted.
    Warning in wordcloud(words = names(x), freq = x, random.order = random_order, :
     covariancex could not be fit on page. It will not be plotted.
    Warning in wordcloud(words = names(x), freq = x, random.order = random_order, :
     davide could not be fit on page. It will not be plotted.
    Warning in wordcloud(words = names(x), freq = x, random.order = random_order, :
     dimensional could not be fit on page. It will not be plotted.
    Warning in wordcloud(words = names(x), freq = x, random.order = random_order, :
     euclidaos could not be fit on page. It will not be plotted.
    Warning in wordcloud(words = names(x), freq = x, random.order = random_order, :
     john could not be fit on page. It will not be plotted.
    Warning in wordcloud(words = names(x), freq = x, random.order = random_order, :
     nonparametric could not be fit on page. It will not be plotted.
    Warning in wordcloud(words = names(x), freq = x, random.order = random_order, :
     operators could not be fit on page. It will not be plotted.
    Warning in wordcloud(words = names(x), freq = x, random.order = random_order, :
     paper could not be fit on page. It will not be plotted.
    Warning in wordcloud(words = names(x), freq = x, random.order = random_order, :
     pigoli could not be fit on page. It will not be plotted.
    Warning in wordcloud(words = names(x), freq = x, random.order = random_order, :
     projecteuclidorg could not be fit on page. It will not be plotted.
    Warning in wordcloud(words = names(x), freq = x, random.order = random_order, :
     samples could not be fit on page. It will not be plotted.
    Warning in wordcloud(words = names(x), freq = x, random.order = random_order, :
     separability could not be fit on page. It will not be plotted.
    Warning in wordcloud(words = names(x), freq = x, random.order = random_order, :
     separable could not be fit on page. It will not be plotted.
    Warning in wordcloud(words = names(x), freq = x, random.order = random_order, :
     shahin could not be fit on page. It will not be plotted.
    Warning in wordcloud(words = names(x), freq = x, random.order = random_order, :
     statist could not be fit on page. It will not be plotted.
    Warning in wordcloud(words = names(x), freq = x, random.order = random_order, :
     structure could not be fit on page. It will not be plotted.
    Warning in wordcloud(words = names(x), freq = x, random.order = random_order, :
     tavakoli could not be fit on page. It will not be plotted.
    Warning in wordcloud(words = names(x), freq = x, random.order = random_order, :
     testing could not be fit on page. It will not be plotted.
    Warning in wordcloud(words = names(x), freq = x, random.order = random_order, :
     analyses could not be fit on page. It will not be plotted.
    Warning in wordcloud(words = names(x), freq = x, random.order = random_order, :
     building could not be fit on page. It will not be plotted.
    Warning in wordcloud(words = names(x), freq = x, random.order = random_order, :
     cleaning could not be fit on page. It will not be plotted.
    Warning in wordcloud(words = names(x), freq = x, random.order = random_order, :
     coerced could not be fit on page. It will not be plotted.
    Warning in wordcloud(words = names(x), freq = x, random.order = random_order, :
     collaboration could not be fit on page. It will not be plotted.
    Warning in wordcloud(words = names(x), freq = x, random.order = random_order, :
     comprehensive could not be fit on page. It will not be plotted.
    Warning in wordcloud(words = names(x), freq = x, random.order = random_order, :
     core could not be fit on page. It will not be plotted.
    Warning in wordcloud(words = names(x), freq = x, random.order = random_order, :
     dependence could not be fit on page. It will not be plotted.
    Warning in wordcloud(words = names(x), freq = x, random.order = random_order, :
     depends could not be fit on page. It will not be plotted.
    Warning in wordcloud(words = names(x), freq = x, random.order = random_order, :
     directives could not be fit on page. It will not be plotted.
    Warning in wordcloud(words = names(x), freq = x, random.order = random_order, :
     enhances could not be fit on page. It will not be plotted.
    Warning in wordcloud(words = names(x), freq = x, random.order = random_order, :
     igraph could not be fit on page. It will not be plotted.
    Warning in wordcloud(words = names(x), freq = x, random.order = random_order, :
     imports could not be fit on page. It will not be plotted.
    Warning in wordcloud(words = names(x), freq = x, random.order = random_order, :
     linking could not be fit on page. It will not be plotted.
    Warning in wordcloud(words = names(x), freq = x, random.order = random_order, :
     organizing could not be fit on page. It will not be plotted.
    Warning in wordcloud(words = names(x), freq = x, random.order = random_order, :
     packageigraph could not be fit on page. It will not be plotted.
    Warning in wordcloud(words = names(x), freq = x, random.order = random_order, :
     suggests could not be fit on page. It will not be plotted.
    Warning in wordcloud(words = names(x), freq = x, random.order = random_order, :
     trees could not be fit on page. It will not be plotted.
    Warning in wordcloud(words = names(x), freq = x, random.order = random_order, :
     addition could not be fit on page. It will not be plotted.
    Warning in wordcloud(words = names(x), freq = x, random.order = random_order, :
     apply could not be fit on page. It will not be plotted.
    Warning in wordcloud(words = names(x), freq = x, random.order = random_order, :
     betareg could not be fit on page. It will not be plotted.
    Warning in wordcloud(words = names(x), freq = x, random.order = random_order, :
     carry could not be fit on page. It will not be plotted.
    Warning in wordcloud(words = names(x), freq = x, random.order = random_order, :
     current could not be fit on page. It will not be plotted.
    Warning in wordcloud(words = names(x), freq = x, random.order = random_order, :
     customizable could not be fit on page. It will not be plotted.
    Warning in wordcloud(words = names(x), freq = x, random.order = random_order, :
     densities could not be fit on page. It will not be plotted.
    Warning in wordcloud(words = names(x), freq = x, random.order = random_order, :
     enriching could not be fit on page. It will not be plotted.
    Warning in wordcloud(words = names(x), freq = x, random.order = random_order, :
     expected could not be fit on page. It will not be plotted.
    Warning in wordcloud(words = names(x), freq = x, random.order = random_order, :
     family could not be fit on page. It will not be plotted.
    Warning in wordcloud(words = names(x), freq = x, random.order = random_order, :
     first-order could not be fit on page. It will not be plotted.
    Warning in wordcloud(words = names(x), freq = x, random.order = random_order, :
     link-glm could not be fit on page. It will not be plotted.
    Warning in wordcloud(words = names(x), freq = x, random.order = random_order, :
     list-like could not be fit on page. It will not be plotted.
    Warning in wordcloud(words = names(x), freq = x, random.order = random_order, :
     matrix could not be fit on page. It will not be plotted.
    Warning in wordcloud(words = names(x), freq = x, random.order = random_order, :
     object-specific could not be fit on page. It will not be plotted.
    Warning in wordcloud(words = names(x), freq = x, random.order = random_order, :
     observed could not be fit on page. It will not be plotted.
    Warning in wordcloud(words = names(x), freq = x, random.order = random_order, :
     preserve could not be fit on page. It will not be plotted.
    Warning in wordcloud(words = names(x), freq = x, random.order = random_order, :
     probabilities could not be fit on page. It will not be plotted.
    Warning in wordcloud(words = names(x), freq = x, random.order = random_order, :
     produce could not be fit on page. It will not be plotted.
    Warning in wordcloud(words = names(x), freq = x, random.order = random_order, :
     quantiles could not be fit on page. It will not be plotted.
    Warning in wordcloud(words = names(x), freq = x, random.order = random_order, :
     results could not be fit on page. It will not be plotted.
    Warning in wordcloud(words = names(x), freq = x, random.order = random_order, :
     simulate could not be fit on page. It will not be plotted.
    Warning in wordcloud(words = names(x), freq = x, random.order = random_order, :
     source could not be fit on page. It will not be plotted.
    Warning in wordcloud(words = names(x), freq = x, random.order = random_order, :
     templates could not be fit on page. It will not be plotted.
    Warning in wordcloud(words = names(x), freq = x, random.order = random_order, :
     usual could not be fit on page. It will not be plotted.
    Warning in wordcloud(words = names(x), freq = x, random.order = random_order, :
     values could not be fit on page. It will not be plotted.
    Warning in wordcloud(words = names(x), freq = x, random.order = random_order, :
     chernoff could not be fit on page. It will not be plotted.
    Warning in wordcloud(words = names(x), freq = x, random.order = random_order, :
     face could not be fit on page. It will not be plotted.
    Warning in wordcloud(words = names(x), freq = x, random.order = random_order, :
     faces could not be fit on page. It will not be plotted.
    Warning in wordcloud(words = names(x), freq = x, random.order = random_order, :
     geom could not be fit on page. It will not be plotted.
    Warning in wordcloud(words = names(x), freq = x, random.order = random_order, :
     ggplot could not be fit on page. It will not be plotted.
    Warning in wordcloud(words = names(x), freq = x, random.order = random_order, :
     human-like could not be fit on page. It will not be plotted.
    Warning in wordcloud(words = names(x), freq = x, random.order = random_order, :
     maps could not be fit on page. It will not be plotted.
    Warning in wordcloud(words = names(x), freq = x, random.order = random_order, :
     allows could not be fit on page. It will not be plotted.
    Warning in wordcloud(words = names(x), freq = x, random.order = random_order, :
     dynamic could not be fit on page. It will not be plotted.
    Warning in wordcloud(words = names(x), freq = x, random.order = random_order, :
     inferred could not be fit on page. It will not be plotted.
    Warning in wordcloud(words = names(x), freq = x, random.order = random_order, :
     inhibitors could not be fit on page. It will not be plotted.
    Warning in wordcloud(words = names(x), freq = x, random.order = random_order, :
     interventions could not be fit on page. It will not be plotted.
    Warning in wordcloud(words = names(x), freq = x, random.order = random_order, :
     microarray could not be fit on page. It will not be plotted.
    Warning in wordcloud(words = names(x), freq = x, random.order = random_order, :
     timecourse could not be fit on page. It will not be plotted.
    Warning in wordcloud(words = names(x), freq = x, random.order = random_order, :
     abs could not be fit on page. It will not be plotted.
    Warning in wordcloud(words = names(x), freq = x, random.order = random_order, :
     component could not be fit on page. It will not be plotted.
    Warning in wordcloud(words = names(x), freq = x, random.order = random_order, :
     equivariance could not be fit on page. It will not be plotted.
    Warning in wordcloud(words = names(x), freq = x, random.order = random_order, :
     modified could not be fit on page. It will not be plotted.
    Warning in wordcloud(words = names(x), freq = x, random.order = random_order, :
     pagui could not be fit on page. It will not be plotted.
    Warning in wordcloud(words = names(x), freq = x, random.order = random_order, :
     problem could not be fit on page. It will not be plotted.
    Warning in wordcloud(words = names(x), freq = x, random.order = random_order, :
     reparameterizations could not be fit on page. It will not be plotted.
    Warning in wordcloud(words = names(x), freq = x, random.order = random_order, :
     respects could not be fit on page. It will not be plotted.
    Warning in wordcloud(words = names(x), freq = x, random.order = random_order, :
     solves could not be fit on page. It will not be plotted.
    Warning in wordcloud(words = names(x), freq = x, random.order = random_order, :
     computation could not be fit on page. It will not be plotted.
    Warning in wordcloud(words = names(x), freq = x, random.order = random_order, :
     effective could not be fit on page. It will not be plotted.
    Warning in wordcloud(words = names(x), freq = x, random.order = random_order, :
     estimations could not be fit on page. It will not be plotted.
    Warning in wordcloud(words = names(x), freq = x, random.order = random_order, :
     estimators could not be fit on page. It will not be plotted.
    Warning in wordcloud(words = names(x), freq = x, random.order = random_order, :
     expectation could not be fit on page. It will not be plotted.
    Warning in wordcloud(words = names(x), freq = x, random.order = random_order, :
     markov could not be fit on page. It will not be plotted.
    Warning in wordcloud(words = names(x), freq = x, random.order = random_order, :
     mcmc could not be fit on page. It will not be plotted.
    Warning in wordcloud(words = names(x), freq = x, random.order = random_order, :
     plotting could not be fit on page. It will not be plotted.
    Warning in wordcloud(words = names(x), freq = x, random.order = random_order, :
     quantile could not be fit on page. It will not be plotted.
    Warning in wordcloud(words = names(x), freq = x, random.order = random_order, :
     settings could not be fit on page. It will not be plotted.
    Warning in wordcloud(words = names(x), freq = x, random.order = random_order, :
     supported could not be fit on page. It will not be plotted.
    Warning in wordcloud(words = names(x), freq = x, random.order = random_order, :
     versus could not be fit on page. It will not be plotted.
    Warning in wordcloud(words = names(x), freq = x, random.order = random_order, :
     academic could not be fit on page. It will not be plotted.
    Warning in wordcloud(words = names(x), freq = x, random.order = random_order, :
     asset could not be fit on page. It will not be plotted.
    Warning in wordcloud(words = names(x), freq = x, random.order = random_order, :
     assets could not be fit on page. It will not be plotted.
    Warning in wordcloud(words = names(x), freq = x, random.order = random_order, :
     conditional could not be fit on page. It will not be plotted.
    Warning in wordcloud(words = names(x), freq = x, random.order = random_order, :
     conducting could not be fit on page. It will not be plotted.
    Warning in wordcloud(words = names(x), freq = x, random.order = random_order, :
     managers could not be fit on page. It will not be plotted.
    Warning in wordcloud(words = names(x), freq = x, random.order = random_order, :
     portfolio could not be fit on page. It will not be plotted.
    Warning in wordcloud(words = names(x), freq = x, random.order = random_order, :
     portfolios could not be fit on page. It will not be plotted.
    Warning in wordcloud(words = names(x), freq = x, random.order = random_order, :
     procedure could not be fit on page. It will not be plotted.
    Warning in wordcloud(words = names(x), freq = x, random.order = random_order, :
     researchers could not be fit on page. It will not be plotted.
    Warning in wordcloud(words = names(x), freq = x, random.order = random_order, :
     sorting could not be fit on page. It will not be plotted.
    Warning in wordcloud(words = names(x), freq = x, random.order = random_order, :
     three could not be fit on page. It will not be plotted.
    Warning in wordcloud(words = names(x), freq = x, random.order = random_order, :
     unconditional could not be fit on page. It will not be plotted.
    Warning in wordcloud(words = names(x), freq = x, random.order = random_order, :
     evaluate could not be fit on page. It will not be plotted.
    Warning in wordcloud(words = names(x), freq = x, random.order = random_order, :
     glmlike could not be fit on page. It will not be plotted.
    Warning in wordcloud(words = names(x), freq = x, random.order = random_order, :
     profiles could not be fit on page. It will not be plotted.
    Warning in wordcloud(words = names(x), freq = x, random.order = random_order, :
     rnews could not be fit on page. It will not be plotted.
    Warning in wordcloud(words = names(x), freq = x, random.order = random_order, :
     rnewspdf could not be fit on page. It will not be plotted.
    Warning in wordcloud(words = names(x), freq = x, random.order = random_order, :
     wwwr-projectorg could not be fit on page. It will not be plotted.
    Warning in wordcloud(words = names(x), freq = x, random.order = random_order, :
     approximation could not be fit on page. It will not be plotted.
    Warning in wordcloud(words = names(x), freq = x, random.order = random_order, :
     measures could not be fit on page. It will not be plotted.
    Warning in wordcloud(words = names(x), freq = x, random.order = random_order, :
     variances could not be fit on page. It will not be plotted.
    Warning in wordcloud(words = names(x), freq = x, random.order = random_order, :
     couple could not be fit on page. It will not be plotted.
    Warning in wordcloud(words = names(x), freq = x, random.order = random_order, :
     facilitate could not be fit on page. It will not be plotted.
    Warning in wordcloud(words = names(x), freq = x, random.order = random_order, :
     widgets could not be fit on page. It will not be plotted.
    Warning in wordcloud(words = names(x), freq = x, random.order = random_order, :
     methodology could not be fit on page. It will not be plotted.
    Warning in wordcloud(words = names(x), freq = x, random.order = random_order, :
     repeated could not be fit on page. It will not be plotted.
    Warning in wordcloud(words = names(x), freq = x, random.order = random_order, :
     attributes could not be fit on page. It will not be plotted.
    Warning in wordcloud(words = names(x), freq = x, random.order = random_order, :
     come could not be fit on page. It will not be plotted.
    Warning in wordcloud(words = names(x), freq = x, random.order = random_order, :
     constructing could not be fit on page. It will not be plotted.
    Warning in wordcloud(words = names(x), freq = x, random.order = random_order, :
     country could not be fit on page. It will not be plotted.
    Warning in wordcloud(words = names(x), freq = x, random.order = random_order, :
     details could not be fit on page. It will not be plotted.
    Warning in wordcloud(words = names(x), freq = x, random.order = random_order, :
     events could not be fit on page. It will not be plotted.
    Warning in wordcloud(words = names(x), freq = x, random.order = random_order, :
     gave could not be fit on page. It will not be plotted.
    Warning in wordcloud(words = names(x), freq = x, random.order = random_order, :
     gives could not be fit on page. It will not be plotted.
    Warning in wordcloud(words = names(x), freq = x, random.order = random_order, :
     grouping could not be fit on page. It will not be plotted.
    Warning in wordcloud(words = names(x), freq = x, random.order = random_order, :
     institution could not be fit on page. It will not be plotted.
    Warning in wordcloud(words = names(x), freq = x, random.order = random_order, :
     leaflet could not be fit on page. It will not be plotted.
    Warning in wordcloud(words = names(x), freq = x, random.order = random_order, :
     links could not be fit on page. It will not be plotted.
    Warning in wordcloud(words = names(x), freq = x, random.order = random_order, :
     maintaining could not be fit on page. It will not be plotted.
    Warning in wordcloud(words = names(x), freq = x, random.order = random_order, :
     mapping could not be fit on page. It will not be plotted.
    Warning in wordcloud(words = names(x), freq = x, random.order = random_order, :
     markers could not be fit on page. It will not be plotted.
    Warning in wordcloud(words = names(x), freq = x, random.order = random_order, :
     materials could not be fit on page. It will not be plotted.
    Warning in wordcloud(words = names(x), freq = x, random.order = random_order, :
     particular could not be fit on page. It will not be plotted.
    Warning in wordcloud(words = names(x), freq = x, random.order = random_order, :
     popups could not be fit on page. It will not be plotted.
    Warning in wordcloud(words = names(x), freq = x, random.order = random_order, :
     year could not be fit on page. It will not be plotted.
    Warning in wordcloud(words = names(x), freq = x, random.order = random_order, :
     analysed could not be fit on page. It will not be plotted.
    Warning in wordcloud(words = names(x), freq = x, random.order = random_order, :
     clean could not be fit on page. It will not be plotted.
    Warning in wordcloud(words = names(x), freq = x, random.order = random_order, :
     competition could not be fit on page. It will not be plotted.
    Warning in wordcloud(words = names(x), freq = x, random.order = random_order, :
     demonstrations could not be fit on page. It will not be plotted.
    Warning in wordcloud(words = names(x), freq = x, random.order = random_order, :
     extensible could not be fit on page. It will not be plotted.
    Warning in wordcloud(words = names(x), freq = x, random.order = random_order, :
     extract could not be fit on page. It will not be plotted.
    Warning in wordcloud(words = names(x), freq = x, random.order = random_order, :
     flexible could not be fit on page. It will not be plotted.
    Warning in wordcloud(words = names(x), freq = x, random.order = random_order, :
     handling could not be fit on page. It will not be plotted.
    Warning in wordcloud(words = names(x), freq = x, random.order = random_order, :
     infrastructure could not be fit on page. It will not be plotted.
    Warning in wordcloud(words = names(x), freq = x, random.order = random_order, :
     maintained could not be fit on page. It will not be plotted.
    Warning in wordcloud(words = names(x), freq = x, random.order = random_order, :
     real-data could not be fit on page. It will not be plotted.
    Warning in wordcloud(words = names(x), freq = x, random.order = random_order, :
     session-based could not be fit on page. It will not be plotted.
    Warning in wordcloud(words = names(x), freq = x, random.order = random_order, :
     summarised could not be fit on page. It will not be plotted.
    Warning in wordcloud(words = names(x), freq = x, random.order = random_order, :
     trackerdata could not be fit on page. It will not be plotted.
    Warning in wordcloud(words = names(x), freq = x, random.order = random_order, :
     unit-aware could not be fit on page. It will not be plotted.
    Warning in wordcloud(words = names(x), freq = x, random.order = random_order, :
     vignettes could not be fit on page. It will not be plotted.
    Warning in wordcloud(words = names(x), freq = x, random.order = random_order, :
     visualised could not be fit on page. It will not be plotted.
    Warning in wordcloud(words = names(x), freq = x, random.order = random_order, :
     within could not be fit on page. It will not be plotted.
    Warning in wordcloud(words = names(x), freq = x, random.order = random_order, :
     workout could not be fit on page. It will not be plotted.
    Warning in wordcloud(words = names(x), freq = x, random.order = random_order, :
     integrated could not be fit on page. It will not be plotted.
    Warning in wordcloud(words = names(x), freq = x, random.order = random_order, :
     packagetracker could not be fit on page. It will not be plotted.
    Warning in wordcloud(words = names(x), freq = x, random.order = random_order, :
     tracker could not be fit on page. It will not be plotted.
    Warning in wordcloud(words = names(x), freq = x, random.order = random_order, :
     workflow could not be fit on page. It will not be plotted.
    --- finished re-building ‘extractors.Rmd’
    
    --- re-building ‘glms.Rmd’ using rmarkdown
    Warning in engine$weave(file, quiet = quiet, encoding = enc) :
     Pandoc (>= 1.12.3) and/or pandoc-citeproc not available. Falling back to R Markdown v1.
    Quitting from lines 48-49 (glms.Rmd)
    Error: processing vignette 'glms.Rmd' failed with diagnostics:
    there is no package called 'webshot'
    --- failed re-building ‘glms.Rmd’
    
    SUMMARY: processing the following files failed:
     ‘cranly.Rmd’ ‘dependence_trees.Rmd’ ‘glms.Rmd’
    
    Error: Vignette re-building failed.
    Execution halted
Flavor: r-patched-solaris-x86

Version: 0.5.3
Check: re-building of vignette outputs
Result: WARN
    Error(s) in re-building vignettes:
    --- re-building ‘cranly.Rmd’ using rmarkdown
    Warning in engine$weave(file, quiet = quiet, encoding = enc) :
     Pandoc (>= 1.12.3) and/or pandoc-citeproc not available. Falling back to R Markdown v1.
    Quitting from lines 77-78 (cranly.Rmd)
    Error: processing vignette 'cranly.Rmd' failed with diagnostics:
    cannot open the connection
    --- failed re-building ‘cranly.Rmd’
    
    --- re-building ‘dependence_trees.Rmd’ using rmarkdown
    Warning in engine$weave(file, quiet = quiet, encoding = enc) :
     Pandoc (>= 1.12.3) and/or pandoc-citeproc not available. Falling back to R Markdown v1.
    Quitting from lines 52-54 (dependence_trees.Rmd)
    Error: processing vignette 'dependence_trees.Rmd' failed with diagnostics:
    cannot open the connection
    --- failed re-building ‘dependence_trees.Rmd’
    
    --- re-building ‘extractors.Rmd’ using rmarkdown
    Warning in engine$weave(file, quiet = quiet, encoding = enc) :
     Pandoc (>= 1.12.3) and/or pandoc-citeproc not available. Falling back to R Markdown v1.
    Warning in wordcloud(words = names(x), freq = x, random.order = random_order, :
     object-specific could not be fit on page. It will not be plotted.
    Warning in wordcloud(words = names(x), freq = x, random.order = random_order, :
     calculate could not be fit on page. It will not be plotted.
    Warning in wordcloud(words = names(x), freq = x, random.order = random_order, :
     implemented could not be fit on page. It will not be plotted.
    Warning in wordcloud(words = names(x), freq = x, random.order = random_order, :
     predictors could not be fit on page. It will not be plotted.
    Warning in wordcloud(words = names(x), freq = x, random.order = random_order, :
     rnewspdf could not be fit on page. It will not be plotted.
    Warning in wordcloud(words = names(x), freq = x, random.order = random_order, :
     wwwr-projectorg could not be fit on page. It will not be plotted.
    Warning in wordcloud(words = names(x), freq = x, random.order = random_order, :
     according could not be fit on page. It will not be plotted.
    Warning in wordcloud(words = names(x), freq = x, random.order = random_order, :
     constructing could not be fit on page. It will not be plotted.
    Warning in wordcloud(words = names(x), freq = x, random.order = random_order, :
     details could not be fit on page. It will not be plotted.
    Warning in wordcloud(words = names(x), freq = x, random.order = random_order, :
     events could not be fit on page. It will not be plotted.
    Warning in wordcloud(words = names(x), freq = x, random.order = random_order, :
     gives could not be fit on page. It will not be plotted.
    Warning in wordcloud(words = names(x), freq = x, random.order = random_order, :
     grouping could not be fit on page. It will not be plotted.
    Warning in wordcloud(words = names(x), freq = x, random.order = random_order, :
     institution could not be fit on page. It will not be plotted.
    Warning in wordcloud(words = names(x), freq = x, random.order = random_order, :
     maintaining could not be fit on page. It will not be plotted.
    Warning in wordcloud(words = names(x), freq = x, random.order = random_order, :
     markers could not be fit on page. It will not be plotted.
    Warning in wordcloud(words = names(x), freq = x, random.order = random_order, :
     materials could not be fit on page. It will not be plotted.
    Warning in wordcloud(words = names(x), freq = x, random.order = random_order, :
     ones could not be fit on page. It will not be plotted.
    Warning in wordcloud(words = names(x), freq = x, random.order = random_order, :
     particular could not be fit on page. It will not be plotted.
    Warning in wordcloud(words = names(x), freq = x, random.order = random_order, :
     popups could not be fit on page. It will not be plotted.
    Warning in wordcloud(words = names(x), freq = x, random.order = random_order, :
     providing could not be fit on page. It will not be plotted.
    Warning in wordcloud(words = names(x), freq = x, random.order = random_order, :
     series could not be fit on page. It will not be plotted.
    Warning in wordcloud(words = names(x), freq = x, random.order = random_order, :
     year could not be fit on page. It will not be plotted.
    Warning in wordcloud(words = names(x), freq = x, random.order = random_order, :
     analysed could not be fit on page. It will not be plotted.
    Warning in wordcloud(words = names(x), freq = x, random.order = random_order, :
     competition could not be fit on page. It will not be plotted.
    Warning in wordcloud(words = names(x), freq = x, random.order = random_order, :
     demonstrations could not be fit on page. It will not be plotted.
    Warning in wordcloud(words = names(x), freq = x, random.order = random_order, :
     descriptions could not be fit on page. It will not be plotted.
    Warning in wordcloud(words = names(x), freq = x, random.order = random_order, :
     extensible could not be fit on page. It will not be plotted.
    Warning in wordcloud(words = names(x), freq = x, random.order = random_order, :
     extract could not be fit on page. It will not be plotted.
    Warning in wordcloud(words = names(x), freq = x, random.order = random_order, :
     flexible could not be fit on page. It will not be plotted.
    Warning in wordcloud(words = names(x), freq = x, random.order = random_order, :
     functionality could not be fit on page. It will not be plotted.
    Warning in wordcloud(words = names(x), freq = x, random.order = random_order, :
     handling could not be fit on page. It will not be plotted.
    Warning in wordcloud(words = names(x), freq = x, random.order = random_order, :
     infrastructure could not be fit on page. It will not be plotted.
    Warning in wordcloud(words = names(x), freq = x, random.order = random_order, :
     maintained could not be fit on page. It will not be plotted.
    Warning in wordcloud(words = names(x), freq = x, random.order = random_order, :
     organise could not be fit on page. It will not be plotted.
    Warning in wordcloud(words = names(x), freq = x, random.order = random_order, :
     real-data could not be fit on page. It will not be plotted.
    Warning in wordcloud(words = names(x), freq = x, random.order = random_order, :
     session-based could not be fit on page. It will not be plotted.
    Warning in wordcloud(words = names(x), freq = x, random.order = random_order, :
     summarised could not be fit on page. It will not be plotted.
    Warning in wordcloud(words = names(x), freq = x, random.order = random_order, :
     trackerdata could not be fit on page. It will not be plotted.
    Warning in wordcloud(words = names(x), freq = x, random.order = random_order, :
     unit-aware could not be fit on page. It will not be plotted.
    Warning in wordcloud(words = names(x), freq = x, random.order = random_order, :
     vignettes could not be fit on page. It will not be plotted.
    Warning in wordcloud(words = names(x), freq = x, random.order = random_order, :
     visualised could not be fit on page. It will not be plotted.
    Warning in wordcloud(words = names(x), freq = x, random.order = random_order, :
     within could not be fit on page. It will not be plotted.
    Warning in wordcloud(words = names(x), freq = x, random.order = random_order, :
     workout could not be fit on page. It will not be plotted.
    Warning in wordcloud(words = names(x), freq = x, random.order = random_order, :
     analysis could not be fit on page. It will not be plotted.
    Warning in wordcloud(words = names(x), freq = x, random.order = random_order, :
     integrated could not be fit on page. It will not be plotted.
    Warning in wordcloud(words = names(x), freq = x, random.order = random_order, :
     packagetracker could not be fit on page. It will not be plotted.
    Warning in wordcloud(words = names(x), freq = x, random.order = random_order, :
     tracker could not be fit on page. It will not be plotted.
    Warning in wordcloud(words = names(x), freq = x, random.order = random_order, :
     workflow could not be fit on page. It will not be plotted.
    Warning in wordcloud(words = names(x), freq = x, random.order = random_order, :
     repositories could not be fit on page. It will not be plotted.
    Warning in wordcloud(words = names(x), freq = x, random.order = random_order, :
     server-side could not be fit on page. It will not be plotted.
    Warning in wordcloud(words = names(x), freq = x, random.order = random_order, :
     automatically could not be fit on page. It will not be plotted.
    Warning in wordcloud(words = names(x), freq = x, random.order = random_order, :
     blackboard could not be fit on page. It will not be plotted.
    Warning in wordcloud(words = names(x), freq = x, random.order = random_order, :
     combinations could not be fit on page. It will not be plotted.
    Warning in wordcloud(words = names(x), freq = x, random.order = random_order, :
     customizable could not be fit on page. It will not be plotted.
    Warning in wordcloud(words = names(x), freq = x, random.order = random_order, :
     exercises could not be fit on page. It will not be plotted.
    Warning in wordcloud(words = names(x), freq = x, random.order = random_order, :
     markdown could not be fit on page. It will not be plotted.
    Warning in wordcloud(words = names(x), freq = x, random.order = random_order, :
     moodle could not be fit on page. It will not be plotted.
    Warning in wordcloud(words = names(x), freq = x, random.order = random_order, :
     multiple-choice could not be fit on page. It will not be plotted.
    Warning in wordcloud(words = names(x), freq = x, random.order = random_order, :
     possibly could not be fit on page. It will not be plotted.
    Warning in wordcloud(words = names(x), freq = x, random.order = random_order, :
     problems could not be fit on page. It will not be plotted.
    Warning in wordcloud(words = names(x), freq = x, random.order = random_order, :
     single-choice could not be fit on page. It will not be plotted.
    Warning in wordcloud(words = names(x), freq = x, random.order = random_order, :
     standalone could not be fit on page. It will not be plotted.
    Warning in wordcloud(words = names(x), freq = x, random.order = random_order, :
     standardized could not be fit on page. It will not be plotted.
    Warning in wordcloud(words = names(x), freq = x, random.order = random_order, :
     tcexam could not be fit on page. It will not be plotted.
    Warning in wordcloud(words = names(x), freq = x, random.order = random_order, :
     community could not be fit on page. It will not be plotted.
    Warning in wordcloud(words = names(x), freq = x, random.order = random_order, :
     estimating could not be fit on page. It will not be plotted.
    Warning in wordcloud(words = names(x), freq = x, random.order = random_order, :
     facto could not be fit on page. It will not be plotted.
    Warning in wordcloud(words = names(x), freq = x, random.order = random_order, :
     regimes could not be fit on page. It will not be plotted.
    Warning in wordcloud(words = names(x), freq = x, random.order = random_order, :
     binary could not be fit on page. It will not be plotted.
    Warning in wordcloud(words = names(x), freq = x, random.order = random_order, :
     especially could not be fit on page. It will not be plotted.
    Warning in wordcloud(words = names(x), freq = x, random.order = random_order, :
     heteroskedastic could not be fit on page. It will not be plotted.
    Warning in wordcloud(words = names(x), freq = x, random.order = random_order, :
     techniques could not be fit on page. It will not be plotted.
    Warning in wordcloud(words = names(x), freq = x, random.order = random_order, :
     encompassing could not be fit on page. It will not be plotted.
    Warning in wordcloud(words = names(x), freq = x, random.order = random_order, :
     known could not be fit on page. It will not be plotted.
    Warning in wordcloud(words = names(x), freq = x, random.order = random_order, :
     skew-logistic could not be fit on page. It will not be plotted.
    Warning in wordcloud(words = names(x), freq = x, random.order = random_order, :
     concentration could not be fit on page. It will not be plotted.
    Warning in wordcloud(words = names(x), freq = x, random.order = random_order, :
     curves could not be fit on page. It will not be plotted.
    Warning in wordcloud(words = names(x), freq = x, random.order = random_order, :
     empirical could not be fit on page. It will not be plotted.
    Warning in wordcloud(words = names(x), freq = x, random.order = random_order, :
     inequality could not be fit on page. It will not be plotted.
    Warning in wordcloud(words = names(x), freq = x, random.order = random_order, :
     lorenz could not be fit on page. It will not be plotted.
    Warning in wordcloud(words = names(x), freq = x, random.order = random_order, :
     measures could not be fit on page. It will not be plotted.
    Warning in wordcloud(words = names(x), freq = x, random.order = random_order, :
     poverty could not be fit on page. It will not be plotted.
    Warning in wordcloud(words = names(x), freq = x, random.order = random_order, :
     adjusting could not be fit on page. It will not be plotted.
    Warning in wordcloud(words = names(x), freq = x, random.order = random_order, :
     autoregressive could not be fit on page. It will not be plotted.
    Warning in wordcloud(words = names(x), freq = x, random.order = random_order, :
     correlation could not be fit on page. It will not be plotted.
    Warning in wordcloud(words = names(x), freq = x, random.order = random_order, :
     geer could not be fit on page. It will not be plotted.
    Warning in wordcloud(words = names(x), freq = x, random.order = random_order, :
     model-based could not be fit on page. It will not be plotted.
    Warning in wordcloud(words = names(x), freq = x, random.order = random_order, :
     simultaneous could not be fit on page. It will not be plotted.
    Warning in wordcloud(words = names(x), freq = x, random.order = random_order, :
     checking could not be fit on page. It will not be plotted.
    Warning in wordcloud(words = names(x), freq = x, random.order = random_order, :
     diagnostic could not be fit on page. It will not be plotted.
    Warning in wordcloud(words = names(x), freq = x, random.order = random_order, :
     furthermore could not be fit on page. It will not be plotted.
    Warning in wordcloud(words = names(x), freq = x, random.order = random_order, :
     generic could not be fit on page. It will not be plotted.
    Warning in wordcloud(words = names(x), freq = x, random.order = random_order, :
     asymptotes could not be fit on page. It will not be plotted.
    Warning in wordcloud(words = names(x), freq = x, random.order = random_order, :
     building could not be fit on page. It will not be plotted.
    Warning in wordcloud(words = names(x), freq = x, random.order = random_order, :
     classes could not be fit on page. It will not be plotted.
    Warning in wordcloud(words = names(x), freq = x, random.order = random_order, :
     comparisons could not be fit on page. It will not be plotted.
    Warning in wordcloud(words = names(x), freq = x, random.order = random_order, :
     datasets could not be fit on page. It will not be plotted.
    Warning in wordcloud(words = names(x), freq = x, random.order = random_order, :
     different could not be fit on page. It will not be plotted.
    Warning in wordcloud(words = names(x), freq = x, random.order = random_order, :
     discrimination could not be fit on page. It will not be plotted.
    Warning in wordcloud(words = names(x), freq = x, random.order = random_order, :
     efficient could not be fit on page. It will not be plotted.
    Warning in wordcloud(words = names(x), freq = x, random.order = random_order, :
     extractor could not be fit on page. It will not be plotted.
    Warning in wordcloud(words = names(x), freq = x, random.order = random_order, :
     guessing could not be fit on page. It will not be plotted.
    Warning in wordcloud(words = names(x), freq = x, random.order = random_order, :
     illustration could not be fit on page. It will not be plotted.
    Warning in wordcloud(words = names(x), freq = x, random.order = random_order, :
     intended could not be fit on page. It will not be plotted.
    Warning in wordcloud(words = names(x), freq = x, random.order = random_order, :
     lightweight could not be fit on page. It will not be plotted.
    Warning in wordcloud(words = names(x), freq = x, random.order = random_order, :
     multinomial could not be fit on page. It will not be plotted.
    Warning in wordcloud(words = names(x), freq = x, random.order = random_order, :
     paired could not be fit on page. It will not be plotted.
    Warning in wordcloud(words = names(x), freq = x, random.order = random_order, :
     parameters could not be fit on page. It will not be plotted.
    Warning in wordcloud(words = names(x), freq = x, random.order = random_order, :
     person could not be fit on page. It will not be plotted.
    Warning in wordcloud(words = names(x), freq = x, random.order = random_order, :
     processing could not be fit on page. It will not be plotted.
    Warning in wordcloud(words = names(x), freq = x, random.order = random_order, :
     psychomix could not be fit on page. It will not be plotted.
    Warning in wordcloud(words = names(x), freq = x, random.order = random_order, :
     psychotree could not be fit on page. It will not be plotted.
    Warning in wordcloud(words = names(x), freq = x, random.order = random_order, :
     threshold could not be fit on page. It will not be plotted.
    Warning in wordcloud(words = names(x), freq = x, random.order = random_order, :
     toolbox could not be fit on page. It will not be plotted.
    Warning in wordcloud(words = names(x), freq = x, random.order = random_order, :
     unified could not be fit on page. It will not be plotted.
    Warning in wordcloud(words = names(x), freq = x, random.order = random_order, :
     upper could not be fit on page. It will not be plotted.
    Warning in wordcloud(words = names(x), freq = x, random.order = random_order, :
     various could not be fit on page. It will not be plotted.
    Warning in wordcloud(words = names(x), freq = x, random.order = random_order, :
     algorithm could not be fit on page. It will not be plotted.
    Warning in wordcloud(words = names(x), freq = x, random.order = random_order, :
     employing could not be fit on page. It will not be plotted.
    Warning in wordcloud(words = names(x), freq = x, random.order = random_order, :
     general could not be fit on page. It will not be plotted.
    Warning in wordcloud(words = names(x), freq = x, random.order = random_order, :
     obtain could not be fit on page. It will not be plotted.
    Warning in wordcloud(words = names(x), freq = x, random.order = random_order, :
     partykit could not be fit on page. It will not be plotted.
    Warning in wordcloud(words = names(x), freq = x, random.order = random_order, :
     accounts could not be fit on page. It will not be plotted.
    Warning in wordcloud(words = names(x), freq = x, random.order = random_order, :
     converted could not be fit on page. It will not be plotted.
    Warning in wordcloud(words = names(x), freq = x, random.order = random_order, :
     international could not be fit on page. It will not be plotted.
    Warning in wordcloud(words = names(x), freq = x, random.order = random_order, :
     national could not be fit on page. It will not be plotted.
    Warning in wordcloud(words = names(x), freq = x, random.order = random_order, :
     parity could not be fit on page. It will not be plotted.
    Warning in wordcloud(words = names(x), freq = x, random.order = random_order, :
     power could not be fit on page. It will not be plotted.
    Warning in wordcloud(words = names(x), freq = x, random.order = random_order, :
     prices could not be fit on page. It will not be plotted.
    Warning in wordcloud(words = names(x), freq = x, random.order = random_order, :
     purchasing could not be fit on page. It will not be plotted.
    Warning in wordcloud(words = names(x), freq = x, random.order = random_order, :
     years could not be fit on page. It will not be plotted.
    Warning in wordcloud(words = names(x), freq = x, random.order = random_order, :
     wwwggdcnet could not be fit on page. It will not be plotted.
    Warning in wordcloud(words = names(x), freq = x, random.order = random_order, :
     clustered could not be fit on page. It will not be plotted.
    Warning in wordcloud(words = names(x), freq = x, random.order = random_order, :
     cross-sectional could not be fit on page. It will not be plotted.
    Warning in wordcloud(words = names(x), freq = x, random.order = random_order, :
     error could not be fit on page. It will not be plotted.
    Warning in wordcloud(words = names(x), freq = x, random.order = random_order, :
     estimators could not be fit on page. It will not be plotted.
    Warning in wordcloud(words = names(x), freq = x, random.order = random_order, :
     longitudinal could not be fit on page. It will not be plotted.
    Warning in wordcloud(words = names(x), freq = x, random.order = random_order, :
     model-robust could not be fit on page. It will not be plotted.
    Warning in wordcloud(words = names(x), freq = x, random.order = random_order, :
     panel could not be fit on page. It will not be plotted.
    Warning in wordcloud(words = names(x), freq = x, random.order = random_order, :
     always could not be fit on page. It will not be plotted.
    Warning in wordcloud(words = names(x), freq = x, random.order = random_order, :
     breakpoints could not be fit on page. It will not be plotted.
    Warning in wordcloud(words = names(x), freq = x, random.order = random_order, :
     confidence could not be fit on page. It will not be plotted.
    Warning in wordcloud(words = names(x), freq = x, random.order = random_order, :
     cusum could not be fit on page. It will not be plotted.
    Warning in wordcloud(words = names(x), freq = x, random.order = random_order, :
     emphasis could not be fit on page. It will not be plotted.
    Warning in wordcloud(words = names(x), freq = x, random.order = random_order, :
     estimated could not be fit on page. It will not be plotted.
    Warning in wordcloud(words = names(x), freq = x, random.order = random_order, :
     estimates could not be fit on page. It will not be plotted.
    Warning in wordcloud(words = names(x), freq = x, random.order = random_order, :
     features could not be fit on page. It will not be plotted.
    Warning in wordcloud(words = names(x), freq = x, random.order = random_order, :
     finally could not be fit on page. It will not be plotted.
    Warning in wordcloud(words = names(x), freq = x, random.order = random_order, :
     given could not be fit on page. It will not be plotted.
    Warning in wordcloud(words = names(x), freq = x, random.order = random_order, :
     includes could not be fit on page. It will not be plotted.
    Warning in wordcloud(words = names(x), freq = x, random.order = random_order, :
     incoming could not be fit on page. It will not be plotted.
    Warning in wordcloud(words = names(x), freq = x, random.order = random_order, :
     intervals could not be fit on page. It will not be plotted.
    Warning in wordcloud(words = names(x), freq = x, random.order = random_order, :
     monitor could not be fit on page. It will not be plotted.
    Warning in wordcloud(words = names(x), freq = x, random.order = random_order, :
     mosum could not be fit on page. It will not be plotted.
    Warning in wordcloud(words = names(x), freq = x, random.order = random_order, :
     moving could not be fit on page. It will not be plotted.
    Warning in wordcloud(words = names(x), freq = x, random.order = random_order, :
     plot could not be fit on page. It will not be plotted.
    Warning in wordcloud(words = names(x), freq = x, random.order = random_order, :
     possible could not be fit on page. It will not be plotted.
    Warning in wordcloud(words = names(x), freq = x, random.order = random_order, :
     respectively could not be fit on page. It will not be plotted.
    Warning in wordcloud(words = names(x), freq = x, random.order = random_order, :
     statistics could not be fit on page. It will not be plotted.
    Warning in wordcloud(words = names(x), freq = x, random.order = random_order, :
     strucchange could not be fit on page. It will not be plotted.
    Warning in wordcloud(words = names(x), freq = x, random.order = random_order, :
     together could not be fit on page. It will not be plotted.
    Warning in wordcloud(words = names(x), freq = x, random.order = random_order, :
     visualizing could not be fit on page. It will not be plotted.
    Warning in wordcloud(words = names(x), freq = x, random.order = random_order, :
     aimed could not be fit on page. It will not be plotted.
    Warning in wordcloud(words = names(x), freq = x, random.order = random_order, :
     consistency could not be fit on page. It will not be plotted.
    Warning in wordcloud(words = names(x), freq = x, random.order = random_order, :
     date could not be fit on page. It will not be plotted.
    Warning in wordcloud(words = names(x), freq = x, random.order = random_order, :
     design could not be fit on page. It will not be plotted.
    Warning in wordcloud(words = names(x), freq = x, random.order = random_order, :
     extend could not be fit on page. It will not be plotted.
    Warning in wordcloud(words = names(x), freq = x, random.order = random_order, :
     factors could not be fit on page. It will not be plotted.
    Warning in wordcloud(words = names(x), freq = x, random.order = random_order, :
     generics could not be fit on page. It will not be plotted.
    Warning in wordcloud(words = names(x), freq = x, random.order = random_order, :
     goals could not be fit on page. It will not be plotted.
    Warning in wordcloud(words = names(x), freq = x, random.order = random_order, :
     independence could not be fit on page. It will not be plotted.
    Warning in wordcloud(words = names(x), freq = x, random.order = random_order, :
     index could not be fit on page. It will not be plotted.
    Warning in wordcloud(words = names(x), freq = x, random.order = random_order, :
     indexed could not be fit on page. It will not be plotted.
    Warning in wordcloud(words = names(x), freq = x, random.order = random_order, :
     irregular could not be fit on page. It will not be plotted.
    Warning in wordcloud(words = names(x), freq = x, random.order = random_order, :
     matrices could not be fit on page. It will not be plotted.
    Warning in wordcloud(words = names(x), freq = x, random.order = random_order, :
     numeric could not be fit on page. It will not be plotted.
    Warning in wordcloud(words = names(x), freq = x, random.order = random_order, :
     observations could not be fit on page. It will not be plotted.
    Warning in wordcloud(words = names(x), freq = x, random.order = random_order, :
     ordered could not be fit on page. It will not be plotted.
    Warning in wordcloud(words = names(x), freq = x, random.order = random_order, :
     particular could not be fit on page. It will not be plotted.
    Warning in wordcloud(words = names(x), freq = x, random.order = random_order, :
     particularly could not be fit on page. It will not be plotted.
    Warning in wordcloud(words = names(x), freq = x, random.order = random_order, :
     providing could not be fit on page. It will not be plotted.
    Warning in wordcloud(words = names(x), freq = x, random.order = random_order, :
     totally could not be fit on page. It will not be plotted.
    Warning in wordcloud(words = names(x), freq = x, random.order = random_order, :
     vectors could not be fit on page. It will not be plotted.
    Warning in wordcloud(words = names(x), freq = x, random.order = random_order, :
     zoo's could not be fit on page. It will not be plotted.
    Warning in wordcloud(words = names(x), freq = x, random.order = random_order, :
     cranr-projectorg could not be fit on page. It will not be plotted.
    Warning in wordcloud(words = names(x), freq = x, random.order = random_order, :
     multivariate could not be fit on page. It will not be plotted.
    Warning in wordcloud(words = names(x), freq = x, random.order = random_order, :
     functionality could not be fit on page. It will not be plotted.
    Warning in wordcloud(words = names(x), freq = x, random.order = random_order, :
     gps-enabled could not be fit on page. It will not be plotted.
    Warning in wordcloud(words = names(x), freq = x, random.order = random_order, :
     swimming could not be fit on page. It will not be plotted.
    Warning in wordcloud(words = names(x), freq = x, random.order = random_order, :
     bmanimaltrack could not be fit on page. It will not be plotted.
    Warning in wordcloud(words = names(x), freq = x, random.order = random_order, :
     measurement could not be fit on page. It will not be plotted.
    Warning in wordcloud(words = names(x), freq = x, random.order = random_order, :
     statement could not be fit on page. It will not be plotted.
    Warning in wordcloud(words = names(x), freq = x, random.order = random_order, :
     uncertainty could not be fit on page. It will not be plotted.
    Warning in wordcloud(words = names(x), freq = x, random.order = random_order, :
     commonly could not be fit on page. It will not be plotted.
    Warning in wordcloud(words = names(x), freq = x, random.order = random_order, :
     comparison could not be fit on page. It will not be plotted.
    Warning in wordcloud(words = names(x), freq = x, random.order = random_order, :
     covariates could not be fit on page. It will not be plotted.
    Warning in wordcloud(words = names(x), freq = x, random.order = random_order, :
     depend could not be fit on page. It will not be plotted.
    Warning in wordcloud(words = names(x), freq = x, random.order = random_order, :
     example could not be fit on page. It will not be plotted.
    Warning in wordcloud(words = names(x), freq = x, random.order = random_order, :
     extraction could not be fit on page. It will not be plotted.
    Warning in wordcloud(words = names(x), freq = x, random.order = random_order, :
     facilities could not be fit on page. It will not be plotted.
    Warning in wordcloud(words = names(x), freq = x, random.order = random_order, :
     iterative could not be fit on page. It will not be plotted.
    Warning in wordcloud(words = names(x), freq = x, random.order = random_order, :
     memory could not be fit on page. It will not be plotted.
    Warning in wordcloud(words = names(x), freq = x, random.order = random_order, :
     potentially could not be fit on page. It will not be plotted.
    Warning in wordcloud(words = names(x), freq = x, random.order = random_order, :
     relatively could not be fit on page. It will not be plotted.
    Warning in wordcloud(words = names(x), freq = x, random.order = random_order, :
     replaces could not be fit on page. It will not be plotted.
    Warning in wordcloud(words = names(x), freq = x, random.order = random_order, :
     scalability could not be fit on page. It will not be plotted.
    Warning in wordcloud(words = names(x), freq = x, random.order = random_order, :
     sparse could not be fit on page. It will not be plotted.
    Warning in wordcloud(words = names(x), freq = x, random.order = random_order, :
     specification could not be fit on page. It will not be plotted.
    Warning in wordcloud(words = names(x), freq = x, random.order = random_order, :
     squares could not be fit on page. It will not be plotted.
    Warning in wordcloud(words = names(x), freq = x, random.order = random_order, :
     summarisation could not be fit on page. It will not be plotted.
    Warning in wordcloud(words = names(x), freq = x, random.order = random_order, :
     undemanding could not be fit on page. It will not be plotted.
    Warning in wordcloud(words = names(x), freq = x, random.order = random_order, :
     unstructured could not be fit on page. It will not be plotted.
    Warning in wordcloud(words = names(x), freq = x, random.order = random_order, :
     usage could not be fit on page. It will not be plotted.
    Warning in wordcloud(words = names(x), freq = x, random.order = random_order, :
     weighted could not be fit on page. It will not be plotted.
    Warning in wordcloud(words = names(x), freq = x, random.order = random_order, :
     canonical could not be fit on page. It will not be plotted.
    Warning in wordcloud(words = names(x), freq = x, random.order = random_order, :
     ccaexperiment could not be fit on page. It will not be plotted.
    Warning in wordcloud(words = names(x), freq = x, random.order = random_order, :
     correlation could not be fit on page. It will not be plotted.
    Warning in wordcloud(words = names(x), freq = x, random.order = random_order, :
     gfaexperiment could not be fit on page. It will not be plotted.
    Warning in wordcloud(words = names(x), freq = x, random.order = random_order, :
     initializations could not be fit on page. It will not be plotted.
    Warning in wordcloud(words = names(x), freq = x, random.order = random_order, :
     inter-battery could not be fit on page. It will not be plotted.
    Warning in wordcloud(words = names(x), freq = x, random.order = random_order, :
     variational could not be fit on page. It will not be plotted.
    Warning in wordcloud(words = names(x), freq = x, random.order = random_order, :
     asymmetry could not be fit on page. It will not be plotted.
    Warning in wordcloud(words = names(x), freq = x, random.order = random_order, :
     density could not be fit on page. It will not be plotted.
    Warning in wordcloud(words = names(x), freq = x, random.order = random_order, :
     determine could not be fit on page. It will not be plotted.
    Warning in wordcloud(words = names(x), freq = x, random.order = random_order, :
     distributions could not be fit on page. It will not be plotted.
    Warning in wordcloud(words = names(x), freq = x, random.order = random_order, :
     help could not be fit on page. It will not be plotted.
    Warning in wordcloud(words = names(x), freq = x, random.order = random_order, :
     indices could not be fit on page. It will not be plotted.
    Warning in wordcloud(words = names(x), freq = x, random.order = random_order, :
     classification could not be fit on page. It will not be plotted.
    Warning in wordcloud(words = names(x), freq = x, random.order = random_order, :
     common could not be fit on page. It will not be plotted.
    Warning in wordcloud(words = names(x), freq = x, random.order = random_order, :
     corresponding could not be fit on page. It will not be plotted.
    Warning in wordcloud(words = names(x), freq = x, random.order = random_order, :
     international could not be fit on page. It will not be plotted.
    Warning in wordcloud(words = names(x), freq = x, random.order = random_order, :
     labour could not be fit on page. It will not be plotted.
    Warning in wordcloud(words = names(x), freq = x, random.order = random_order, :
     occupations could not be fit on page. It will not be plotted.
    Warning in wordcloud(words = names(x), freq = x, random.order = random_order, :
     prestige could not be fit on page. It will not be plotted.
    Warning in wordcloud(words = names(x), freq = x, random.order = random_order, :
     allowances could not be fit on page. It will not be plotted.
    Warning in wordcloud(words = names(x), freq = x, random.order = random_order, :
     assessment could not be fit on page. It will not be plotted.
    Warning in wordcloud(words = names(x), freq = x, random.order = random_order, :
     ciqual could not be fit on page. It will not be plotted.
    Warning in wordcloud(words = names(x), freq = x, random.order = random_order, :
     compares could not be fit on page. It will not be plotted.
    Warning in wordcloud(words = names(x), freq = x, random.order = random_order, :
     composition could not be fit on page. It will not be plotted.
    Warning in wordcloud(words = names(x), freq = x, random.order = random_order, :
     contributing could not be fit on page. It will not be plotted.
    Warning in wordcloud(words = names(x), freq = x, random.order = random_order, :
     databases could not be fit on page. It will not be plotted.
    Warning in wordcloud(words = names(x), freq = x, random.order = random_order, :
     includes could not be fit on page. It will not be plotted.
    Warning in wordcloud(words = names(x), freq = x, random.order = random_order, :
     macronutrient could not be fit on page. It will not be plotted.
    Warning in wordcloud(words = names(x), freq = x, random.order = random_order, :
     micronutrients could not be fit on page. It will not be plotted.
    Warning in wordcloud(words = names(x), freq = x, random.order = random_order, :
     number could not be fit on page. It will not be plotted.
    Warning in wordcloud(words = names(x), freq = x, random.order = random_order, :
     nutrientracker could not be fit on page. It will not be plotted.
    Warning in wordcloud(words = names(x), freq = x, random.order = random_order, :
     pie-charts could not be fit on page. It will not be plotted.
    Warning in wordcloud(words = names(x), freq = x, random.order = random_order, :
     plots could not be fit on page. It will not be plotted.
    Warning in wordcloud(words = names(x), freq = x, random.order = random_order, :
     recommended could not be fit on page. It will not be plotted.
    Warning in wordcloud(words = names(x), freq = x, random.order = random_order, :
     spain could not be fit on page. It will not be plotted.
    Warning in wordcloud(words = names(x), freq = x, random.order = random_order, :
     states could not be fit on page. It will not be plotted.
    Warning in wordcloud(words = names(x), freq = x, random.order = random_order, :
     usda could not be fit on page. It will not be plotted.
    Warning in wordcloud(words = names(x), freq = x, random.order = random_order, :
     visualization could not be fit on page. It will not be plotted.
    Warning in wordcloud(words = names(x), freq = x, random.order = random_order, :
     actually could not be fit on page. It will not be plotted.
    Warning in wordcloud(words = names(x), freq = x, random.order = random_order, :
     alternative could not be fit on page. It will not be plotted.
    Warning in wordcloud(words = names(x), freq = x, random.order = random_order, :
     applies could not be fit on page. It will not be plotted.
    Warning in wordcloud(words = names(x), freq = x, random.order = random_order, :
     balasanov could not be fit on page. It will not be plotted.
    Warning in wordcloud(words = names(x), freq = x, random.order = random_order, :
     captures could not be fit on page. It will not be plotted.
    Warning in wordcloud(words = names(x), freq = x, random.order = random_order, :
     context could not be fit on page. It will not be plotted.
    Warning in wordcloud(words = names(x), freq = x, random.order = random_order, :
     frame could not be fit on page. It will not be plotted.
    Warning in wordcloud(words = names(x), freq = x, random.order = random_order, :
     ilykeicom could not be fit on page. It will not be plotted.
    Warning in wordcloud(words = names(x), freq = x, random.order = random_order, :
     independent could not be fit on page. It will not be plotted.
    Warning in wordcloud(words = names(x), freq = x, random.order = random_order, :
     individual could not be fit on page. It will not be plotted.
    Warning in wordcloud(words = names(x), freq = x, random.order = random_order, :
     known could not be fit on page. It will not be plotted.
    Warning in wordcloud(words = names(x), freq = x, random.order = random_order, :
     majority could not be fit on page. It will not be plotted.
    Warning in wordcloud(words = names(x), freq = x, random.order = random_order, :
     may could not be fit on page. It will not be plotted.
    Warning in wordcloud(words = names(x), freq = x, random.order = random_order, :
     measure could not be fit on page. It will not be plotted.
    Warning in wordcloud(words = names(x), freq = x, random.order = random_order, :
     model's could not be fit on page. It will not be plotted.
    Warning in wordcloud(words = names(x), freq = x, random.order = random_order, :
     optimal could not be fit on page. It will not be plotted.
    Warning in wordcloud(words = names(x), freq = x, random.order = random_order, :
     performed could not be fit on page. It will not be plotted.
    Warning in wordcloud(words = names(x), freq = x, random.order = random_order, :
     performs could not be fit on page. It will not be plotted.
    Warning in wordcloud(words = names(x), freq = x, random.order = random_order, :
     r-squared could not be fit on page. It will not be plotted.
    Warning in wordcloud(words = names(x), freq = x, random.order = random_order, :
     references could not be fit on page. It will not be plotted.
    Warning in wordcloud(words = names(x), freq = x, random.order = random_order, :
     solution could not be fit on page. It will not be plotted.
    Warning in wordcloud(words = names(x), freq = x, random.order = random_order, :
     variance could not be fit on page. It will not be plotted.
    Warning in wordcloud(words = names(x), freq = x, random.order = random_order, :
     yuri could not be fit on page. It will not be plotted.
    Warning in wordcloud(words = names(x), freq = x, random.order = random_order, :
     adverse could not be fit on page. It will not be plotted.
    Warning in wordcloud(words = names(x), freq = x, random.order = random_order, :
     associations could not be fit on page. It will not be plotted.
    Warning in wordcloud(words = names(x), freq = x, random.order = random_order, :
     boca could not be fit on page. It will not be plotted.
    Warning in wordcloud(words = names(x), freq = x, random.order = random_order, :
     chapman could not be fit on page. It will not be plotted.
    Warning in wordcloud(words = names(x), freq = x, random.order = random_order, :
     drug could not be fit on page. It will not be plotted.
    Warning in wordcloud(words = names(x), freq = x, random.order = random_order, :
     drugs could not be fit on page. It will not be plotted.
    Warning in wordcloud(words = names(x), freq = x, random.order = random_order, :
     examples could not be fit on page. It will not be plotted.
    Warning in wordcloud(words = names(x), freq = x, random.order = random_order, :
     extensions could not be fit on page. It will not be plotted.
    Warning in wordcloud(words = names(x), freq = x, random.order = random_order, :
     farrington could not be fit on page. It will not be plotted.
    Warning in wordcloud(words = names(x), freq = x, random.order = random_order, :
     ghebremichael could not be fit on page. It will not be plotted.
    Warning in wordcloud(words = names(x), freq = x, random.order = random_order, :
     guide could not be fit on page. It will not be plotted.
    Warning in wordcloud(words = names(x), freq = x, random.order = random_order, :
     investigate could not be fit on page. It will not be plotted.
    Warning in wordcloud(words = names(x), freq = x, random.order = random_order, :
     press could not be fit on page. It will not be plotted.
    Warning in wordcloud(words = names(x), freq = x, random.order = random_order, :
     raton could not be fit on page. It will not be plotted.
    Warning in wordcloud(words = names(x), freq = x, random.order = random_order, :
     sccs-studiesinfo could not be fit on page. It will not be plotted.
    Warning in wordcloud(words = names(x), freq = x, random.order = random_order, :
     studies could not be fit on page. It will not be plotted.
    Warning in wordcloud(words = names(x), freq = x, random.order = random_order, :
     time-varying could not be fit on page. It will not be plotted.
    Warning in wordcloud(words = names(x), freq = x, random.order = random_order, :
     vaccines could not be fit on page. It will not be plotted.
    Warning in wordcloud(words = names(x), freq = x, random.order = random_order, :
     weldeselassie could not be fit on page. It will not be plotted.
    Warning in wordcloud(words = names(x), freq = x, random.order = random_order, :
     whitaker could not be fit on page. It will not be plotted.
    Warning in wordcloud(words = names(x), freq = x, random.order = random_order, :
     adaptive could not be fit on page. It will not be plotted.
    Warning in wordcloud(words = names(x), freq = x, random.order = random_order, :
     early could not be fit on page. It will not be plotted.
    Warning in wordcloud(words = names(x), freq = x, random.order = random_order, :
     outcomes could not be fit on page. It will not be plotted.
    Warning in wordcloud(words = names(x), freq = x, random.order = random_order, :
     seamless could not be fit on page. It will not be plotted.
    Warning in wordcloud(words = names(x), freq = x, random.order = random_order, :
     selection could not be fit on page. It will not be plotted.
    Warning in wordcloud(words = names(x), freq = x, random.order = random_order, :
     simulations could not be fit on page. It will not be plotted.
    Warning in wordcloud(words = names(x), freq = x, random.order = random_order, :
     subpopulation could not be fit on page. It will not be plotted.
    Warning in wordcloud(words = names(x), freq = x, random.order = random_order, :
     treatment could not be fit on page. It will not be plotted.
    Warning in wordcloud(words = names(x), freq = x, random.order = random_order, :
     type could not be fit on page. It will not be plotted.
    Warning in wordcloud(words = names(x), freq = x, random.order = random_order, :
     without could not be fit on page. It will not be plotted.
    Warning in wordcloud(words = names(x), freq = x, random.order = random_order, :
     accessed could not be fit on page. It will not be plotted.
    Warning in wordcloud(words = names(x), freq = x, random.order = random_order, :
     additionally could not be fit on page. It will not be plotted.
    Warning in wordcloud(words = names(x), freq = x, random.order = random_order, :
     contained could not be fit on page. It will not be plotted.
    Warning in wordcloud(words = names(x), freq = x, random.order = random_order, :
     created could not be fit on page. It will not be plotted.
    Warning in wordcloud(words = names(x), freq = x, random.order = random_order, :
     extracted could not be fit on page. It will not be plotted.
    Warning in wordcloud(words = names(x), freq = x, random.order = random_order, :
     fieldspec could not be fit on page. It will not be plotted.
    Warning in wordcloud(words = names(x), freq = x, random.order = random_order, :
     fieldspec-spectroradiometers could not be fit on page. It will not be plotted.
    Warning in wordcloud(words = names(x), freq = x, random.order = random_order, :
     header could not be fit on page. It will not be plotted.
    Warning in wordcloud(words = names(x), freq = x, random.order = random_order, :
     instruments could not be fit on page. It will not be plotted.
    Warning in wordcloud(words = names(x), freq = x, random.order = random_order, :
     metadata could not be fit on page. It will not be plotted.
    Warning in wordcloud(words = names(x), freq = x, random.order = random_order, :
     portable could not be fit on page. It will not be plotted.
    Warning in wordcloud(words = names(x), freq = x, random.order = random_order, :
     products could not be fit on page. It will not be plotted.
    Warning in wordcloud(words = names(x), freq = x, random.order = random_order, :
     radiance could not be fit on page. It will not be plotted.
    Warning in wordcloud(words = names(x), freq = x, random.order = random_order, :
     raw could not be fit on page. It will not be plotted.
    Warning in wordcloud(words = names(x), freq = x, random.order = random_order, :
     reads could not be fit on page. It will not be plotted.
    Warning in wordcloud(words = names(x), freq = x, random.order = random_order, :
     reflectance could not be fit on page. It will not be plotted.
    Warning in wordcloud(words = names(x), freq = x, random.order = random_order, :
     spectral could not be fit on page. It will not be plotted.
    Warning in wordcloud(words = names(x), freq = x, random.order = random_order, :
     spectrometer could not be fit on page. It will not be plotted.
    Warning in wordcloud(words = names(x), freq = x, random.order = random_order, :
     wwwasdicom could not be fit on page. It will not be plotted.
    Warning in wordcloud(words = names(x), freq = x, random.order = random_order, :
     amazon's could not be fit on page. It will not be plotted.
    Warning in wordcloud(words = names(x), freq = x, random.order = random_order, :
     awsamazoncom could not be fit on page. It will not be plotted.
    Warning in wordcloud(words = names(x), freq = x, random.order = random_order, :
     boilerplate could not be fit on page. It will not be plotted.
    Warning in wordcloud(words = names(x), freq = x, random.order = random_order, :
     classes could not be fit on page. It will not be plotted.
    Warning in wordcloud(words = names(x), freq = x, random.order = random_order, :
     coding could not be fit on page. It will not be plotted.
    Warning in wordcloud(words = names(x), freq = x, random.order = random_order, :
     complexity could not be fit on page. It will not be plotted.
    Warning in wordcloud(words = names(x), freq = x, random.order = random_order, :
     development could not be fit on page. It will not be plotted.
    Warning in wordcloud(words = names(x), freq = x, random.order = random_order, :
     dynamodb could not be fit on page. It will not be plotted.
    Warning in wordcloud(words = names(x), freq = x, random.order = random_order, :
     helps could not be fit on page. It will not be plotted.
    Warning in wordcloud(words = names(x), freq = x, random.order = random_order, :
     many could not be fit on page. It will not be plotted.
    Warning in wordcloud(words = names(x), freq = x, random.order = random_order, :
     packagerjava could not be fit on page. It will not be plotted.
    Warning in wordcloud(words = names(x), freq = x, random.order = random_order, :
     read could not be fit on page. It will not be plotted.
    Warning in wordcloud(words = names(x), freq = x, random.order = random_order, :
     sdkjava could not be fit on page. It will not be plotted.
    Warning in wordcloud(words = names(x), freq = x, random.order = random_order, :
     web could not be fit on page. It will not be plotted.
    Warning in wordcloud(words = names(x), freq = x, random.order = random_order, :
     website could not be fit on page. It will not be plotted.
    Warning in wordcloud(words = names(x), freq = x, random.order = random_order, :
     adjusted-score could not be fit on page. It will not be plotted.
    Warning in wordcloud(words = names(x), freq = x, random.order = random_order, :
     custom could not be fit on page. It will not be plotted.
    Warning in wordcloud(words = names(x), freq = x, random.order = random_order, :
     essentially could not be fit on page. It will not be plotted.
    Warning in wordcloud(words = names(x), freq = x, random.order = random_order, :
     fact could not be fit on page. It will not be plotted.
    Warning in wordcloud(words = names(x), freq = x, random.order = random_order, :
     flexibility could not be fit on page. It will not be plotted.
    Warning in wordcloud(words = names(x), freq = x, random.order = random_order, :
     iteratively could not be fit on page. It will not be plotted.
    Warning in wordcloud(words = names(x), freq = x, random.order = random_order, :
     jeffreys could not be fit on page. It will not be plotted.
    Warning in wordcloud(words = names(x), freq = x, random.order = random_order, :
     penalization could not be fit on page. It will not be plotted.
    Warning in wordcloud(words = names(x), freq = x, random.order = random_order, :
     penalized could not be fit on page. It will not be plotted.
    Warning in wordcloud(words = names(x), freq = x, random.order = random_order, :
     procedures could not be fit on page. It will not be plotted.
    Warning in wordcloud(words = names(x), freq = x, random.order = random_order, :
     representations could not be fit on page. It will not be plotted.
    Warning in wordcloud(words = names(x), freq = x, random.order = random_order, :
     specified could not be fit on page. It will not be plotted.
    Warning in wordcloud(words = names(x), freq = x, random.order = random_order, :
     squared could not be fit on page. It will not be plotted.
    Warning in wordcloud(words = names(x), freq = x, random.order = random_order, :
     algorithm could not be fit on page. It will not be plotted.
    Warning in wordcloud(words = names(x), freq = x, random.order = random_order, :
     approaches could not be fit on page. It will not be plotted.
    Warning in wordcloud(words = names(x), freq = x, random.order = random_order, :
     asp could not be fit on page. It will not be plotted.
    Warning in wordcloud(words = names(x), freq = x, random.order = random_order, :
     bias-reducing could not be fit on page. It will not be plotted.
    Warning in wordcloud(words = names(x), freq = x, random.order = random_order, :
     bias-reduction could not be fit on page. It will not be plotted.
    Warning in wordcloud(words = names(x), freq = x, random.order = random_order, :
     brglm could not be fit on page. It will not be plotted.
    Warning in wordcloud(words = names(x), freq = x, random.order = random_order, :
     brglmfit could not be fit on page. It will not be plotted.
    Warning in wordcloud(words = names(x), freq = x, random.order = random_order, :
     cordeiro could not be fit on page. It will not be plotted.
    Warning in wordcloud(words = names(x), freq = x, random.order = random_order, :
     detecting could not be fit on page. It will not be plotted.
    Warning in wordcloud(words = names(x), freq = x, random.order = random_order, :
     direct could not be fit on page. It will not be plotted.
    Warning in wordcloud(words = names(x), freq = x, random.order = random_order, :
     estimate could not be fit on page. It will not be plotted.
    Warning in wordcloud(words = names(x), freq = x, random.order = random_order, :
     estimator could not be fit on page. It will not be plotted.
    Warning in wordcloud(words = names(x), freq = x, random.order = random_order, :
     fisher could not be fit on page. It will not be plotted.
    Warning in wordcloud(words = names(x), freq = x, random.order = random_order, :
     mccullagh could not be fit on page. It will not be plotted.
    Warning in wordcloud(words = names(x), freq = x, random.order = random_order, :
     multinomial could not be fit on page. It will not be plotted.
    Warning in wordcloud(words = names(x), freq = x, random.order = random_order, :
     post-fit could not be fit on page. It will not be plotted.
    Warning in wordcloud(words = names(x), freq = x, random.order = random_order, :
     quasi-complete could not be fit on page. It will not be plotted.
    Warning in wordcloud(words = names(x), freq = x, random.order = random_order, :
     scoring could not be fit on page. It will not be plotted.
    Warning in wordcloud(words = names(x), freq = x, random.order = random_order, :
     solving could not be fit on page. It will not be plotted.
    Warning in wordcloud(words = names(x), freq = x, random.order = random_order, :
     special could not be fit on page. It will not be plotted.
    Warning in wordcloud(words = names(x), freq = x, random.order = random_order, :
     stable could not be fit on page. It will not be plotted.
    Warning in wordcloud(words = names(x), freq = x, random.order = random_order, :
     subtraction could not be fit on page. It will not be plotted.
    Warning in wordcloud(words = names(x), freq = x, random.order = random_order, :
     aston could not be fit on page. It will not be plotted.
    Warning in wordcloud(words = names(x), freq = x, random.order = random_order, :
     covariancex could not be fit on page. It will not be plotted.
    Warning in wordcloud(words = names(x), freq = x, random.order = random_order, :
     dimensional could not be fit on page. It will not be plotted.
    Warning in wordcloud(words = names(x), freq = x, random.order = random_order, :
     euclidaos could not be fit on page. It will not be plotted.
    Warning in wordcloud(words = names(x), freq = x, random.order = random_order, :
     nonparametric could not be fit on page. It will not be plotted.
    Warning in wordcloud(words = names(x), freq = x, random.order = random_order, :
     operators could not be fit on page. It will not be plotted.
    Warning in wordcloud(words = names(x), freq = x, random.order = random_order, :
     paper could not be fit on page. It will not be plotted.
    Warning in wordcloud(words = names(x), freq = x, random.order = random_order, :
     pigoli could not be fit on page. It will not be plotted.
    Warning in wordcloud(words = names(x), freq = x, random.order = random_order, :
     projecteuclidorg could not be fit on page. It will not be plotted.
    Warning in wordcloud(words = names(x), freq = x, random.order = random_order, :
     samples could not be fit on page. It will not be plotted.
    Warning in wordcloud(words = names(x), freq = x, random.order = random_order, :
     separability could not be fit on page. It will not be plotted.
    Warning in wordcloud(words = names(x), freq = x, random.order = random_order, :
     separable could not be fit on page. It will not be plotted.
    Warning in wordcloud(words = names(x), freq = x, random.order = random_order, :
     shahin could not be fit on page. It will not be plotted.
    Warning in wordcloud(words = names(x), freq = x, random.order = random_order, :
     statist could not be fit on page. It will not be plotted.
    Warning in wordcloud(words = names(x), freq = x, random.order = random_order, :
     structure could not be fit on page. It will not be plotted.
    Warning in wordcloud(words = names(x), freq = x, random.order = random_order, :
     tavakoli could not be fit on page. It will not be plotted.
    Warning in wordcloud(words = names(x), freq = x, random.order = random_order, :
     testing could not be fit on page. It will not be plotted.
    Warning in wordcloud(words = names(x), freq = x, random.order = random_order, :
     analyses could not be fit on page. It will not be plotted.
    Warning in wordcloud(words = names(x), freq = x, random.order = random_order, :
     building could not be fit on page. It will not be plotted.
    Warning in wordcloud(words = names(x), freq = x, random.order = random_order, :
     cleaning could not be fit on page. It will not be plotted.
    Warning in wordcloud(words = names(x), freq = x, random.order = random_order, :
     coerced could not be fit on page. It will not be plotted.
    Warning in wordcloud(words = names(x), freq = x, random.order = random_order, :
     collaboration could not be fit on page. It will not be plotted.
    Warning in wordcloud(words = names(x), freq = x, random.order = random_order, :
     comprehensive could not be fit on page. It will not be plotted.
    Warning in wordcloud(words = names(x), freq = x, random.order = random_order, :
     dependence could not be fit on page. It will not be plotted.
    Warning in wordcloud(words = names(x), freq = x, random.order = random_order, :
     depends could not be fit on page. It will not be plotted.
    Warning in wordcloud(words = names(x), freq = x, random.order = random_order, :
     directives could not be fit on page. It will not be plotted.
    Warning in wordcloud(words = names(x), freq = x, random.order = random_order, :
     enhances could not be fit on page. It will not be plotted.
    Warning in wordcloud(words = names(x), freq = x, random.order = random_order, :
     igraph could not be fit on page. It will not be plotted.
    Warning in wordcloud(words = names(x), freq = x, random.order = random_order, :
     imports could not be fit on page. It will not be plotted.
    Warning in wordcloud(words = names(x), freq = x, random.order = random_order, :
     linking could not be fit on page. It will not be plotted.
    Warning in wordcloud(words = names(x), freq = x, random.order = random_order, :
     organizing could not be fit on page. It will not be plotted.
    Warning in wordcloud(words = names(x), freq = x, random.order = random_order, :
     packageigraph could not be fit on page. It will not be plotted.
    Warning in wordcloud(words = names(x), freq = x, random.order = random_order, :
     suggests could not be fit on page. It will not be plotted.
    Warning in wordcloud(words = names(x), freq = x, random.order = random_order, :
     addition could not be fit on page. It will not be plotted.
    Warning in wordcloud(words = names(x), freq = x, random.order = random_order, :
     apply could not be fit on page. It will not be plotted.
    Warning in wordcloud(words = names(x), freq = x, random.order = random_order, :
     betareg could not be fit on page. It will not be plotted.
    Warning in wordcloud(words = names(x), freq = x, random.order = random_order, :
     carry could not be fit on page. It will not be plotted.
    Warning in wordcloud(words = names(x), freq = x, random.order = random_order, :
     current could not be fit on page. It will not be plotted.
    Warning in wordcloud(words = names(x), freq = x, random.order = random_order, :
     customizable could not be fit on page. It will not be plotted.
    Warning in wordcloud(words = names(x), freq = x, random.order = random_order, :
     densities could not be fit on page. It will not be plotted.
    Warning in wordcloud(words = names(x), freq = x, random.order = random_order, :
     enriching could not be fit on page. It will not be plotted.
    Warning in wordcloud(words = names(x), freq = x, random.order = random_order, :
     expected could not be fit on page. It will not be plotted.
    Warning in wordcloud(words = names(x), freq = x, random.order = random_order, :
     family could not be fit on page. It will not be plotted.
    Warning in wordcloud(words = names(x), freq = x, random.order = random_order, :
     first-order could not be fit on page. It will not be plotted.
    Warning in wordcloud(words = names(x), freq = x, random.order = random_order, :
     link-glm could not be fit on page. It will not be plotted.
    Warning in wordcloud(words = names(x), freq = x, random.order = random_order, :
     list-like could not be fit on page. It will not be plotted.
    Warning in wordcloud(words = names(x), freq = x, random.order = random_order, :
     matrix could not be fit on page. It will not be plotted.
    Warning in wordcloud(words = names(x), freq = x, random.order = random_order, :
     object could not be fit on page. It will not be plotted.
    Warning in wordcloud(words = names(x), freq = x, random.order = random_order, :
     object-specific could not be fit on page. It will not be plotted.
    Warning in wordcloud(words = names(x), freq = x, random.order = random_order, :
     observed could not be fit on page. It will not be plotted.
    Warning in wordcloud(words = names(x), freq = x, random.order = random_order, :
     preserve could not be fit on page. It will not be plotted.
    Warning in wordcloud(words = names(x), freq = x, random.order = random_order, :
     probabilities could not be fit on page. It will not be plotted.
    Warning in wordcloud(words = names(x), freq = x, random.order = random_order, :
     produce could not be fit on page. It will not be plotted.
    Warning in wordcloud(words = names(x), freq = x, random.order = random_order, :
     quantiles could not be fit on page. It will not be plotted.
    Warning in wordcloud(words = names(x), freq = x, random.order = random_order, :
     relevant could not be fit on page. It will not be plotted.
    Warning in wordcloud(words = names(x), freq = x, random.order = random_order, :
     results could not be fit on page. It will not be plotted.
    Warning in wordcloud(words = names(x), freq = x, random.order = random_order, :
     simulate could not be fit on page. It will not be plotted.
    Warning in wordcloud(words = names(x), freq = x, random.order = random_order, :
     source could not be fit on page. It will not be plotted.
    Warning in wordcloud(words = names(x), freq = x, random.order = random_order, :
     still could not be fit on page. It will not be plotted.
    Warning in wordcloud(words = names(x), freq = x, random.order = random_order, :
     templates could not be fit on page. It will not be plotted.
    Warning in wordcloud(words = names(x), freq = x, random.order = random_order, :
     usual could not be fit on page. It will not be plotted.
    Warning in wordcloud(words = names(x), freq = x, random.order = random_order, :
     values could not be fit on page. It will not be plotted.
    Warning in wordcloud(words = names(x), freq = x, random.order = random_order, :
     chernoff could not be fit on page. It will not be plotted.
    Warning in wordcloud(words = names(x), freq = x, random.order = random_order, :
     face could not be fit on page. It will not be plotted.
    Warning in wordcloud(words = names(x), freq = x, random.order = random_order, :
     faces could not be fit on page. It will not be plotted.
    Warning in wordcloud(words = names(x), freq = x, random.order = random_order, :
     geom could not be fit on page. It will not be plotted.
    Warning in wordcloud(words = names(x), freq = x, random.order = random_order, :
     ggplot could not be fit on page. It will not be plotted.
    Warning in wordcloud(words = names(x), freq = x, random.order = random_order, :
     human-like could not be fit on page. It will not be plotted.
    Warning in wordcloud(words = names(x), freq = x, random.order = random_order, :
     maps could not be fit on page. It will not be plotted.
    Warning in wordcloud(words = names(x), freq = x, random.order = random_order, :
     allows could not be fit on page. It will not be plotted.
    Warning in wordcloud(words = names(x), freq = x, random.order = random_order, :
     dynamic could not be fit on page. It will not be plotted.
    Warning in wordcloud(words = names(x), freq = x, random.order = random_order, :
     inferred could not be fit on page. It will not be plotted.
    Warning in wordcloud(words = names(x), freq = x, random.order = random_order, :
     inhibitors could not be fit on page. It will not be plotted.
    Warning in wordcloud(words = names(x), freq = x, random.order = random_order, :
     interventions could not be fit on page. It will not be plotted.
    Warning in wordcloud(words = names(x), freq = x, random.order = random_order, :
     microarray could not be fit on page. It will not be plotted.
    Warning in wordcloud(words = names(x), freq = x, random.order = random_order, :
     timecourse could not be fit on page. It will not be plotted.
    Warning in wordcloud(words = names(x), freq = x, random.order = random_order, :
     component could not be fit on page. It will not be plotted.
    Warning in wordcloud(words = names(x), freq = x, random.order = random_order, :
     equivariance could not be fit on page. It will not be plotted.
    Warning in wordcloud(words = names(x), freq = x, random.order = random_order, :
     modified could not be fit on page. It will not be plotted.
    Warning in wordcloud(words = names(x), freq = x, random.order = random_order, :
     pagui could not be fit on page. It will not be plotted.
    Warning in wordcloud(words = names(x), freq = x, random.order = random_order, :
     problem could not be fit on page. It will not be plotted.
    Warning in wordcloud(words = names(x), freq = x, random.order = random_order, :
     reparameterizations could not be fit on page. It will not be plotted.
    Warning in wordcloud(words = names(x), freq = x, random.order = random_order, :
     respects could not be fit on page. It will not be plotted.
    Warning in wordcloud(words = names(x), freq = x, random.order = random_order, :
     solves could not be fit on page. It will not be plotted.
    Warning in wordcloud(words = names(x), freq = x, random.order = random_order, :
     chain could not be fit on page. It will not be plotted.
    Warning in wordcloud(words = names(x), freq = x, random.order = random_order, :
     computation could not be fit on page. It will not be plotted.
    Warning in wordcloud(words = names(x), freq = x, random.order = random_order, :
     effective could not be fit on page. It will not be plotted.
    Warning in wordcloud(words = names(x), freq = x, random.order = random_order, :
     estimations could not be fit on page. It will not be plotted.
    Warning in wordcloud(words = names(x), freq = x, random.order = random_order, :
     estimators could not be fit on page. It will not be plotted.
    Warning in wordcloud(words = names(x), freq = x, random.order = random_order, :
     expectation could not be fit on page. It will not be plotted.
    Warning in wordcloud(words = names(x), freq = x, random.order = random_order, :
     markov could not be fit on page. It will not be plotted.
    Warning in wordcloud(words = names(x), freq = x, random.order = random_order, :
     mcmc could not be fit on page. It will not be plotted.
    Warning in wordcloud(words = names(x), freq = x, random.order = random_order, :
     plotting could not be fit on page. It will not be plotted.
    Warning in wordcloud(words = names(x), freq = x, random.order = random_order, :
     quantile could not be fit on page. It will not be plotted.
    Warning in wordcloud(words = names(x), freq = x, random.order = random_order, :
     settings could not be fit on page. It will not be plotted.
    Warning in wordcloud(words = names(x), freq = x, random.order = random_order, :
     supported could not be fit on page. It will not be plotted.
    Warning in wordcloud(words = names(x), freq = x, random.order = random_order, :
     academic could not be fit on page. It will not be plotted.
    Warning in wordcloud(words = names(x), freq = x, random.order = random_order, :
     asset could not be fit on page. It will not be plotted.
    Warning in wordcloud(words = names(x), freq = x, random.order = random_order, :
     assets could not be fit on page. It will not be plotted.
    Warning in wordcloud(words = names(x), freq = x, random.order = random_order, :
     conditional could not be fit on page. It will not be plotted.
    Warning in wordcloud(words = names(x), freq = x, random.order = random_order, :
     conducting could not be fit on page. It will not be plotted.
    Warning in wordcloud(words = names(x), freq = x, random.order = random_order, :
     managers could not be fit on page. It will not be plotted.
    Warning in wordcloud(words = names(x), freq = x, random.order = random_order, :
     portfolio could not be fit on page. It will not be plotted.
    Warning in wordcloud(words = names(x), freq = x, random.order = random_order, :
     portfolios could not be fit on page. It will not be plotted.
    Warning in wordcloud(words = names(x), freq = x, random.order = random_order, :
     procedure could not be fit on page. It will not be plotted.
    Warning in wordcloud(words = names(x), freq = x, random.order = random_order, :
     researchers could not be fit on page. It will not be plotted.
    Warning in wordcloud(words = names(x), freq = x, random.order = random_order, :
     sorting could not be fit on page. It will not be plotted.
    Warning in wordcloud(words = names(x), freq = x, random.order = random_order, :
     sorts could not be fit on page. It will not be plotted.
    Warning in wordcloud(words = names(x), freq = x, random.order = random_order, :
     three could not be fit on page. It will not be plotted.
    Warning in wordcloud(words = names(x), freq = x, random.order = random_order, :
     unconditional could not be fit on page. It will not be plotted.
    Warning in wordcloud(words = names(x), freq = x, random.order = random_order, :
     doc could not be fit on page. It will not be plotted.
    Warning in wordcloud(words = names(x), freq = x, random.order = random_order, :
     evaluate could not be fit on page. It will not be plotted.
    Warning in wordcloud(words = names(x), freq = x, random.order = random_order, :
     glmlike could not be fit on page. It will not be plotted.
    Warning in wordcloud(words = names(x), freq = x, random.order = random_order, :
     profiles could not be fit on page. It will not be plotted.
    Warning in wordcloud(words = names(x), freq = x, random.order = random_order, :
     rnews could not be fit on page. It will not be plotted.
    Warning in wordcloud(words = names(x), freq = x, random.order = random_order, :
     rnewspdf could not be fit on page. It will not be plotted.
    Warning in wordcloud(words = names(x), freq = x, random.order = random_order, :
     wwwr-projectorg could not be fit on page. It will not be plotted.
    Warning in wordcloud(words = names(x), freq = x, random.order = random_order, :
     approximation could not be fit on page. It will not be plotted.
    Warning in wordcloud(words = names(x), freq = x, random.order = random_order, :
     measures could not be fit on page. It will not be plotted.
    Warning in wordcloud(words = names(x), freq = x, random.order = random_order, :
     variances could not be fit on page. It will not be plotted.
    Warning in wordcloud(words = names(x), freq = x, random.order = random_order, :
     couple could not be fit on page. It will not be plotted.
    Warning in wordcloud(words = names(x), freq = x, random.order = random_order, :
     facilitate could not be fit on page. It will not be plotted.
    Warning in wordcloud(words = names(x), freq = x, random.order = random_order, :
     widgets could not be fit on page. It will not be plotted.
    Warning in wordcloud(words = names(x), freq = x, random.order = random_order, :
     gee could not be fit on page. It will not be plotted.
    Warning in wordcloud(words = names(x), freq = x, random.order = random_order, :
     methodology could not be fit on page. It will not be plotted.
    Warning in wordcloud(words = names(x), freq = x, random.order = random_order, :
     repeated could not be fit on page. It will not be plotted.
    Warning in wordcloud(words = names(x), freq = x, random.order = random_order, :
     attributes could not be fit on page. It will not be plotted.
    Warning in wordcloud(words = names(x), freq = x, random.order = random_order, :
     city could not be fit on page. It will not be plotted.
    Warning in wordcloud(words = names(x), freq = x, random.order = random_order, :
     come could not be fit on page. It will not be plotted.
    Warning in wordcloud(words = names(x), freq = x, random.order = random_order, :
     constructing could not be fit on page. It will not be plotted.
    Warning in wordcloud(words = names(x), freq = x, random.order = random_order, :
     country could not be fit on page. It will not be plotted.
    Warning in wordcloud(words = names(x), freq = x, random.order = random_order, :
     details could not be fit on page. It will not be plotted.
    Warning in wordcloud(words = names(x), freq = x, random.order = random_order, :
     events could not be fit on page. It will not be plotted.
    Warning in wordcloud(words = names(x), freq = x, random.order = random_order, :
     gave could not be fit on page. It will not be plotted.
    Warning in wordcloud(words = names(x), freq = x, random.order = random_order, :
     gives could not be fit on page. It will not be plotted.
    Warning in wordcloud(words = names(x), freq = x, random.order = random_order, :
     grouping could not be fit on page. It will not be plotted.
    Warning in wordcloud(words = names(x), freq = x, random.order = random_order, :
     institution could not be fit on page. It will not be plotted.
    Warning in wordcloud(words = names(x), freq = x, random.order = random_order, :
     leaflet could not be fit on page. It will not be plotted.
    Warning in wordcloud(words = names(x), freq = x, random.order = random_order, :
     maintaining could not be fit on page. It will not be plotted.
    Warning in wordcloud(words = names(x), freq = x, random.order = random_order, :
     mapping could not be fit on page. It will not be plotted.
    Warning in wordcloud(words = names(x), freq = x, random.order = random_order, :
     markers could not be fit on page. It will not be plotted.
    Warning in wordcloud(words = names(x), freq = x, random.order = random_order, :
     materials could not be fit on page. It will not be plotted.
    Warning in wordcloud(words = names(x), freq = x, random.order = random_order, :
     ones could not be fit on page. It will not be plotted.
    Warning in wordcloud(words = names(x), freq = x, random.order = random_order, :
     particular could not be fit on page. It will not be plotted.
    Warning in wordcloud(words = names(x), freq = x, random.order = random_order, :
     popups could not be fit on page. It will not be plotted.
    Warning in wordcloud(words = names(x), freq = x, random.order = random_order, :
     year could not be fit on page. It will not be plotted.
    Warning in wordcloud(words = names(x), freq = x, random.order = random_order, :
     analysed could not be fit on page. It will not be plotted.
    Warning in wordcloud(words = names(x), freq = x, random.order = random_order, :
     clean could not be fit on page. It will not be plotted.
    Warning in wordcloud(words = names(x), freq = x, random.order = random_order, :
     competition could not be fit on page. It will not be plotted.
    Warning in wordcloud(words = names(x), freq = x, random.order = random_order, :
     demonstrations could not be fit on page. It will not be plotted.
    Warning in wordcloud(words = names(x), freq = x, random.order = random_order, :
     extensible could not be fit on page. It will not be plotted.
    Warning in wordcloud(words = names(x), freq = x, random.order = random_order, :
     extract could not be fit on page. It will not be plotted.
    Warning in wordcloud(words = names(x), freq = x, random.order = random_order, :
     flexible could not be fit on page. It will not be plotted.
    Warning in wordcloud(words = names(x), freq = x, random.order = random_order, :
     frick could not be fit on page. It will not be plotted.
    Warning in wordcloud(words = names(x), freq = x, random.order = random_order, :
     handling could not be fit on page. It will not be plotted.
    Warning in wordcloud(words = names(x), freq = x, random.order = random_order, :
     infrastructure could not be fit on page. It will not be plotted.
    Warning in wordcloud(words = names(x), freq = x, random.order = random_order, :
     jssv could not be fit on page. It will not be plotted.
    Warning in wordcloud(words = names(x), freq = x, random.order = random_order, :
     maintained could not be fit on page. It will not be plotted.
    Warning in wordcloud(words = names(x), freq = x, random.order = random_order, :
     real-data could not be fit on page. It will not be plotted.
    Warning in wordcloud(words = names(x), freq = x, random.order = random_order, :
     session-based could not be fit on page. It will not be plotted.
    Warning in wordcloud(words = names(x), freq = x, random.order = random_order, :
     summarised could not be fit on page. It will not be plotted.
    Warning in wordcloud(words = names(x), freq = x, random.order = random_order, :
     trackerdata could not be fit on page. It will not be plotted.
    Warning in wordcloud(words = names(x), freq = x, random.order = random_order, :
     unit-aware could not be fit on page. It will not be plotted.
    Warning in wordcloud(words = names(x), freq = x, random.order = random_order, :
     vignettes could not be fit on page. It will not be plotted.
    Warning in wordcloud(words = names(x), freq = x, random.order = random_order, :
     visualised could not be fit on page. It will not be plotted.
    Warning in wordcloud(words = names(x), freq = x, random.order = random_order, :
     within could not be fit on page. It will not be plotted.
    Warning in wordcloud(words = names(x), freq = x, random.order = random_order, :
     workout could not be fit on page. It will not be plotted.
    Warning in wordcloud(words = names(x), freq = x, random.order = random_order, :
     integrated could not be fit on page. It will not be plotted.
    Warning in wordcloud(words = names(x), freq = x, random.order = random_order, :
     packagetracker could not be fit on page. It will not be plotted.
    Warning in wordcloud(words = names(x), freq = x, random.order = random_order, :
     tracker could not be fit on page. It will not be plotted.
    Warning in wordcloud(words = names(x), freq = x, random.order = random_order, :
     workflow could not be fit on page. It will not be plotted.
    --- finished re-building ‘extractors.Rmd’
    
    --- re-building ‘glms.Rmd’ using rmarkdown
    Warning in engine$weave(file, quiet = quiet, encoding = enc) :
     Pandoc (>= 1.12.3) and/or pandoc-citeproc not available. Falling back to R Markdown v1.
    Quitting from lines 48-49 (glms.Rmd)
    Error: processing vignette 'glms.Rmd' failed with diagnostics:
    cannot open the connection
    --- failed re-building ‘glms.Rmd’
    
    SUMMARY: processing the following files failed:
     ‘cranly.Rmd’ ‘dependence_trees.Rmd’ ‘glms.Rmd’
    
    Error: Vignette re-building failed.
    Execution halted
Flavor: r-release-osx-x86_64

Version: 0.5.3
Check: re-building of vignette outputs
Result: WARN
    Error in re-building vignettes:
     ...
    Warning in engine$weave(file, quiet = quiet, encoding = enc) :
     Pandoc (>= 1.12.3) and/or pandoc-citeproc not available. Falling back to R Markdown v1.
    Quitting from lines 77-78 (cranly.Rmd)
    Error: processing vignette 'cranly.Rmd' failed with diagnostics:
    cannot open the connection
    Execution halted
Flavor: r-oldrel-osx-x86_64