CRAN Package Check Results for Package crayon

Last updated on 2022-09-30 05:50:46 CEST.

Flavor Version Tinstall Tcheck Ttotal Status Flags
r-devel-linux-x86_64-debian-clang 1.5.1 3.36 36.84 40.20 OK
r-devel-linux-x86_64-debian-gcc 1.5.1 2.52 28.13 30.65 OK
r-devel-linux-x86_64-fedora-clang 1.5.1 64.80 OK
r-devel-linux-x86_64-fedora-gcc 1.5.2 65.42 OK
r-devel-windows-x86_64 1.5.1 21.00 77.00 98.00 OK
r-patched-linux-x86_64 1.5.1 3.78 34.42 38.20 OK
r-release-linux-x86_64 1.5.1 3.24 34.50 37.74 OK
r-release-macos-arm64 1.5.2 29.00 OK
r-release-macos-x86_64 1.5.1 27.00 OK
r-release-windows-x86_64 1.5.1 32.00 66.00 98.00 OK
r-oldrel-macos-arm64 1.5.2 33.00 OK
r-oldrel-macos-x86_64 1.5.1 45.00 OK
r-oldrel-windows-ix86+x86_64 1.5.1 15.00 71.00 86.00 WARN

Check Details

Version: 1.5.1
Check: for unstated dependencies in ‘tests’
Result: WARN
    Warning: unable to access index for repository https://bioconductor.org/packages/3.14/bioc/src/contrib:
     cannot open URL 'https://bioconductor.org/packages/3.14/bioc/src/contrib/PACKAGES'
    Warning: unable to access index for repository https://bioconductor.org/packages/3.14/data/annotation/src/contrib:
     cannot open URL 'https://bioconductor.org/packages/3.14/data/annotation/src/contrib/PACKAGES'
    Warning: unable to access index for repository https://bioconductor.org/packages/3.14/data/experiment/src/contrib:
     cannot open URL 'https://bioconductor.org/packages/3.14/data/experiment/src/contrib/PACKAGES'
Flavor: r-oldrel-windows-ix86+x86_64