CRAN Package Check Results for Package crimeutils

Last updated on 2022-01-23 05:57:48 CET.

Flavor Version Tinstall Tcheck Ttotal Status Flags
r-devel-linux-x86_64-debian-clang 0.3.0 3.04 46.32 49.36 NOTE
r-devel-linux-x86_64-debian-gcc 0.3.0 2.54 38.24 40.78 NOTE
r-devel-linux-x86_64-fedora-clang 0.3.0 60.65 NOTE
r-devel-linux-x86_64-fedora-gcc 0.3.0 47.99 NOTE
r-devel-windows-x86_64-new-UL 0.3.0 51.00 65.00 116.00 NOTE
r-devel-windows-x86_64-new-TK 0.3.0 NOTE
r-patched-linux-x86_64 0.3.0 3.58 43.33 46.91 NOTE
r-release-linux-x86_64 0.3.0 3.33 43.49 46.82 NOTE
r-release-macos-arm64 0.3.0 NOTE
r-release-macos-x86_64 0.3.0 NOTE
r-release-windows-ix86+x86_64 0.3.0 8.00 56.00 64.00 NOTE
r-oldrel-macos-x86_64 0.3.0 OK
r-oldrel-windows-ix86+x86_64 0.3.0 8.00 57.00 65.00 OK

Check Details

Version: 0.3.0
Check: LazyData
Result: NOTE
     'LazyData' is specified without a 'data' directory
Flavors: r-devel-linux-x86_64-debian-clang, r-devel-linux-x86_64-debian-gcc, r-devel-linux-x86_64-fedora-clang, r-devel-linux-x86_64-fedora-gcc, r-devel-windows-x86_64-new-UL, r-devel-windows-x86_64-new-TK, r-patched-linux-x86_64, r-release-linux-x86_64, r-release-macos-arm64, r-release-macos-x86_64, r-release-windows-ix86+x86_64