CRAN Package Check Results for Package critpath

Last updated on 2024-06-13 06:57:58 CEST.

Flavor Version Tinstall Tcheck Ttotal Status Flags
r-devel-linux-x86_64-debian-clang 0.2.2 6.99 103.10 110.09 OK
r-devel-linux-x86_64-debian-gcc 0.2.2 0.71 1.70 2.41 ERROR
r-devel-linux-x86_64-fedora-clang 0.2.2 138.08 NOTE
r-devel-linux-x86_64-fedora-gcc 0.2.2 143.79 OK
r-devel-windows-x86_64 0.2.2 8.00 91.00 99.00 NOTE
r-patched-linux-x86_64 0.2.2 10.55 95.51 106.06 OK
r-release-linux-x86_64 0.2.2 6.22 95.37 101.59 OK
r-release-macos-arm64 0.2.2 47.00 NOTE
r-release-macos-x86_64 0.2.2 70.00 NOTE
r-release-windows-x86_64 0.2.2 10.00 93.00 103.00 NOTE
r-oldrel-macos-arm64 0.2.2 46.00 NOTE
r-oldrel-macos-x86_64 0.2.2 101.00 NOTE
r-oldrel-windows-x86_64 0.2.2 13.00 109.00 122.00 NOTE

Check Details

Version: 0.2.2
Check: package dependencies
Result: ERROR Packages required but not available: 'DiagrammeR', 'ggplot2', 'reshape2', 'dplyr', 'stringr' See section ‘The DESCRIPTION file’ in the ‘Writing R Extensions’ manual. Flavor: r-devel-linux-x86_64-debian-gcc

Version: 0.2.2
Check: installed package size
Result: NOTE installed size is 6.6Mb sub-directories of 1Mb or more: doc 6.4Mb Flavors: r-devel-linux-x86_64-fedora-clang, r-devel-windows-x86_64, r-release-macos-arm64, r-release-macos-x86_64, r-release-windows-x86_64, r-oldrel-macos-arm64, r-oldrel-macos-x86_64, r-oldrel-windows-x86_64