Last updated on 2022-05-28 05:53:05 CEST.
Flavor | Version | Tinstall | Tcheck | Ttotal | Status | Flags |
---|---|---|---|---|---|---|
r-devel-linux-x86_64-debian-clang | 1.0.1 | 12.53 | 99.62 | 112.15 | OK | |
r-devel-linux-x86_64-debian-gcc | 1.0.1 | 9.46 | 73.53 | 82.99 | OK | |
r-devel-linux-x86_64-fedora-clang | 1.0.1 | 128.31 | NOTE | |||
r-devel-linux-x86_64-fedora-gcc | 1.0.1 | 125.14 | NOTE | |||
r-devel-windows-x86_64 | 1.0.1 | 22.00 | 114.00 | 136.00 | OK | |
r-patched-linux-x86_64 | 1.0.1 | 7.40 | 93.75 | 101.15 | OK | |
r-release-linux-x86_64 | 1.0.1 | 7.19 | 91.93 | 99.12 | OK | |
r-release-macos-arm64 | 1.0.1 | 36.00 | NOTE | |||
r-release-macos-x86_64 | 1.0.1 | 66.00 | NOTE | |||
r-release-windows-x86_64 | 1.0.1 | 25.00 | 120.00 | 145.00 | OK | |
r-oldrel-macos-arm64 | 1.0.1 | 37.00 | NOTE | |||
r-oldrel-macos-x86_64 | 1.0.1 | 49.00 | NOTE | |||
r-oldrel-windows-ix86+x86_64 | 1.0.1 | 26.00 | 111.00 | 137.00 | OK |
Version: 1.0.1
Check: dependencies in R code
Result: NOTE
Namespaces in Imports field not imported from:
‘Rdpack’ ‘pacman’
All declared Imports should be used.
Flavors: r-devel-linux-x86_64-fedora-clang, r-devel-linux-x86_64-fedora-gcc, r-release-macos-arm64, r-release-macos-x86_64, r-oldrel-macos-arm64, r-oldrel-macos-x86_64