CRAN Package Check Results for Package crossword.r

Last updated on 2021-12-06 05:53:06 CET.

Flavor Version Tinstall Tcheck Ttotal Status Flags
r-devel-linux-x86_64-debian-clang 0.3.6 2.69 32.50 35.19 NOTE
r-devel-linux-x86_64-debian-gcc 0.3.6 2.83 26.05 28.88 NOTE
r-devel-linux-x86_64-fedora-clang 0.3.6 44.42 NOTE
r-devel-linux-x86_64-fedora-gcc 0.3.6 33.38 NOTE
r-devel-windows-x86_64-new-UL 0.3.6 8.00 57.00 65.00 NOTE
r-devel-windows-x86_64-new-TK 0.3.6 NOTE
r-devel-windows-x86_64-old 0.3.6 5.00 33.00 38.00 NOTE
r-patched-linux-x86_64 0.3.6 7.45 23.07 30.52 NOTE
r-release-linux-x86_64 0.3.6 3.43 31.14 34.57 NOTE
r-release-macos-arm64 0.3.6 NOTE
r-release-macos-x86_64 0.3.6 NOTE
r-release-windows-ix86+x86_64 0.3.6 7.00 41.00 48.00 NOTE
r-oldrel-macos-x86_64 0.3.6 NOTE
r-oldrel-windows-ix86+x86_64 0.3.6 6.00 40.00 46.00 OK

Check Details

Version: 0.3.6
Check: LazyData
Result: NOTE
     'LazyData' is specified without a 'data' directory
Flavors: r-devel-linux-x86_64-debian-clang, r-devel-linux-x86_64-debian-gcc, r-devel-linux-x86_64-fedora-clang, r-devel-linux-x86_64-fedora-gcc, r-devel-windows-x86_64-new-UL, r-devel-windows-x86_64-new-TK, r-devel-windows-x86_64-old, r-patched-linux-x86_64, r-release-linux-x86_64, r-release-macos-arm64, r-release-macos-x86_64, r-release-windows-ix86+x86_64

Version: 0.3.6
Check: dependencies in R code
Result: NOTE
    Namespaces in Imports field not imported from:
     ‘R6’ ‘dplyr’ ‘r6extended’
     All declared Imports should be used.
Flavors: r-devel-linux-x86_64-fedora-clang, r-devel-linux-x86_64-fedora-gcc, r-devel-windows-x86_64-new-TK, r-release-macos-arm64, r-release-macos-x86_64, r-oldrel-macos-x86_64