CRAN Package Check Results for Package crs

Last updated on 2024-06-23 06:56:30 CEST.

Flavor Version Tinstall Tcheck Ttotal Status Flags
r-devel-linux-x86_64-debian-clang 0.15-37 314.76 264.62 579.38 OK
r-devel-linux-x86_64-debian-gcc 0.15-37 253.85 191.94 445.79 OK
r-devel-linux-x86_64-fedora-clang 0.15-37 851.69 OK
r-devel-linux-x86_64-fedora-gcc 0.15-37 888.98 OK
r-devel-windows-x86_64 0.15-37 274.00 179.00 453.00 OK --no-vignettes
r-patched-linux-x86_64 0.15-37 307.04 251.77 558.81 OK
r-release-linux-x86_64 0.15-37 298.62 246.74 545.36 OK
r-release-macos-arm64 0.15-37 226.00 NOTE
r-release-macos-x86_64 0.15-37 221.00 NOTE
r-release-windows-x86_64 0.15-37 277.00 171.00 448.00 OK --no-vignettes
r-oldrel-macos-arm64 0.15-37 340.00 NOTE
r-oldrel-macos-x86_64 0.15-37 426.00 NOTE
r-oldrel-windows-x86_64 0.15-37 320.00 165.00 485.00 OK --no-vignettes

Additional issues

noRemap

Check Details

Version: 0.15-37
Check: installed package size
Result: NOTE installed size is 29.2Mb sub-directories of 1Mb or more: libs 27.6Mb Flavors: r-release-macos-arm64, r-release-macos-x86_64, r-oldrel-macos-arm64, r-oldrel-macos-x86_64

Version: 0.15-37
Check: re-building of vignette outputs
Result: NOTE Error(s) in re-building vignettes: --- re-building ‘crs.Rnw’ using Sweave Registered S3 method overwritten by 'crs': method from predict.gsl.bs np Categorical Regression Splines (version 0.15-37) [vignette("crs_faq") provides answers to frequently asked questions] --- finished re-building ‘crs.Rnw’ --- re-building ‘crs_faq.Rnw’ using Sweave --- finished re-building ‘crs_faq.Rnw’ --- re-building ‘spline_primer.Rnw’ using Sweave Registered S3 method overwritten by 'crs': method from predict.gsl.bs np Categorical Regression Splines (version 0.15-37) [vignette("crs_faq") provides answers to frequently asked questions] Error: processing vignette 'spline_primer.Rnw' failed with diagnostics: Running 'texi2dvi' on 'spline_primer.tex' failed. LaTeX errors: ! LaTeX Error: File `harvard.sty' not found. Type X to quit or <RETURN> to proceed, or enter new name. (Default extension: sty) ! Emergency stop. <read *> l.11 \usepackage [utf8]{inputenc}^^M ! ==> Fatal error occurred, no output PDF file produced! --- failed re-building ‘spline_primer.Rnw’ SUMMARY: processing the following file failed: ‘spline_primer.Rnw’ Error: Vignette re-building failed. Execution halted Flavor: r-oldrel-macos-x86_64