CRAN Package Check Results for Package crypto

Last updated on 2019-09-20 05:46:52 CEST.

Flavor Version Tinstall Tcheck Ttotal Status Flags
r-devel-linux-x86_64-debian-clang 1.1.1 6.17 46.18 52.35 OK
r-devel-linux-x86_64-debian-gcc 1.1.1 5.26 35.62 40.88 ERROR
r-devel-linux-x86_64-fedora-clang 1.1.1 62.69 OK
r-devel-linux-x86_64-fedora-gcc 1.1.1 60.46 OK
r-devel-windows-ix86+x86_64 1.1.1 22.00 91.00 113.00 OK
r-patched-linux-x86_64 1.1.1 6.04 44.06 50.10 ERROR
r-patched-solaris-x86 1.1.1 96.20 OK
r-release-linux-x86_64 1.1.1 5.39 44.54 49.93 OK
r-release-windows-ix86+x86_64 1.1.1 13.00 57.00 70.00 OK
r-release-osx-x86_64 1.1.1 OK
r-oldrel-windows-ix86+x86_64 1.1.1 9.00 56.00 65.00 OK
r-oldrel-osx-x86_64 1.1.1 OK

Check Details

Version: 1.1.1
Check: examples
Result: ERROR
    Running examples in ‘crypto-Ex.R’ failed
    The error most likely occurred in:
    
    > base::assign(".ptime", proc.time(), pos = "CheckExEnv")
    > ### Name: crypto_prices
    > ### Title: Get current crypto currency prices
    > ### Aliases: crypto_prices
    >
    > ### ** Examples
    >
    > {
    + kin_price <- crypto_prices("kin")
    + }
    Warning in open.connection(con, "rb") :
     cannot open URL 'https://api.coinmarketcap.com/v1/ticker/kin/': HTTP status was '429 Unknown Error'
    Error in open.connection(con, "rb") :
     cannot open the connection to 'https://api.coinmarketcap.com/v1/ticker/kin/'
    Calls: crypto_prices ... parse_and_simplify -> parseJSON -> parse_con -> open -> open.connection
    Execution halted
Flavors: r-devel-linux-x86_64-debian-gcc, r-patched-linux-x86_64