CRAN Package Check Results for Package cthist

Last updated on 2022-08-12 05:52:44 CEST.

Flavor Version Tinstall Tcheck Ttotal Status Flags
r-devel-linux-x86_64-debian-clang 1.2.1 4.23 52.87 57.10 OK
r-devel-linux-x86_64-debian-gcc 1.2.1 3.20 0.02 3.22 FAIL
r-devel-linux-x86_64-fedora-clang 1.2.1 78.51 OK
r-devel-linux-x86_64-fedora-gcc 1.2.1 77.50 OK
r-devel-windows-x86_64 1.2.1 30.00 149.00 179.00 OK
r-patched-linux-x86_64 1.2.1 4.02 51.81 55.83 OK
r-release-linux-x86_64 1.2.1 4.66 0.03 4.69 FAIL
r-release-macos-arm64 1.2.1 123.00 OK
r-release-macos-x86_64 1.2.1 132.00 OK
r-release-windows-x86_64 1.2.1 34.00 0.00 34.00 FAIL
r-oldrel-macos-arm64 1.2.1 120.00 OK
r-oldrel-macos-x86_64 1.2.1 132.00 OK
r-oldrel-windows-ix86+x86_64 1.2.1 10.00 61.00 71.00 OK

Check Details

Version: 1.2.1
Check: tests
Result: FAIL
Flavors: r-devel-linux-x86_64-debian-gcc, r-release-linux-x86_64

Version: 1.2.1
Check: tests
Result: FAIL
    Check process probably crashed or hung up for 20 minutes ... killed
    Most likely this happened in the example checks (?),
    if not, ignore the following last lines of example output:
    >
    > ### Name: drks_de_version
    > ### Title: Download a registry entry version from DRKS.de
    > ### Aliases: drks_de_version
    >
    > ### ** Examples
    >
    >
    > ## Not run:
    > ##D version <- drks_de_version("DRKS00005219", 1)
    > ## End(Not run)
    >
    >
    >
    >
    > ### * <FOOTER>
    > ###
    > cleanEx()
    > options(digits = 7L)
    > base::cat("Time elapsed: ", proc.time() - base::get("ptime", pos = 'CheckExEnv'),"\n")
    Time elapsed: 0.73 0.02 0.75 NA NA
    > grDevices::dev.off()
    null device
     1
    > ###
    > ### Local variables: ***
    > ### mode: outline-minor ***
    > ### outline-regexp: "\\(> \\)?### [*]+" ***
    > ### End: ***
    > quit('no')
    ======== End of example output (where/before crash/hang up occured ?) ========
Flavor: r-release-windows-x86_64