CRAN Package Check Results for Package cubfits

Last updated on 2019-08-23 05:46:52 CEST.

Flavor Version Tinstall Tcheck Ttotal Status Flags
r-devel-linux-x86_64-debian-clang 0.1-3 11.28 63.34 74.62 OK
r-devel-linux-x86_64-debian-gcc 0.1-3 9.28 50.00 59.28 OK
r-devel-linux-x86_64-fedora-clang 0.1-3 91.42 OK
r-devel-linux-x86_64-fedora-gcc 0.1-3 90.35 OK
r-devel-windows-ix86+x86_64 0.1-3 30.00 90.00 120.00 OK
r-patched-linux-x86_64 0.1-3 12.24 62.87 75.11 OK
r-patched-solaris-x86 0.1-3 119.00 OK
r-release-linux-x86_64 0.1-3 10.79 63.59 74.38 OK
r-release-windows-ix86+x86_64 0.1-3 33.00 120.00 153.00 OK
r-release-osx-x86_64 0.1-3 NOTE
r-oldrel-windows-ix86+x86_64 0.1-3 26.00 115.00 141.00 OK
r-oldrel-osx-x86_64 0.1-3 NOTE

Check Details

Version: 0.1-3
Check: package dependencies
Result: NOTE
    Package which this enhances but not available for checking: ‘pbdMPI’
Flavors: r-release-osx-x86_64, r-oldrel-osx-x86_64