Last updated on 2022-05-27 05:52:54 CEST.
Flavor | Version | Tinstall | Tcheck | Ttotal | Status | Flags |
---|---|---|---|---|---|---|
r-devel-linux-x86_64-debian-clang | 1.0.2 | 4.22 | 338.01 | 342.23 | OK | |
r-devel-linux-x86_64-debian-gcc | 1.0.2 | 2.63 | 248.78 | 251.41 | OK | |
r-devel-linux-x86_64-fedora-clang | 1.0.2 | 388.30 | OK | |||
r-devel-linux-x86_64-fedora-gcc | 1.0.2 | 386.27 | OK | |||
r-devel-windows-x86_64 | 1.0.2 | 21.00 | 336.00 | 357.00 | OK | |
r-patched-linux-x86_64 | 1.0.2 | 2.61 | 313.12 | 315.73 | OK | |
r-release-linux-x86_64 | 1.0.2 | 2.32 | 319.47 | 321.79 | OK | |
r-release-macos-arm64 | 1.0.2 | 26.00 | NOTE | |||
r-release-macos-x86_64 | 1.0.2 | 40.00 | NOTE | |||
r-release-windows-x86_64 | 1.0.2 | 17.00 | 366.00 | 383.00 | OK | |
r-oldrel-macos-arm64 | 1.0.2 | 33.00 | NOTE | |||
r-oldrel-macos-x86_64 | 1.0.2 | 44.00 | NOTE | |||
r-oldrel-windows-ix86+x86_64 | 1.0.2 | 9.00 | 377.00 | 386.00 | OK |
Version: 1.0.2
Check: dependencies in R code
Result: NOTE
Namespace in Imports field not imported from: ‘pspearman’
All declared Imports should be used.
Flavors: r-release-macos-arm64, r-release-macos-x86_64, r-oldrel-macos-arm64, r-oldrel-macos-x86_64