CRAN Package Check Results for Package cvms

Last updated on 2020-05-30 05:47:59 CEST.

Flavor Version Tinstall Tcheck Ttotal Status Flags
r-devel-linux-x86_64-debian-clang 1.0.1 17.00 398.86 415.86 OK
r-devel-linux-x86_64-debian-gcc 1.0.2 12.96 299.44 312.40 OK
r-devel-linux-x86_64-fedora-clang 1.0.2 503.05 OK
r-devel-linux-x86_64-fedora-gcc 1.0.2 655.40 OK
r-devel-windows-ix86+x86_64 1.0.2 39.00 665.00 704.00 OK
r-patched-linux-x86_64 1.0.2 15.55 394.31 409.86 OK
r-patched-solaris-x86 1.0.2 531.80 NOTE
r-release-linux-x86_64 1.0.1 15.55 397.64 413.19 OK
r-release-osx-x86_64 1.0.1 OK
r-release-windows-ix86+x86_64 1.0.1 26.00 496.00 522.00 OK
r-oldrel-osx-x86_64 1.0.2 OK
r-oldrel-windows-ix86+x86_64 1.0.1 24.00 362.00 386.00 OK

Check Details

Version: 1.0.2
Check: package dependencies
Result: NOTE
    Package suggested but not available for checking: ‘rsvg’
Flavor: r-patched-solaris-x86