CRAN Package Check Results for Package daff

Last updated on 2022-08-08 05:50:23 CEST.

Flavor Version Tinstall Tcheck Ttotal Status Flags
r-devel-linux-x86_64-debian-clang 0.3.5 3.90 40.59 44.49 NOTE
r-devel-linux-x86_64-debian-gcc 0.3.5 2.95 31.41 34.36 NOTE
r-devel-linux-x86_64-fedora-clang 0.3.5 64.17 NOTE
r-devel-linux-x86_64-fedora-gcc 0.3.5 NOTE
r-devel-windows-x86_64 0.3.5 12.00 62.00 74.00 NOTE
r-patched-linux-x86_64 0.3.5 3.62 39.19 42.81 NOTE
r-release-linux-x86_64 0.3.5 NOTE
r-release-macos-arm64 0.3.5 19.00 NOTE
r-release-macos-x86_64 0.3.5 27.00 NOTE
r-release-windows-x86_64 0.3.5 14.00 65.00 79.00 NOTE
r-oldrel-macos-arm64 0.3.5 21.00 NOTE
r-oldrel-macos-x86_64 0.3.5 40.00 NOTE
r-oldrel-windows-ix86+x86_64 0.3.5 10.00 77.00 87.00 NOTE

Check Details

Version: 0.3.5
Check: package subdirectories
Result: NOTE
    Problems with news in 'NEWS.md':
    No news entries found.
Flavors: r-devel-linux-x86_64-debian-clang, r-devel-linux-x86_64-debian-gcc, r-devel-linux-x86_64-fedora-clang, r-devel-linux-x86_64-fedora-gcc, r-devel-windows-x86_64

Version: 0.3.5
Check: LazyData
Result: NOTE
     'LazyData' is specified without a 'data' directory
Flavors: r-devel-linux-x86_64-debian-clang, r-devel-linux-x86_64-debian-gcc, r-devel-linux-x86_64-fedora-clang, r-devel-linux-x86_64-fedora-gcc, r-devel-windows-x86_64, r-patched-linux-x86_64, r-release-linux-x86_64, r-release-macos-arm64, r-release-macos-x86_64, r-release-windows-x86_64, r-oldrel-macos-arm64, r-oldrel-macos-x86_64, r-oldrel-windows-ix86+x86_64