CRAN Package Check Results for Package dataSDA

Last updated on 2024-06-13 06:57:58 CEST.

Flavor Version Tinstall Tcheck Ttotal Status Flags
r-devel-linux-x86_64-debian-clang 0.1.0 5.36 55.15 60.51 OK
r-devel-linux-x86_64-debian-gcc 0.1.0 0.37 1.70 2.07 ERROR
r-devel-linux-x86_64-fedora-clang 0.1.0 80.57 OK
r-devel-linux-x86_64-fedora-gcc 0.1.0 85.88 OK
r-devel-windows-x86_64 0.1.0 6.00 67.00 73.00 OK
r-patched-linux-x86_64 0.1.0 4.50 54.21 58.71 OK
r-release-linux-x86_64 0.1.0 4.68 55.22 59.90 OK
r-release-macos-arm64 0.1.0 30.00 OK
r-release-macos-x86_64 0.1.0 48.00 OK
r-release-windows-x86_64 0.1.0 7.00 70.00 77.00 OK
r-oldrel-macos-arm64 0.1.0 33.00 OK
r-oldrel-macos-x86_64 0.1.0 73.00 OK
r-oldrel-windows-x86_64 0.1.0 8.00 73.00 81.00 OK

Check Details

Version: 0.1.0
Check: package dependencies
Result: ERROR Package required but not available: ‘tidyr’ Packages suggested but not available for checking: 'testthat', 'RSDA' See section ‘The DESCRIPTION file’ in the ‘Writing R Extensions’ manual. Flavor: r-devel-linux-x86_64-debian-gcc