CRAN Package Check Results for Package datarobot

Last updated on 2022-01-25 05:54:39 CET.

Flavor Version Tinstall Tcheck Ttotal Status Flags
r-devel-linux-x86_64-debian-clang 2.18.0 11.64 130.30 141.94 OK
r-devel-linux-x86_64-debian-gcc 2.18.0 9.60 103.86 113.46 OK
r-devel-linux-x86_64-fedora-clang 2.18.0 168.72 OK
r-devel-linux-x86_64-fedora-gcc 2.18.0 226.57 OK
r-devel-windows-x86_64-new-UL 2.18.0 612.00 270.00 882.00 OK
r-devel-windows-x86_64-new-TK 2.18.0 NOTE
r-patched-linux-x86_64 2.18.0 14.38 131.53 145.91 OK
r-release-linux-x86_64 2.18.0 11.31 130.06 141.37 OK
r-release-macos-arm64 2.18.0 OK
r-release-macos-x86_64 2.18.0 OK
r-release-windows-ix86+x86_64 2.18.0 23.00 161.00 184.00 OK
r-oldrel-macos-x86_64 2.18.0 OK
r-oldrel-windows-ix86+x86_64 2.18.0 19.00 157.00 176.00 OK

Check Details

Version: 2.18.0
Check: package dependencies
Result: NOTE
    Package suggested but not available for checking: 'doBy'
Flavor: r-devel-windows-x86_64-new-TK