CRAN Package Check Results for Package dccvalidator

Last updated on 2021-11-29 05:49:42 CET.

Flavor Version Tinstall Tcheck Ttotal Status Flags
r-devel-linux-x86_64-debian-clang 0.3.0 NOTE
r-devel-linux-x86_64-debian-gcc 0.3.0 11.15 98.47 109.62 NOTE
r-devel-linux-x86_64-fedora-clang 0.3.0 188.24 NOTE
r-devel-linux-x86_64-fedora-gcc 0.3.0 176.27 NOTE
r-devel-windows-x86_64-new-UL 0.3.0 30.00 193.00 223.00 NOTE
r-devel-windows-x86_64-new-TK 0.3.0 NOTE
r-devel-windows-x86_64-old 0.3.0 18.00 163.00 181.00 NOTE
r-patched-linux-x86_64 0.3.0 12.49 128.15 140.64 NOTE
r-patched-solaris-x86 0.3.0 267.00 NOTE
r-release-linux-x86_64 0.3.0 12.89 128.06 140.95 NOTE
r-release-macos-arm64 0.3.0 NOTE
r-release-macos-x86_64 0.3.0 NOTE
r-release-windows-ix86+x86_64 0.3.0 33.00 144.00 177.00 NOTE
r-oldrel-macos-x86_64 0.3.0 OK
r-oldrel-windows-ix86+x86_64 0.3.0 31.00 178.00 209.00 OK

Check Details

Version: 0.3.0
Check: LazyData
Result: NOTE
     'LazyData' is specified without a 'data' directory
Flavors: r-devel-linux-x86_64-debian-clang, r-devel-linux-x86_64-debian-gcc, r-devel-linux-x86_64-fedora-clang, r-devel-linux-x86_64-fedora-gcc, r-devel-windows-x86_64-new-UL, r-devel-windows-x86_64-new-TK, r-devel-windows-x86_64-old, r-patched-linux-x86_64, r-patched-solaris-x86, r-release-linux-x86_64, r-release-macos-arm64, r-release-macos-x86_64, r-release-windows-ix86+x86_64