CRAN Package Check Results for Package dclone

Last updated on 2024-06-13 06:57:58 CEST.

Flavor Version Tinstall Tcheck Ttotal Status Flags
r-devel-linux-x86_64-debian-clang 2.3-2 35.42 214.62 250.04 OK
r-devel-linux-x86_64-debian-gcc 2.3-2 0.36 1.73 2.09 ERROR
r-devel-linux-x86_64-fedora-clang 2.3-2 315.73 OK
r-devel-linux-x86_64-fedora-gcc 2.3-2 284.18 OK
r-devel-windows-x86_64 2.3-2 20.00 158.00 178.00 NOTE
r-patched-linux-x86_64 2.3-2 42.82 202.39 245.21 OK
r-release-linux-x86_64 2.3-2 31.78 205.79 237.57 OK
r-release-macos-arm64 2.3-2 68.00 NOTE
r-release-macos-x86_64 2.3-2 135.00 NOTE
r-release-windows-x86_64 2.3-2 21.00 161.00 182.00 NOTE
r-oldrel-macos-arm64 2.3-2 55.00 NOTE
r-oldrel-macos-x86_64 2.3-2 137.00 NOTE
r-oldrel-windows-x86_64 2.3-2 28.00 201.00 229.00 NOTE

Check Details

Version: 2.3-2
Check: package dependencies
Result: ERROR Package required but not available: ‘rstan’ See section ‘The DESCRIPTION file’ in the ‘Writing R Extensions’ manual. Flavor: r-devel-linux-x86_64-debian-gcc

Version: 2.3-2
Check: package dependencies
Result: NOTE Package suggested but not available for checking: 'BRugs' Flavors: r-devel-windows-x86_64, r-release-macos-arm64, r-release-macos-x86_64, r-release-windows-x86_64, r-oldrel-macos-arm64, r-oldrel-macos-x86_64, r-oldrel-windows-x86_64