CRAN Package Check Results for Package ddalpha

Last updated on 2022-01-17 05:51:05 CET.

Flavor Version Tinstall Tcheck Ttotal Status Flags
r-devel-linux-x86_64-debian-clang 1.3.11 172.31 130.75 303.06 OK
r-devel-linux-x86_64-debian-gcc 1.3.11 111.01 99.50 210.51 OK
r-devel-linux-x86_64-fedora-clang 1.3.11 437.56 NOTE
r-devel-linux-x86_64-fedora-gcc 1.3.11 375.77 OK
r-devel-windows-x86_64-new-UL 1.3.11 204.00 192.00 396.00 OK
r-devel-windows-x86_64-new-TK 1.3.11 OK
r-patched-linux-x86_64 1.3.11 131.62 127.00 258.62 OK
r-release-linux-x86_64 1.3.11 OK
r-release-macos-arm64 1.3.11 NOTE
r-release-macos-x86_64 1.3.11 OK
r-release-windows-ix86+x86_64 1.3.11 422.00 214.00 636.00 OK
r-oldrel-macos-x86_64 1.3.11 OK
r-oldrel-windows-ix86+x86_64 1.3.11 422.00 217.00 639.00 OK

Check Details

Version: 1.3.11
Check: Rd cross-references
Result: NOTE
    Undeclared package ‘fda.usc’ in Rd xrefs
Flavor: r-devel-linux-x86_64-fedora-clang

Version: 1.3.11
Check: installed package size
Result: NOTE
     installed size is 5.4Mb
     sub-directories of 1Mb or more:
     libs 4.1Mb
Flavor: r-release-macos-arm64