CRAN Package Check Results for Package ddpcr

Last updated on 2022-01-28 05:48:54 CET.

Flavor Version Tinstall Tcheck Ttotal Status Flags
r-devel-linux-x86_64-debian-clang 1.15 8.05 154.53 162.58 NOTE
r-devel-linux-x86_64-debian-gcc 1.15 5.58 136.62 142.20 NOTE
r-devel-linux-x86_64-fedora-clang 1.15 184.45 NOTE
r-devel-linux-x86_64-fedora-gcc 1.15 177.45 NOTE
r-devel-windows-x86_64-new-UL 1.15 305.00 353.00 658.00 NOTE
r-devel-windows-x86_64-new-TK 1.15 NOTE
r-patched-linux-x86_64 1.15 9.49 151.55 161.04 NOTE
r-release-linux-x86_64 1.15 7.25 149.88 157.13 NOTE
r-release-macos-arm64 1.15 NOTE
r-release-macos-x86_64 1.15 NOTE
r-release-windows-ix86+x86_64 1.15 16.00 193.00 209.00 NOTE
r-oldrel-macos-x86_64 1.15 OK
r-oldrel-windows-ix86+x86_64 1.15 15.00 198.00 213.00 OK

Check Details

Version: 1.15
Check: LazyData
Result: NOTE
     'LazyData' is specified without a 'data' directory
Flavors: r-devel-linux-x86_64-debian-clang, r-devel-linux-x86_64-debian-gcc, r-devel-linux-x86_64-fedora-clang, r-devel-linux-x86_64-fedora-gcc, r-devel-windows-x86_64-new-UL, r-devel-windows-x86_64-new-TK, r-patched-linux-x86_64, r-release-linux-x86_64, r-release-macos-arm64, r-release-macos-x86_64, r-release-windows-ix86+x86_64