CRAN Package Check Results for Package decisionSupport

Last updated on 2020-02-27 05:48:43 CET.

Flavor Version Tinstall Tcheck Ttotal Status Flags
r-devel-linux-x86_64-debian-clang 1.105.2 21.71 191.90 213.61 OK
r-devel-linux-x86_64-debian-gcc 1.105.2 17.80 145.35 163.15 OK
r-devel-linux-x86_64-fedora-clang 1.105.2 254.21 WARN
r-devel-linux-x86_64-fedora-gcc 1.105.2 256.93 WARN
r-devel-windows-ix86+x86_64 1.105.2 36.00 191.00 227.00 OK
r-devel-windows-ix86+x86_64-gcc8 1.105.2 45.00 199.00 244.00 OK
r-patched-linux-x86_64 1.105.2 22.38 162.43 184.81 OK
r-patched-solaris-x86 1.105.2 318.90 OK
r-release-linux-x86_64 1.105.2 20.29 164.35 184.64 OK
r-release-windows-ix86+x86_64 1.105.2 37.00 176.00 213.00 OK
r-release-osx-x86_64 1.105.2 OK
r-oldrel-windows-ix86+x86_64 1.105.2 21.00 178.00 199.00 OK
r-oldrel-osx-x86_64 1.105.2 OK

Check Details

Version: 1.105.2
Check: whether package can be installed
Result: WARN
    Found the following significant warnings:
     Warning: namespace ‘rgdal’ is not available and has been replaced
Flavors: r-devel-linux-x86_64-fedora-clang, r-devel-linux-x86_64-fedora-gcc