CRAN Package Check Results for Package dematel

Last updated on 2024-06-14 06:53:31 CEST.

Flavor Version Tinstall Tcheck Ttotal Status Flags
r-devel-linux-x86_64-debian-clang 0.1.0 5.35 54.50 59.85 OK
r-devel-linux-x86_64-debian-gcc 0.1.0 4.29 41.37 45.66 OK
r-devel-linux-x86_64-fedora-clang 0.1.0 75.68 NOTE
r-devel-linux-x86_64-fedora-gcc 0.1.0 82.84 NOTE
r-devel-windows-x86_64 0.1.0 6.00 61.00 67.00 OK
r-patched-linux-x86_64 0.1.0 5.02 52.95 57.97 OK
r-release-linux-x86_64 0.1.0 4.93 52.20 57.13 OK
r-release-macos-arm64 0.1.0 30.00 OK
r-release-macos-x86_64 0.1.0 46.00 OK
r-release-windows-x86_64 0.1.0 6.00 63.00 69.00 OK
r-oldrel-macos-arm64 0.1.0 32.00 OK
r-oldrel-macos-x86_64 0.1.0 48.00 OK
r-oldrel-windows-x86_64 0.1.0 7.00 66.00 73.00 OK

Check Details

Version: 0.1.0
Check: dependencies in R code
Result: NOTE Namespace in Imports field not imported from: ‘knitr’ All declared Imports should be used. Flavors: r-devel-linux-x86_64-fedora-clang, r-devel-linux-x86_64-fedora-gcc