CRAN Package Check Results for Package demic

Last updated on 2024-06-22 06:50:43 CEST.

Flavor Version Tinstall Tcheck Ttotal Status Flags
r-devel-linux-x86_64-debian-clang 2.0.0 10.44 131.74 142.18 OK
r-devel-linux-x86_64-debian-gcc 2.0.0 9.82 100.81 110.63 OK
r-devel-linux-x86_64-fedora-clang 2.0.0 168.57 NOTE
r-devel-linux-x86_64-fedora-gcc 2.0.0 191.01 NOTE
r-devel-windows-x86_64 2.0.0 10.00 112.00 122.00 OK
r-patched-linux-x86_64 2.0.0 9.45 125.53 134.98 OK
r-release-linux-x86_64 2.0.0 8.40 130.52 138.92 OK
r-release-macos-arm64 2.0.0 62.00 OK
r-release-macos-x86_64 2.0.0 90.00 OK
r-release-windows-x86_64 2.0.0 10.00 115.00 125.00 OK
r-oldrel-macos-arm64 2.0.0 60.00 OK
r-oldrel-macos-x86_64 2.0.0 133.00 OK
r-oldrel-windows-x86_64 2.0.0 14.00 144.00 158.00 OK

Check Details

Version: 2.0.0
Check: dependencies in R code
Result: NOTE Namespace in Imports field not imported from: ‘Matrix’ All declared Imports should be used. Flavors: r-devel-linux-x86_64-fedora-clang, r-devel-linux-x86_64-fedora-gcc