CRAN Package Check Results for Package depth

Last updated on 2019-10-19 05:47:17 CEST.

Flavor Version Tinstall Tcheck Ttotal Status Flags
r-devel-linux-x86_64-debian-clang 2.1-1 11.57 50.99 62.56 OK
r-devel-linux-x86_64-debian-gcc 2.1-1 9.55 39.39 48.94 OK
r-devel-linux-x86_64-fedora-clang 2.1-1 74.54 NOTE
r-devel-linux-x86_64-fedora-gcc 2.1-1 73.03 NOTE
r-devel-windows-ix86+x86_64 2.1-1 44.00 93.00 137.00 OK
r-patched-linux-x86_64 2.1-1 9.54 48.90 58.44 OK
r-patched-solaris-x86 2.1-1 103.40 OK
r-release-linux-x86_64 2.1-1 10.38 49.31 59.69 OK
r-release-windows-ix86+x86_64 2.1-1 22.00 140.00 162.00 OK
r-release-osx-x86_64 2.1-1 WARN
r-oldrel-windows-ix86+x86_64 2.1-1 21.00 90.00 111.00 OK
r-oldrel-osx-x86_64 2.1-1 OK

Check Details

Version: 2.1-1
Check: compiled code
Result: NOTE
    File ‘depth/libs/depth.so’:
     Found no calls to: ‘R_registerRoutines’, ‘R_useDynamicSymbols’
    
    It is good practice to register native routines and to disable symbol
    search.
    
    See ‘Writing portable packages’ in the ‘Writing R Extensions’ manual.
Flavors: r-devel-linux-x86_64-fedora-clang, r-devel-linux-x86_64-fedora-gcc

Version: 2.1-1
Check: whether package can be installed
Result: WARN
    Found the following significant warnings:
     Warning: 'rgl_init' failed, running with rgl.useNULL = TRUE
Flavor: r-release-osx-x86_64