CRAN Package Check Results for Package detzrcr

Last updated on 2019-06-20 05:48:22 CEST.

Flavor Version Tinstall Tcheck Ttotal Status Flags
r-devel-linux-x86_64-debian-clang 0.2.5 3.06 26.99 30.05 OK
r-devel-linux-x86_64-debian-gcc 0.2.5 2.71 21.81 24.52 OK
r-devel-linux-x86_64-fedora-clang 0.2.5 36.77 NOTE
r-devel-linux-x86_64-fedora-gcc 0.2.5 34.87 NOTE
r-devel-windows-ix86+x86_64 0.2.5 15.00 57.00 72.00 OK
r-patched-linux-x86_64 0.2.5 2.98 26.98 29.96 OK
r-patched-solaris-x86 0.2.5 55.60 NOTE
r-release-linux-x86_64 0.2.5 4.01 26.88 30.89 OK
r-release-windows-ix86+x86_64 0.2.5 10.00 57.00 67.00 OK
r-release-osx-x86_64 0.2.5 NOTE
r-oldrel-windows-ix86+x86_64 0.2.5 6.00 40.00 46.00 OK
r-oldrel-osx-x86_64 0.2.5 NOTE

Check Details

Version: 0.2.5
Check: dependencies in R code
Result: NOTE
    Namespace in Imports field not imported from: ‘utils’
     All declared Imports should be used.
Flavors: r-devel-linux-x86_64-fedora-clang, r-devel-linux-x86_64-fedora-gcc, r-patched-solaris-x86, r-release-osx-x86_64, r-oldrel-osx-x86_64