CRAN Package Check Results for Package detzrcr

Last updated on 2019-09-15 05:46:12 CEST.

Flavor Version Tinstall Tcheck Ttotal Status Flags
r-devel-linux-x86_64-debian-clang 0.2.6 4.14 27.64 31.78 OK
r-devel-linux-x86_64-debian-gcc 0.2.6 3.10 22.12 25.22 OK
r-devel-linux-x86_64-fedora-clang 0.2.6 37.16 NOTE
r-devel-linux-x86_64-fedora-gcc 0.2.6 36.64 NOTE
r-devel-windows-ix86+x86_64 0.2.6 12.00 43.00 55.00 OK
r-patched-linux-x86_64 0.2.6 3.66 27.11 30.77 OK
r-patched-solaris-x86 0.2.6 53.10 NOTE
r-release-linux-x86_64 0.2.6 3.17 27.12 30.29 OK
r-release-windows-ix86+x86_64 0.2.6 7.00 40.00 47.00 OK
r-release-osx-x86_64 0.2.6 NOTE
r-oldrel-windows-ix86+x86_64 0.2.6 9.00 44.00 53.00 OK
r-oldrel-osx-x86_64 0.2.6 NOTE

Check Details

Version: 0.2.6
Check: dependencies in R code
Result: NOTE
    Namespace in Imports field not imported from: ‘utils’
     All declared Imports should be used.
Flavors: r-devel-linux-x86_64-fedora-clang, r-devel-linux-x86_64-fedora-gcc, r-patched-solaris-x86, r-release-osx-x86_64, r-oldrel-osx-x86_64