CRAN Package Check Results for Package diffman

Last updated on 2019-10-21 05:46:58 CEST.

Flavor Version Tinstall Tcheck Ttotal Status Flags
r-devel-linux-x86_64-debian-clang 0.1.0 23.91 68.60 92.51 OK
r-devel-linux-x86_64-debian-gcc 0.1.0 17.12 58.25 75.37 OK
r-devel-linux-x86_64-fedora-clang 0.1.0 112.22 NOTE
r-devel-linux-x86_64-fedora-gcc 0.1.0 109.86 NOTE
r-devel-windows-ix86+x86_64 0.1.0 50.00 108.00 158.00 OK
r-patched-linux-x86_64 0.1.0 18.32 66.70 85.02 OK
r-patched-solaris-x86 0.1.0 143.40 NOTE
r-release-linux-x86_64 0.1.0 20.07 68.11 88.18 OK
r-release-windows-ix86+x86_64 0.1.0 62.00 105.00 167.00 OK
r-release-osx-x86_64 0.1.0 NOTE
r-oldrel-windows-ix86+x86_64 0.1.0 37.00 108.00 145.00 OK
r-oldrel-osx-x86_64 0.1.0 NOTE

Check Details

Version: 0.1.0
Check: dependencies in R code
Result: NOTE
    Namespaces in Imports field not imported from:
     ‘dplyr’ ‘sf’ ‘tidyverse’
     All declared Imports should be used.
Flavors: r-devel-linux-x86_64-fedora-clang, r-devel-linux-x86_64-fedora-gcc, r-patched-solaris-x86, r-release-osx-x86_64, r-oldrel-osx-x86_64