CRAN Package Check Results for Package diffman

Last updated on 2020-05-30 05:48:01 CEST.

Flavor Version Tinstall Tcheck Ttotal Status Flags
r-devel-linux-x86_64-debian-clang 0.1.1 24.56 75.56 100.12 OK
r-devel-linux-x86_64-debian-gcc 0.1.1 17.58 59.63 77.21 OK
r-devel-linux-x86_64-fedora-clang 0.1.1 138.97 NOTE
r-devel-linux-x86_64-fedora-gcc 0.1.1 117.80 NOTE
r-devel-windows-ix86+x86_64 0.1.1 75.00 151.00 226.00 OK
r-patched-linux-x86_64 0.1.1 20.85 74.25 95.10 OK
r-patched-solaris-x86 0.1.1 159.80 NOTE
r-release-linux-x86_64 0.1.1 21.86 76.02 97.88 OK
r-release-osx-x86_64 0.1.1 NOTE
r-release-windows-ix86+x86_64 0.1.1 50.00 146.00 196.00 OK
r-oldrel-osx-x86_64 0.1.1 NOTE
r-oldrel-windows-ix86+x86_64 0.1.1 50.00 115.00 165.00 OK

Check Details

Version: 0.1.1
Check: dependencies in R code
Result: NOTE
    Namespaces in Imports field not imported from:
     ‘dplyr’ ‘sf’ ‘tidyverse’
     All declared Imports should be used.
Flavors: r-devel-linux-x86_64-fedora-clang, r-devel-linux-x86_64-fedora-gcc, r-patched-solaris-x86, r-release-osx-x86_64, r-oldrel-osx-x86_64