CRAN Package Check Results for Package diffpriv

Last updated on 2023-02-09 05:54:06 CET.

Flavor Version Tinstall Tcheck Ttotal Status Flags
r-devel-linux-x86_64-debian-clang 0.4.2 5.22 72.75 77.97 NOTE
r-devel-linux-x86_64-debian-gcc 0.4.2 3.67 54.87 58.54 NOTE
r-devel-linux-x86_64-fedora-clang 0.4.2 96.67 NOTE
r-devel-linux-x86_64-fedora-gcc 0.4.2 104.27 NOTE
r-devel-windows-x86_64 0.4.2 72.00 138.00 210.00 NOTE
r-patched-linux-x86_64 0.4.2 4.25 70.24 74.49 NOTE
r-release-linux-x86_64 0.4.2 4.88 65.29 70.17 NOTE
r-release-macos-arm64 0.4.2 35.00 NOTE
r-release-macos-x86_64 0.4.2 46.00 NOTE
r-release-windows-x86_64 0.4.2 68.00 138.00 206.00 NOTE
r-oldrel-macos-arm64 0.4.2 45.00 NOTE
r-oldrel-macos-x86_64 0.4.2 75.00 NOTE
r-oldrel-windows-ix86+x86_64 0.4.2 13.00 105.00 118.00 NOTE

Check Details

Version: 0.4.2
Check: LazyData
Result: NOTE
     'LazyData' is specified without a 'data' directory
Flavors: r-devel-linux-x86_64-debian-clang, r-devel-linux-x86_64-debian-gcc, r-devel-linux-x86_64-fedora-clang, r-devel-linux-x86_64-fedora-gcc, r-devel-windows-x86_64, r-patched-linux-x86_64, r-release-linux-x86_64, r-release-macos-arm64, r-release-macos-x86_64, r-release-windows-x86_64, r-oldrel-macos-arm64, r-oldrel-macos-x86_64, r-oldrel-windows-ix86+x86_64