CRAN Package Check Results for Package diffudist

Last updated on 2022-08-19 05:52:47 CEST.

Flavor Version Tinstall Tcheck Ttotal Status Flags
r-devel-linux-x86_64-debian-clang 1.0.0 38.55 89.84 128.39 OK
r-devel-linux-x86_64-debian-gcc 1.0.0 26.22 66.75 92.97 OK
r-devel-linux-x86_64-fedora-clang 1.0.0 174.89 NOTE
r-devel-linux-x86_64-fedora-gcc 1.0.0 168.28 OK
r-devel-windows-x86_64 1.0.0 51.00 136.00 187.00 OK
r-patched-linux-x86_64 1.0.0 30.68 84.52 115.20 OK
r-release-linux-x86_64 1.0.0 OK
r-release-macos-arm64 1.0.0 56.00 OK
r-release-macos-x86_64 1.0.0 99.00 OK
r-release-windows-x86_64 1.0.0 52.00 134.00 186.00 OK
r-oldrel-macos-arm64 1.0.0 263.00 OK
r-oldrel-macos-x86_64 1.0.0 69.00 OK
r-oldrel-windows-ix86+x86_64 1.0.0 94.00 149.00 243.00 OK

Check Details

Version: 1.0.0
Check: Rd cross-references
Result: NOTE
    Undeclared package ‘RColorBrewer’ in Rd xrefs
Flavor: r-devel-linux-x86_64-fedora-clang