CRAN Package Check Results for Package dimRed

Last updated on 2022-01-22 05:10:14 CET.

Flavor Version Tinstall Tcheck Ttotal Status Flags
r-devel-linux-x86_64-debian-clang 0.2.4 23.27 292.82 316.09 OK
r-devel-linux-x86_64-debian-gcc 0.2.4 17.09 220.60 237.69 OK
r-devel-linux-x86_64-fedora-clang 0.2.4 371.95 NOTE
r-devel-linux-x86_64-fedora-gcc 0.2.4 375.17 OK
r-devel-windows-x86_64-new-UL 0.2.4 112.00 341.00 453.00 OK
r-devel-windows-x86_64-new-TK 0.2.4 OK
r-patched-linux-x86_64 0.2.4 18.83 283.67 302.50 OK
r-release-linux-x86_64 0.2.4 17.54 286.61 304.15 OK
r-release-macos-arm64 0.2.4 NOTE
r-release-macos-x86_64 0.2.4 NOTE
r-release-windows-ix86+x86_64 0.2.4 42.00 343.00 385.00 OK
r-oldrel-macos-x86_64 0.2.4 NOTE
r-oldrel-windows-ix86+x86_64 0.2.4 42.00 354.00 396.00 OK

Additional issues

MKL

Check Details

Version: 0.2.4
Check: Rd cross-references
Result: NOTE
    Undeclared package ‘CVST’ in Rd xrefs
Flavor: r-devel-linux-x86_64-fedora-clang

Version: 0.2.4
Check: package dependencies
Result: NOTE
    Package suggested but not available for checking: ‘pcaL1’
Flavors: r-release-macos-arm64, r-release-macos-x86_64, r-oldrel-macos-x86_64