CRAN Package Check Results for Package discoveR

Last updated on 2022-01-20 05:50:20 CET.

Flavor Version Tinstall Tcheck Ttotal Status Flags
r-devel-linux-x86_64-debian-clang 2.2.6 OK
r-devel-linux-x86_64-debian-gcc 2.2.6 13.67 88.50 102.17 OK
r-devel-linux-x86_64-fedora-clang 2.2.6 164.36 OK
r-devel-linux-x86_64-fedora-gcc 2.2.6 149.52 OK
r-devel-windows-x86_64-new-UL 2.2.6 89.00 174.00 263.00 OK
r-devel-windows-x86_64-new-TK 2.2.6 OK
r-patched-linux-x86_64 2.2.6 12.46 115.65 128.11 OK
r-release-linux-x86_64 2.2.6 OK
r-release-macos-arm64 2.2.6 OK
r-release-macos-x86_64 2.2.6 OK
r-release-windows-ix86+x86_64 2.2.6 35.00 138.00 173.00 OK
r-oldrel-macos-x86_64 2.2.6 ERROR
r-oldrel-windows-ix86+x86_64 2.2.6 1.00 8.00 9.00 ERROR

Check Details

Version: 2.2.6
Check: whether package can be installed
Result: ERROR
    Installation failed.
Flavors: r-oldrel-macos-x86_64, r-oldrel-windows-ix86+x86_64