CRAN Package Check Results for Package distrDoc

Last updated on 2019-11-20 05:47:04 CET.

Flavor Version Tinstall Tcheck Ttotal Status Flags
r-devel-linux-x86_64-debian-clang 2.8.0 8.89 131.74 140.63 OK
r-devel-linux-x86_64-debian-gcc 2.8.0 8.49 107.22 115.71 OK
r-devel-linux-x86_64-fedora-clang 2.8.0 164.35 OK
r-devel-linux-x86_64-fedora-gcc 2.8.0 166.89 OK
r-devel-windows-ix86+x86_64 2.8.0 23.00 174.00 197.00 OK
r-devel-windows-ix86+x86_64-gcc8 2.8.0 20.00 134.00 154.00 OK
r-patched-linux-x86_64 2.8.0 7.45 124.45 131.90 OK
r-patched-solaris-x86 2.8.0 220.70 OK
r-release-linux-x86_64 2.8.0 8.74 124.18 132.92 OK
r-release-windows-ix86+x86_64 2.8.0 23.00 179.00 202.00 OK
r-release-osx-x86_64 2.8.0 NOTE
r-oldrel-windows-ix86+x86_64 2.8.0 10.00 131.00 141.00 OK
r-oldrel-osx-x86_64 2.8.0 OK

Check Details

Version: 2.8.0
Check: package dependencies
Result: NOTE
    Package suggested but not available for checking: ‘Biobase’
Flavor: r-release-osx-x86_64