CRAN Package Check Results for Package distrMod

Last updated on 2020-07-15 05:47:58 CEST.

Flavor Version Tinstall Tcheck Ttotal Status Flags
r-devel-linux-x86_64-debian-clang 2.8.4 45.87 185.96 231.83 OK
r-devel-linux-x86_64-debian-gcc 2.8.4 40.43 140.23 180.66 OK
r-devel-linux-x86_64-fedora-clang 2.8.4 294.84 NOTE
r-devel-linux-x86_64-fedora-gcc 2.8.4 289.25 OK
r-devel-windows-ix86+x86_64 2.8.4 84.00 266.00 350.00 OK
r-patched-linux-x86_64 2.8.4 43.73 183.61 227.34 OK
r-patched-solaris-x86 2.8.4 351.20 OK
r-release-linux-x86_64 2.8.4 42.60 183.71 226.31 OK
r-release-macos-x86_64 2.8.4 ERROR
r-release-windows-ix86+x86_64 2.8.4 87.00 213.00 300.00 OK
r-oldrel-macos-x86_64 2.8.4 OK
r-oldrel-windows-ix86+x86_64 2.8.4 71.00 249.00 320.00 OK

Check Details

Version: 2.8.4
Check: Rd cross-references
Result: NOTE
    Undeclared package ‘RobAStBase’ in Rd xrefs
Flavor: r-devel-linux-x86_64-fedora-clang

Version: 2.8.4
Check: whether package can be installed
Result: ERROR
    Installation failed.
Flavor: r-release-macos-x86_64