CRAN Package Check Results for Package diversityForest

Last updated on 2020-12-02 05:48:03 CET.

Flavor Version Tinstall Tcheck Ttotal Status Flags
r-devel-linux-x86_64-debian-clang 0.2.0 168.58 67.27 235.85 OK
r-devel-linux-x86_64-debian-gcc 0.2.0 87.93 54.25 142.18 OK
r-devel-linux-x86_64-fedora-clang 0.2.0 290.11 NOTE
r-devel-linux-x86_64-fedora-gcc 0.2.0 249.41 OK
r-devel-windows-ix86+x86_64 0.2.0 292.00 122.00 414.00 OK
r-patched-linux-x86_64 0.2.0 103.77 65.18 168.95 OK
r-patched-solaris-x86 0.2.0 259.70 OK
r-release-linux-x86_64 0.2.0 103.24 64.43 167.67 OK
r-release-macos-x86_64 0.2.0 NOTE
r-release-windows-ix86+x86_64 0.2.0 293.00 99.00 392.00 OK
r-oldrel-macos-x86_64 0.2.0 NOTE
r-oldrel-windows-ix86+x86_64 0.2.0 227.00 111.00 338.00 OK

Check Details

Version: 0.2.0
Check: installed package size
Result: NOTE
     installed size is 8.7Mb
     sub-directories of 1Mb or more:
     libs 8.5Mb
Flavors: r-devel-linux-x86_64-fedora-clang, r-release-macos-x86_64, r-oldrel-macos-x86_64