CRAN Package Check Results for Package dixon

Last updated on 2022-01-20 05:50:20 CET.

Flavor Version Tinstall Tcheck Ttotal Status Flags
r-devel-linux-x86_64-debian-clang 0.0-7 OK
r-devel-linux-x86_64-debian-gcc 0.0-7 9.78 69.77 79.55 OK
r-devel-linux-x86_64-fedora-clang 0.0-7 121.33 NOTE
r-devel-linux-x86_64-fedora-gcc 0.0-7 109.29 OK
r-devel-windows-x86_64-new-UL 0.0-7 23.00 116.00 139.00 OK
r-devel-windows-x86_64-new-TK 0.0-7 OK
r-patched-linux-x86_64 0.0-7 7.75 86.65 94.40 OK
r-release-linux-x86_64 0.0-7 OK
r-release-macos-arm64 0.0-7 OK
r-release-macos-x86_64 0.0-7 OK
r-release-windows-ix86+x86_64 0.0-7 25.00 133.00 158.00 OK
r-oldrel-macos-x86_64 0.0-7 OK
r-oldrel-windows-ix86+x86_64 0.0-7 25.00 134.00 159.00 OK

Check Details

Version: 0.0-7
Check: Rd cross-references
Result: NOTE
    Undeclared package ‘ecespa’ in Rd xrefs
Flavor: r-devel-linux-x86_64-fedora-clang