CRAN Package Check Results for Package dmai

Last updated on 2021-11-29 05:49:43 CET.

Flavor Version Tinstall Tcheck Ttotal Status Flags
r-devel-linux-x86_64-debian-clang 0.4.0 NOTE
r-devel-linux-x86_64-debian-gcc 0.4.0 3.88 35.04 38.92 NOTE
r-devel-linux-x86_64-fedora-clang 0.4.0 71.03 NOTE
r-devel-linux-x86_64-fedora-gcc 0.4.0 58.58 NOTE
r-devel-windows-x86_64-new-UL 0.4.0 11.00 79.00 90.00 NOTE
r-devel-windows-x86_64-new-TK 0.4.0 NOTE
r-devel-windows-x86_64-old 0.4.0 7.00 69.00 76.00 NOTE
r-patched-linux-x86_64 0.4.0 4.26 42.12 46.38 NOTE
r-patched-solaris-x86 0.4.0 88.60 NOTE
r-release-linux-x86_64 0.4.0 3.02 42.36 45.38 NOTE
r-release-macos-arm64 0.4.0 NOTE
r-release-macos-x86_64 0.4.0 NOTE
r-release-windows-ix86+x86_64 0.4.0 14.00 48.00 62.00 NOTE
r-oldrel-macos-x86_64 0.4.0 OK
r-oldrel-windows-ix86+x86_64 0.4.0 15.00 65.00 80.00 OK

Check Details

Version: 0.4.0
Check: LazyData
Result: NOTE
     'LazyData' is specified without a 'data' directory
Flavors: r-devel-linux-x86_64-debian-clang, r-devel-linux-x86_64-debian-gcc, r-devel-linux-x86_64-fedora-clang, r-devel-linux-x86_64-fedora-gcc, r-devel-windows-x86_64-new-UL, r-devel-windows-x86_64-new-TK, r-devel-windows-x86_64-old, r-patched-linux-x86_64, r-patched-solaris-x86, r-release-linux-x86_64, r-release-macos-arm64, r-release-macos-x86_64, r-release-windows-ix86+x86_64