CRAN Package Check Results for Package doMPI

Last updated on 2019-10-23 05:46:26 CEST.

Flavor Version Tinstall Tcheck Ttotal Status Flags
r-devel-linux-x86_64-debian-clang 0.2.2 3.52 26.57 30.09 OK
r-devel-linux-x86_64-debian-gcc 0.2.2 2.75 22.14 24.89 OK
r-devel-linux-x86_64-fedora-clang 0.2.2 38.00 OK
r-devel-linux-x86_64-fedora-gcc 0.2.2 36.23 OK
r-devel-windows-ix86+x86_64 0.2.2 6.00 65.00 71.00 OK
r-patched-linux-x86_64 0.2.2 2.86 26.48 29.34 OK
r-patched-solaris-x86 0.2.2 55.10 OK
r-release-linux-x86_64 0.2.2 3.21 26.96 30.17 OK
r-release-windows-ix86+x86_64 0.2.2 8.00 45.00 53.00 OK
r-release-osx-x86_64 0.2.2 ERROR
r-oldrel-windows-ix86+x86_64 0.2.2 6.00 56.00 62.00 OK
r-oldrel-osx-x86_64 0.2.2 ERROR

Check Details

Version: 0.2.2
Check: package dependencies
Result: ERROR
    Package required but not available: ‘Rmpi’
    
    See section ‘The DESCRIPTION file’ in the ‘Writing R Extensions’
    manual.
Flavors: r-release-osx-x86_64, r-oldrel-osx-x86_64