CRAN Package Check Results for Package dodgr

Last updated on 2021-10-17 05:49:07 CEST.

Flavor Version Tinstall Tcheck Ttotal Status Flags
r-devel-linux-x86_64-debian-clang 0.2.11 157.19 264.59 421.78 ERROR
r-devel-linux-x86_64-debian-gcc 0.2.11 124.91 199.50 324.41 NOTE
r-devel-linux-x86_64-fedora-clang 0.2.11 232.04 ERROR
r-devel-linux-x86_64-fedora-gcc 0.2.11 559.77 NOTE
r-devel-windows-x86_64 0.2.11 207.00 284.00 491.00 NOTE
r-devel-windows-x86_64-gcc10-UCRT 0.2.11 NOTE
r-patched-linux-x86_64 0.2.11 148.32 259.17 407.49 NOTE
r-patched-solaris-x86 0.2.11 723.40 NOTE
r-release-linux-x86_64 0.2.11 153.60 260.20 413.80 NOTE
r-release-macos-arm64 0.2.9 NOTE
r-release-macos-x86_64 0.2.11 ERROR
r-release-windows-ix86+x86_64 0.2.11 298.00 478.00 776.00 NOTE
r-oldrel-macos-x86_64 0.2.11 ERROR
r-oldrel-windows-ix86+x86_64 0.2.9 365.00 400.00 765.00 NOTE

Additional issues

M1mac M1mac

Check Details

Version: 0.2.11
Check: for GNU extensions in Makefiles
Result: NOTE
    GNU make is a SystemRequirements.
Flavors: r-devel-linux-x86_64-debian-clang, r-devel-linux-x86_64-debian-gcc, r-devel-linux-x86_64-fedora-gcc, r-devel-windows-x86_64, r-devel-windows-x86_64-gcc10-UCRT, r-patched-linux-x86_64, r-patched-solaris-x86, r-release-linux-x86_64, r-release-windows-ix86+x86_64

Version: 0.2.11
Check: tests
Result: ERROR
     Running 'sc-conversion-fns.R' [0s/1s]
     Running 'testthat.R' [74s/81s]
    Running the tests in 'tests/testthat.R' failed.
    Complete output:
     > library(testthat)
     > library(dodgr)
     >
     > test_check("dodgr")
     == Skipped tests ===============================================================
     * !test_all is TRUE (1)
     * On CRAN (7)
    
     == Failed tests ================================================================
     -- Error (test-streetnet.R:177:9): hash generation -----------------------------
     Error in `readRDS(fname)`: error reading from connection
     Backtrace:
     x
     1. \-dodgr::dodgr_contract_graph(graph) test-streetnet.R:177:8
     2. \-dodgr::dodgr_vertices(graph)
     3. \-base::readRDS(fname)
    
     [ FAIL 1 | WARN 0 | SKIP 8 | PASS 204 ]
     Error: Test failures
     Execution halted
Flavor: r-devel-linux-x86_64-debian-clang

Version: 0.2.11
Check: whether package can be installed
Result: ERROR
    Installation failed.
Flavors: r-devel-linux-x86_64-fedora-clang, r-release-macos-x86_64, r-oldrel-macos-x86_64

Version: 0.2.11
Check: installed package size
Result: NOTE
     installed size is 8.1Mb
     sub-directories of 1Mb or more:
     doc 6.1Mb
     libs 1.5Mb
Flavors: r-devel-windows-x86_64, r-patched-solaris-x86, r-release-windows-ix86+x86_64

Version: 0.2.9
Check: installed package size
Result: NOTE
     installed size is 18.9Mb
     sub-directories of 1Mb or more:
     doc 4.7Mb
     libs 13.7Mb
Flavors: r-release-macos-arm64, r-oldrel-windows-ix86+x86_64

Version: 0.2.9
Check: for GNU extensions in Makefiles
Result: NOTE
    GNU make is a SystemRequirements.
Flavors: r-release-macos-arm64, r-oldrel-windows-ix86+x86_64