CRAN Package Check Results for Package doremi

Last updated on 2024-06-23 06:56:31 CEST.

Flavor Version Tinstall Tcheck Ttotal Status Flags
r-devel-linux-x86_64-debian-clang 1.0.0 12.91 326.84 339.75 NOTE
r-devel-linux-x86_64-debian-gcc 1.0.0 12.32 241.92 254.24 NOTE
r-devel-linux-x86_64-fedora-clang 1.0.0 437.66 NOTE
r-devel-linux-x86_64-fedora-gcc 1.0.0 443.33 NOTE
r-devel-windows-x86_64 1.0.0 13.00 215.00 228.00 NOTE
r-patched-linux-x86_64 1.0.0 13.91 319.17 333.08 NOTE
r-release-linux-x86_64 1.0.0 13.98 315.52 329.50 NOTE
r-release-macos-arm64 1.0.0 95.00 NOTE
r-release-macos-x86_64 1.0.0 153.00 NOTE
r-release-windows-x86_64 1.0.0 13.00 211.00 224.00 NOTE
r-oldrel-macos-arm64 1.0.0 125.00 NOTE
r-oldrel-macos-x86_64 1.0.0 190.00 NOTE
r-oldrel-windows-x86_64 1.0.0 18.00 282.00 300.00 NOTE

Check Details

Version: 1.0.0
Check: package subdirectories
Result: NOTE Problems with news in ‘NEWS.md’: Cannot extract version info from the following section titles: New features Flavors: r-devel-linux-x86_64-debian-clang, r-devel-linux-x86_64-debian-gcc, r-devel-linux-x86_64-fedora-clang, r-devel-linux-x86_64-fedora-gcc, r-devel-windows-x86_64, r-patched-linux-x86_64, r-release-linux-x86_64, r-release-macos-arm64, r-release-macos-x86_64, r-release-windows-x86_64, r-oldrel-macos-arm64, r-oldrel-macos-x86_64, r-oldrel-windows-x86_64

Version: 1.0.0
Check: Rd files
Result: NOTE checkRd: (-1) analyze.1order.Rd:49: Lost braces 49 | Although only the first derivative is used here, using a higher order can enhance derivative estimation (see \doi{10.1080/00273171.2015.1123138}{Chow et al.(2016)})} | ^ checkRd: (-1) analyze.2order.Rd:44: Lost braces 44 | 2 in second order differential equations), for instance, order=4 might enhance derivative estimation (see \doi{10.1080/00273171.2015.1123138}{Chow et al.(2016)})} | ^ checkRd: (-1) calculate.fda.Rd:29: Lost braces 29 | method described in several sources, such as in \doi{10.1007/b98888}{Ramsay et al. (2009)} | ^ checkRd: (-1) calculate.fda.Rd:30: Lost braces 30 | and \doi{10.1080/00273171.2015.1123138}{Chow et al. (2016)}. | ^ checkRd: (-1) calculate.glla.Rd:34: Lost braces 34 | described in \doi{10.4324/9780203864746}{Boker et al.(2010)}. | ^ checkRd: (-1) calculate.gold.Rd:33: Lost braces 33 | method described in \doi{10.1080/00273171.2010.498294}{Deboeck (2010)}. The code available on this paper was extracted and adapted for non constant time steps. | ^ checkRd: (-1) optimum_param.Rd:47: Lost braces 47 | Using a higher order can enhance derivative estimation (see \doi{10.1080/00273171.2015.1123138}{Chow et al.(2016)})} | ^ checkRd: (-1) rotation.Rd:37: Lost braces 37 | \doi{10.1016/j.yhbeh.2012.12.007}{(Courvoisier et al., 2013)}. | ^ Flavors: r-devel-linux-x86_64-debian-clang, r-devel-linux-x86_64-debian-gcc, r-devel-linux-x86_64-fedora-clang, r-devel-linux-x86_64-fedora-gcc, r-devel-windows-x86_64, r-patched-linux-x86_64, r-release-linux-x86_64, r-release-macos-arm64, r-release-macos-x86_64, r-release-windows-x86_64

Version: 1.0.0
Check: dependencies in R code
Result: NOTE Namespace in Imports field not imported from: ‘gridExtra’ All declared Imports should be used. Flavors: r-devel-linux-x86_64-fedora-clang, r-devel-linux-x86_64-fedora-gcc