CRAN Package Check Results for Package dplyr

Last updated on 2019-08-25 05:46:46 CEST.

Flavor Version Tinstall Tcheck Ttotal Status Flags
r-devel-linux-x86_64-debian-clang 0.8.3 261.86 134.70 396.56 OK
r-devel-linux-x86_64-debian-gcc 0.8.3 236.92 105.74 342.66 OK
r-devel-linux-x86_64-fedora-clang 0.8.3 620.90 NOTE
r-devel-linux-x86_64-fedora-gcc 0.8.3 636.03 NOTE
r-devel-windows-ix86+x86_64 0.8.3 498.00 243.00 741.00 NOTE
r-patched-linux-x86_64 0.8.3 254.33 132.86 387.19 OK
r-patched-solaris-x86 0.8.3 538.80 NOTE
r-release-linux-x86_64 0.8.3 255.22 132.99 388.21 OK
r-release-windows-ix86+x86_64 0.8.3 650.00 311.00 961.00 NOTE
r-release-osx-x86_64 0.8.3 NOTE
r-oldrel-windows-ix86+x86_64 0.8.3 661.00 289.00 950.00 NOTE
r-oldrel-osx-x86_64 0.8.3 NOTE

Check Details

Version: 0.8.3
Check: installed package size
Result: NOTE
     installed size is 29.7Mb
     sub-directories of 1Mb or more:
     libs 27.4Mb
Flavors: r-devel-linux-x86_64-fedora-clang, r-devel-windows-ix86+x86_64, r-patched-solaris-x86, r-release-windows-ix86+x86_64, r-release-osx-x86_64, r-oldrel-windows-ix86+x86_64, r-oldrel-osx-x86_64

Version: 0.8.3
Check: data for non-ASCII characters
Result: NOTE
     Note: found 4 marked UTF-8 strings
Flavors: r-devel-linux-x86_64-fedora-clang, r-devel-linux-x86_64-fedora-gcc, r-patched-solaris-x86, r-release-osx-x86_64, r-oldrel-osx-x86_64