CRAN Package Check Results for Package drc

Last updated on 2022-01-28 05:48:54 CET.

Flavor Version Tinstall Tcheck Ttotal Status Flags
r-devel-linux-x86_64-debian-clang 3.0-1 20.56 176.92 197.48 OK
r-devel-linux-x86_64-debian-gcc 3.0-1 15.98 134.58 150.56 OK
r-devel-linux-x86_64-fedora-clang 3.0-1 235.27 OK
r-devel-linux-x86_64-fedora-gcc 3.0-1 232.13 OK
r-devel-windows-x86_64-new-UL 3.0-1 162.00 223.00 385.00 OK
r-devel-windows-x86_64-new-TK 3.0-1 ERROR
r-patched-linux-x86_64 3.0-1 20.36 165.25 185.61 OK
r-release-linux-x86_64 3.0-1 17.97 167.51 185.48 OK
r-release-macos-arm64 3.0-1 OK
r-release-macos-x86_64 3.0-1 OK
r-release-windows-ix86+x86_64 3.0-1 41.00 196.00 237.00 OK
r-oldrel-macos-x86_64 3.0-1 OK
r-oldrel-windows-ix86+x86_64 3.0-1 41.00 196.00 237.00 OK

Check Details

Version: 3.0-1
Check: package dependencies
Result: ERROR
    Package required but not available: 'car'
    
    See section 'The DESCRIPTION file' in the 'Writing R Extensions'
    manual.
Flavor: r-devel-windows-x86_64-new-TK