CRAN Package Check Results for Package drf

Last updated on 2020-12-02 05:48:03 CET.

Flavor Version Tinstall Tcheck Ttotal Status Flags
r-devel-linux-x86_64-debian-clang 1.0.0 151.68 66.03 217.71 NOTE
r-devel-linux-x86_64-debian-gcc 1.0.0 75.74 53.97 129.71 NOTE
r-devel-linux-x86_64-fedora-clang 1.0.0 279.25 NOTE
r-devel-linux-x86_64-fedora-gcc 1.0.0 223.80 NOTE
r-devel-windows-ix86+x86_64 1.0.0 274.00 123.00 397.00 NOTE
r-patched-linux-x86_64 1.0.0 87.42 61.76 149.18 NOTE
r-patched-solaris-x86 1.0.0 230.30 NOTE
r-release-linux-x86_64 1.0.0 86.28 61.36 147.64 NOTE
r-release-macos-x86_64 1.0.0 NOTE
r-release-windows-ix86+x86_64 1.0.0 216.00 101.00 317.00 NOTE
r-oldrel-macos-x86_64 1.0.0 NOTE
r-oldrel-windows-ix86+x86_64 1.0.0 231.00 112.00 343.00 NOTE

Check Details

Version: 1.0.0
Check: for GNU extensions in Makefiles
Result: NOTE
    GNU make is a SystemRequirements.
Flavors: r-devel-linux-x86_64-debian-clang, r-devel-linux-x86_64-debian-gcc, r-devel-linux-x86_64-fedora-clang, r-devel-linux-x86_64-fedora-gcc, r-devel-windows-ix86+x86_64, r-patched-linux-x86_64, r-patched-solaris-x86, r-release-linux-x86_64, r-release-macos-x86_64, r-release-windows-ix86+x86_64, r-oldrel-macos-x86_64, r-oldrel-windows-ix86+x86_64

Version: 1.0.0
Check: installed package size
Result: NOTE
     installed size is 6.8Mb
     sub-directories of 1Mb or more:
     libs 6.7Mb
Flavors: r-devel-linux-x86_64-fedora-clang, r-release-macos-x86_64, r-oldrel-macos-x86_64