CRAN Package Check Results for Package dsem

Last updated on 2024-04-13 06:50:09 CEST.

Flavor Version Tinstall Tcheck Ttotal Status Flags
r-devel-linux-x86_64-debian-clang 1.2.1 243.48 257.90 501.38 OK
r-devel-linux-x86_64-debian-gcc 1.2.1 209.18 192.01 401.19 OK
r-devel-linux-x86_64-fedora-clang 1.2.1 617.83 NOTE
r-devel-linux-x86_64-fedora-gcc 1.2.1 716.80 OK
r-devel-windows-x86_64 1.2.1 165.00 236.00 401.00 OK
r-patched-linux-x86_64 1.2.1 238.41 251.96 490.37 OK
r-release-linux-x86_64 1.2.1 231.38 244.37 475.75 OK
r-release-macos-arm64 1.2.1 167.00 NOTE
r-release-macos-x86_64 1.2.1 186.00 NOTE
r-release-windows-x86_64 1.2.1 238.00 308.00 546.00 OK
r-oldrel-macos-arm64 1.2.1 137.00 NOTE
r-oldrel-windows-x86_64 1.2.1 164.00 301.00 465.00 OK

Additional issues

rchk

Check Details

Version: 1.2.1
Check: installed package size
Result: NOTE installed size is 5.5Mb sub-directories of 1Mb or more: libs 4.8Mb Flavors: r-devel-linux-x86_64-fedora-clang, r-release-macos-arm64, r-release-macos-x86_64, r-oldrel-macos-arm64