CRAN Package Check Results for Package dsmisc

Last updated on 2024-06-13 06:57:59 CEST.

Flavor Version Tinstall Tcheck Ttotal Status Flags
r-devel-linux-x86_64-debian-clang 0.3.3 19.99 31.39 51.38 NOTE
r-devel-linux-x86_64-debian-gcc 0.3.3 0.33 1.70 2.03 ERROR
r-devel-linux-x86_64-fedora-clang 0.3.3 71.70 NOTE
r-devel-linux-x86_64-fedora-gcc 0.3.3 66.00 NOTE
r-devel-windows-x86_64 0.3.3 18.00 64.00 82.00 NOTE
r-patched-linux-x86_64 0.3.3 17.81 30.38 48.19 NOTE
r-release-linux-x86_64 0.3.3 16.47 29.83 46.30 NOTE
r-release-macos-arm64 0.3.3 23.00 NOTE
r-release-macos-x86_64 0.3.3 31.00 NOTE
r-release-windows-x86_64 0.3.3 18.00 65.00 83.00 NOTE
r-oldrel-macos-arm64 0.3.3 26.00 NOTE
r-oldrel-macos-x86_64 0.3.3 37.00 NOTE
r-oldrel-windows-x86_64 0.3.3 20.00 70.00 90.00 NOTE

Check Details

Version: 0.3.3
Check: C++ specification
Result: NOTE Specified C++11: please drop specification unless essential Flavors: r-devel-linux-x86_64-debian-clang, r-devel-linux-x86_64-fedora-clang, r-devel-linux-x86_64-fedora-gcc, r-devel-windows-x86_64, r-patched-linux-x86_64, r-release-linux-x86_64, r-release-macos-arm64, r-release-macos-x86_64, r-release-windows-x86_64, r-oldrel-macos-arm64, r-oldrel-macos-x86_64, r-oldrel-windows-x86_64

Version: 0.3.3
Check: package dependencies
Result: ERROR Package required but not available: ‘stringr’ Package suggested but not available for checking: ‘testthat’ See section ‘The DESCRIPTION file’ in the ‘Writing R Extensions’ manual. Flavor: r-devel-linux-x86_64-debian-gcc