CRAN Package Check Results for Package dvqcc

Last updated on 2022-09-26 05:55:40 CEST.

Flavor Version Tinstall Tcheck Ttotal Status Flags
r-devel-linux-x86_64-debian-clang 0.1.0 15.97 133.96 149.93 NOTE
r-devel-linux-x86_64-debian-gcc 0.1.0 12.59 100.81 113.40 NOTE
r-devel-linux-x86_64-fedora-clang 0.1.0 185.96 NOTE
r-devel-linux-x86_64-fedora-gcc 0.1.0 181.73 NOTE
r-devel-windows-x86_64 0.1.0 20.00 148.00 168.00 NOTE
r-patched-linux-x86_64 0.1.0 9.59 126.46 136.05 NOTE
r-release-linux-x86_64 0.1.0 15.79 125.09 140.88 NOTE
r-release-macos-arm64 0.1.0 56.00 NOTE
r-release-macos-x86_64 0.1.0 95.00 NOTE
r-release-windows-x86_64 0.1.0 19.00 161.00 180.00 NOTE
r-oldrel-macos-arm64 0.1.0 53.00 NOTE
r-oldrel-macos-x86_64 0.1.0 94.00 NOTE
r-oldrel-windows-ix86+x86_64 0.1.0 32.00 157.00 189.00 NOTE

Check Details

Version: 0.1.0
Check: package subdirectories
Result: NOTE
    Problems with news in 'NEWS.md':
    No news entries found.
Flavors: r-devel-linux-x86_64-debian-clang, r-devel-linux-x86_64-debian-gcc, r-devel-linux-x86_64-fedora-clang, r-devel-linux-x86_64-fedora-gcc, r-devel-windows-x86_64

Version: 0.1.0
Check: LazyData
Result: NOTE
     'LazyData' is specified without a 'data' directory
Flavors: r-devel-linux-x86_64-debian-clang, r-devel-linux-x86_64-debian-gcc, r-devel-linux-x86_64-fedora-clang, r-devel-linux-x86_64-fedora-gcc, r-devel-windows-x86_64, r-patched-linux-x86_64, r-release-linux-x86_64, r-release-macos-arm64, r-release-macos-x86_64, r-release-windows-x86_64, r-oldrel-macos-arm64, r-oldrel-macos-x86_64, r-oldrel-windows-ix86+x86_64