CRAN Package Check Results for Package dyncomp

Last updated on 2024-06-14 06:53:31 CEST.

Flavor Version Tinstall Tcheck Ttotal Status Flags
r-devel-linux-x86_64-debian-clang 0.0.2-1 1.97 21.88 23.85 NOTE
r-devel-linux-x86_64-debian-gcc 0.0.2-1 1.55 17.61 19.16 NOTE
r-devel-linux-x86_64-fedora-clang 0.0.2-1 32.36 NOTE
r-devel-linux-x86_64-fedora-gcc 0.0.2-1 29.65 NOTE
r-devel-windows-x86_64 0.0.2-1 3.00 38.00 41.00 NOTE
r-patched-linux-x86_64 0.0.2-1 1.91 21.06 22.97 NOTE
r-release-linux-x86_64 0.0.2-1 2.39 21.71 24.10 NOTE
r-release-macos-arm64 0.0.2-1 14.00 NOTE
r-release-macos-x86_64 0.0.2-1 20.00 NOTE
r-release-windows-x86_64 0.0.2-1 3.00 38.00 41.00 NOTE
r-oldrel-macos-arm64 0.0.2-1 15.00 NOTE
r-oldrel-macos-x86_64 0.0.2-1 19.00 NOTE
r-oldrel-windows-x86_64 0.0.2-1 3.00 40.00 43.00 NOTE

Check Details

Version: 0.0.2-1
Check: LazyData
Result: NOTE 'LazyData' is specified without a 'data' directory Flavors: r-devel-linux-x86_64-debian-clang, r-devel-linux-x86_64-debian-gcc, r-devel-linux-x86_64-fedora-clang, r-devel-linux-x86_64-fedora-gcc, r-devel-windows-x86_64, r-patched-linux-x86_64, r-release-linux-x86_64, r-release-macos-arm64, r-release-macos-x86_64, r-release-windows-x86_64, r-oldrel-macos-arm64, r-oldrel-macos-x86_64, r-oldrel-windows-x86_64