CRAN Package Check Results for Package dynwrap

Last updated on 2021-12-06 05:53:08 CET.

Flavor Version Tinstall Tcheck Ttotal Status Flags
r-devel-linux-x86_64-debian-clang 1.2.2 16.08 238.98 255.06 OK
r-devel-linux-x86_64-debian-gcc 1.2.2 13.11 177.77 190.88 OK
r-devel-linux-x86_64-fedora-clang 1.2.2 304.83 OK
r-devel-linux-x86_64-fedora-gcc 1.2.2 312.99 OK
r-devel-windows-x86_64-new-UL 1.2.2 37.00 304.00 341.00 OK
r-devel-windows-x86_64-new-TK 1.2.2 OK
r-devel-windows-x86_64-old 1.2.2 30.00 224.00 254.00 OK
r-patched-linux-x86_64 1.2.2 16.15 233.58 249.73 OK
r-release-linux-x86_64 1.2.2 11.04 235.83 246.87 OK
r-release-macos-arm64 1.2.2 NOTE
r-release-macos-x86_64 1.2.2 NOTE
r-release-windows-ix86+x86_64 1.2.2 34.00 301.00 335.00 OK
r-oldrel-macos-x86_64 1.2.2 OK
r-oldrel-windows-ix86+x86_64 1.2.2 36.00 296.00 332.00 OK

Check Details

Version: 1.2.2
Check: package dependencies
Result: NOTE
    Package suggested but not available for checking: ‘hdf5r’
Flavors: r-release-macos-arm64, r-release-macos-x86_64