CRAN Package Check Results for Package eSDM

Last updated on 2019-10-19 05:47:19 CEST.

Flavor Version Tinstall Tcheck Ttotal Status Flags
r-devel-linux-x86_64-debian-clang 0.3.0 7.62 229.17 236.79 OK
r-devel-linux-x86_64-debian-gcc 0.3.1 5.89 153.27 159.16 OK
r-devel-linux-x86_64-fedora-clang 0.3.1 207.77 NOTE
r-devel-linux-x86_64-fedora-gcc 0.3.1 201.75 NOTE
r-devel-windows-ix86+x86_64 0.3.1 19.00 243.00 262.00 OK
r-patched-linux-x86_64 0.3.1 6.96 219.83 226.79 OK
r-patched-solaris-x86 0.3.1 392.90 NOTE
r-release-linux-x86_64 0.3.0 5.82 221.24 227.06 OK
r-release-windows-ix86+x86_64 0.3.1 29.00 342.00 371.00 OK
r-release-osx-x86_64 0.3.1 NOTE
r-oldrel-windows-ix86+x86_64 0.3.0 14.00 279.00 293.00 OK
r-oldrel-osx-x86_64 0.3.1 NOTE

Check Details

Version: 0.3.1
Check: dependencies in R code
Result: NOTE
    Namespaces in Imports field not imported from:
     ‘DT’ ‘RColorBrewer’ ‘colorRamps’ ‘colourpicker’ ‘dichromat’ ‘leaflet’
     ‘lwgeom’ ‘raster’ ‘shinycssloaders’ ‘shinydashboard’ ‘shinyjs’ ‘tmap’
     ‘viridis’ ‘zip’
     All declared Imports should be used.
Flavors: r-devel-linux-x86_64-fedora-clang, r-devel-linux-x86_64-fedora-gcc, r-patched-solaris-x86, r-release-osx-x86_64, r-oldrel-osx-x86_64