CRAN Package Check Results for Package easypower

Last updated on 2022-05-19 05:51:52 CEST.

Flavor Version Tinstall Tcheck Ttotal Status Flags
r-devel-linux-x86_64-debian-clang 1.0.1 2.30 33.64 35.94 NOTE
r-devel-linux-x86_64-debian-gcc 1.0.1 1.66 26.52 28.18 NOTE
r-devel-linux-x86_64-fedora-clang 1.0.1 44.70 NOTE
r-devel-linux-x86_64-fedora-gcc 1.0.1 42.73 NOTE
r-devel-windows-x86_64 1.0.1 12.00 53.00 65.00 NOTE
r-patched-linux-x86_64 1.0.1 2.35 32.66 35.01 NOTE
r-release-linux-x86_64 1.0.1 2.35 32.64 34.99 NOTE
r-release-macos-arm64 1.0.1 15.00 NOTE
r-release-macos-x86_64 1.0.1 23.00 NOTE
r-release-windows-x86_64 1.0.1 14.00 51.00 65.00 NOTE
r-oldrel-macos-arm64 1.0.1 18.00 NOTE
r-oldrel-macos-x86_64 1.0.1 29.00 NOTE
r-oldrel-windows-ix86+x86_64 1.0.1 5.00 40.00 45.00 NOTE

Check Details

Version: 1.0.1
Check: LazyData
Result: NOTE
     'LazyData' is specified without a 'data' directory
Flavors: r-devel-linux-x86_64-debian-clang, r-devel-linux-x86_64-debian-gcc, r-devel-linux-x86_64-fedora-clang, r-devel-linux-x86_64-fedora-gcc, r-devel-windows-x86_64, r-patched-linux-x86_64, r-release-linux-x86_64, r-release-macos-arm64, r-release-macos-x86_64, r-release-windows-x86_64, r-oldrel-macos-arm64, r-oldrel-macos-x86_64, r-oldrel-windows-ix86+x86_64