CRAN Package Check Results for Package eatATA

Last updated on 2024-06-23 06:56:31 CEST.

Flavor Version Tinstall Tcheck Ttotal Status Flags
r-devel-linux-x86_64-debian-clang 1.1.2 4.24 65.93 70.17 NOTE
r-devel-linux-x86_64-debian-gcc 1.1.2 3.48 48.88 52.36 NOTE
r-devel-linux-x86_64-fedora-clang 1.1.2 89.10 NOTE
r-devel-linux-x86_64-fedora-gcc 1.1.2 117.82 NOTE
r-devel-windows-x86_64 1.1.2 5.00 79.00 84.00 NOTE
r-patched-linux-x86_64 1.1.2 5.85 62.57 68.42 NOTE
r-release-linux-x86_64 1.1.2 3.35 62.65 66.00 NOTE
r-release-macos-arm64 1.1.2 43.00 NOTE
r-release-macos-x86_64 1.1.2 66.00 NOTE
r-release-windows-x86_64 1.1.2 5.00 78.00 83.00 NOTE
r-oldrel-macos-arm64 1.1.2 46.00 NOTE
r-oldrel-macos-x86_64 1.1.2 107.00 NOTE
r-oldrel-windows-x86_64 1.1.2 4.00 87.00 91.00 NOTE

Check Details

Version: 1.1.2
Check: package dependencies
Result: NOTE Package which this enhances but not available for checking: ‘gurobi’ Flavors: r-devel-linux-x86_64-debian-clang, r-devel-linux-x86_64-debian-gcc, r-devel-linux-x86_64-fedora-clang, r-devel-linux-x86_64-fedora-gcc, r-devel-windows-x86_64, r-patched-linux-x86_64, r-release-linux-x86_64, r-release-macos-arm64, r-release-macos-x86_64, r-release-windows-x86_64, r-oldrel-macos-arm64, r-oldrel-macos-x86_64, r-oldrel-windows-x86_64