CRAN Package Check Results for Package echarty

Last updated on 2022-01-22 05:10:15 CET.

Flavor Version Tinstall Tcheck Ttotal Status Flags
r-devel-linux-x86_64-debian-clang 1.4.3 5.43 67.92 73.35 OK
r-devel-linux-x86_64-debian-gcc 1.4.3 5.10 50.65 55.75 OK
r-devel-linux-x86_64-fedora-clang 1.4.3 90.48 OK
r-devel-linux-x86_64-fedora-gcc 1.4.3 75.34 OK
r-devel-windows-x86_64-new-UL 1.4.3 35.00 103.00 138.00 OK
r-devel-windows-x86_64-new-TK 1.4.3 OK
r-patched-linux-x86_64 1.4.3 5.26 63.63 68.89 OK
r-release-linux-x86_64 1.4.3 4.60 64.47 69.07 OK
r-release-macos-arm64 1.4.3 OK
r-release-macos-x86_64 1.4.3 OK
r-release-windows-ix86+x86_64 1.4.3 15.00 79.00 94.00 OK
r-oldrel-macos-x86_64 1.4.1 ERROR
r-oldrel-windows-ix86+x86_64 1.4.0 10.00 77.00 87.00 OK

Additional issues

noLD

Check Details

Version: 1.4.1
Check: for unstated dependencies in examples
Result: WARN
    Warning: parse error in file 'lines':
    13: unexpected '>'
    21: emoji = c('\U0001F33B','\U0001F335','\U0001F33A'))
    22: df <- iris |>
     ^
Flavor: r-oldrel-macos-x86_64

Version: 1.4.1
Check: examples
Result: ERROR
    Running examples in ‘echarty-Ex.R’ failed
    The error most likely occurred in:
    
    > ### Name: ec.clmn
    > ### Title: Data column
    > ### Aliases: ec.clmn
    >
    > ### ** Examples
    >
    > tmp <- data.frame(Species = as.vector(unique(iris$Species)),
    + emoji = c('\U0001F33B','\U0001F335','\U0001F33A'))
    > df <- iris |> dplyr::inner_join(tmp) # add 6th column 'emoji'
    Error: unexpected '>' in "df <- iris |>"
    Execution halted
Flavor: r-oldrel-macos-x86_64

Version: 1.4.1
Check: tests
Result: ERROR
     Running ‘testthat.R’ [1s/1s]
    Running the tests in ‘tests/testthat.R’ failed.
    Complete output:
     > library(testthat)
     > library(echarty)
     >
     > test_check("echarty")
     Error in parse(con, n = -1, srcfile = srcfile, encoding = "UTF-8") :
     test-other.R:19:16: unexpected '>'
     18: test_that("tl.series and timeline options", {
     19: p <- Orange |>
     ^
     Calls: test_check ... doTryCatch -> lapply -> FUN -> source_file -> parse
     Execution halted
Flavor: r-oldrel-macos-x86_64